CREATE TABLE `wp_wc_download_log` (
  `download_log_id` bigint(20) UNSIGNED NOT NULL,
  `timestamp` datetime NOT NULL,
  `permission_id` bigint(20) UNSIGNED NOT NULL,
  `user_id` bigint(20) UNSIGNED DEFAULT NULL,
  `user_ip_address` varchar(100) DEFAULT ''
) ENGINE=InnoDB DEFAULT CHARSET=utf8mb4 COLLATE=utf8mb4_unicode_ci;

-- --------------------------------------------------------

--
-- Estructura de tabla para la tabla `wp_wc_orders`
--

CREATE TABLE `wp_wc_orders` (
  `id` bigint(20) UNSIGNED NOT NULL DEFAULT 0,
  `status` varchar(20) DEFAULT NULL,
  `currency` varchar(10) DEFAULT NULL,
  `type` varchar(20) DEFAULT NULL,
  `tax_amount` decimal(26,8) DEFAULT NULL,
  `total_amount` decimal(26,8) DEFAULT NULL,
  `customer_id` bigint(20) UNSIGNED DEFAULT NULL,
  `billing_email` varchar(320) DEFAULT NULL,
  `date_created_gmt` datetime DEFAULT NULL,
  `date_updated_gmt` datetime DEFAULT NULL,
  `parent_order_id` bigint(20) UNSIGNED DEFAULT NULL,
  `payment_method` varchar(100) DEFAULT NULL,
  `payment_method_title` text DEFAULT NULL,
  `transaction_id` varchar(100) DEFAULT NULL,
  `ip_address` varchar(100) DEFAULT NULL,
  `user_agent` text DEFAULT NULL,
  `customer_note` text DEFAULT NULL
) ENGINE=InnoDB DEFAULT CHARSET=utf8mb4 COLLATE=utf8mb4_unicode_520_ci;

-- --------------------------------------------------------

--
-- Estructura de tabla para la tabla `wp_wc_orders_meta`
--

CREATE TABLE `wp_wc_orders_meta` (
  `id` bigint(20) UNSIGNED NOT NULL,
  `order_id` bigint(20) UNSIGNED DEFAULT NULL,
  `meta_key` varchar(255) DEFAULT NULL,
  `meta_value` text DEFAULT NULL
) ENGINE=InnoDB DEFAULT CHARSET=utf8mb4 COLLATE=utf8mb4_unicode_520_ci;

-- --------------------------------------------------------

--
-- Estructura de tabla para la tabla `wp_wc_order_addresses`
--

CREATE TABLE `wp_wc_order_addresses` (
  `id` bigint(20) UNSIGNED NOT NULL,
  `order_id` bigint(20) UNSIGNED NOT NULL,
  `address_type` varchar(20) DEFAULT NULL,
  `first_name` text DEFAULT NULL,
  `last_name` text DEFAULT NULL,
  `company` text DEFAULT NULL,
  `address_1` text DEFAULT NULL,
  `address_2` text DEFAULT NULL,
  `city` text DEFAULT NULL,
  `state` text DEFAULT NULL,
  `postcode` text DEFAULT NULL,
  `country` text DEFAULT NULL,
  `email` varchar(320) DEFAULT NULL,
  `phone` varchar(100) DEFAULT NULL
) ENGINE=InnoDB DEFAULT CHARSET=utf8mb4 COLLATE=utf8mb4_unicode_520_ci;

-- --------------------------------------------------------

--
-- Estructura de tabla para la tabla `wp_wc_order_coupon_lookup`
--

CREATE TABLE `wp_wc_order_coupon_lookup` (
  `order_id` bigint(20) UNSIGNED NOT NULL,
  `coupon_id` bigint(20) NOT NULL,
  `date_created` datetime NOT NULL DEFAULT '0000-00-00 00:00:00',
  `discount_amount` double NOT NULL DEFAULT 0
) ENGINE=InnoDB DEFAULT CHARSET=utf8mb4 COLLATE=utf8mb4_unicode_ci;

-- --------------------------------------------------------

--
-- Estructura de tabla para la tabla `wp_wc_order_operational_data`
--

CREATE TABLE `wp_wc_order_operational_data` (
  `id` bigint(20) UNSIGNED NOT NULL,
  `order_id` bigint(20) UNSIGNED DEFAULT NULL,
  `created_via` varchar(100) DEFAULT NULL,
  `woocommerce_version` varchar(20) DEFAULT NULL,
  `prices_include_tax` tinyint(1) DEFAULT NULL,
  `coupon_usages_are_counted` tinyint(1) DEFAULT NULL,
  `download_permission_granted` tinyint(1) DEFAULT NULL,
  `cart_hash` varchar(100) DEFAULT NULL,
  `new_order_email_sent` tinyint(1) DEFAULT NULL,
  `order_key` varchar(100) DEFAULT NULL,
  `order_stock_reduced` tinyint(1) DEFAULT NULL,
  `date_paid_gmt` datetime DEFAULT NULL,
  `date_completed_gmt` datetime DEFAULT NULL,
  `shipping_tax_amount` decimal(26,8) DEFAULT NULL,
  `shipping_total_amount` decimal(26,8) DEFAULT NULL,
  `discount_tax_amount` decimal(26,8) DEFAULT NULL,
  `discount_total_amount` decimal(26,8) DEFAULT NULL,
  `recorded_sales` tinyint(1) DEFAULT NULL
) ENGINE=InnoDB DEFAULT CHARSET=utf8mb4 COLLATE=utf8mb4_unicode_520_ci;

-- --------------------------------------------------------

--
-- Estructura de tabla para la tabla `wp_wc_order_product_lookup`
--

CREATE TABLE `wp_wc_order_product_lookup` (
  `order_item_id` bigint(20) UNSIGNED NOT NULL,
  `order_id` bigint(20) UNSIGNED NOT NULL,
  `product_id` bigint(20) UNSIGNED NOT NULL,
  `variation_id` bigint(20) UNSIGNED NOT NULL,
  `customer_id` bigint(20) UNSIGNED DEFAULT NULL,
  `date_created` datetime NOT NULL DEFAULT '0000-00-00 00:00:00',
  `product_qty` int(11) NOT NULL,
  `product_net_revenue` double NOT NULL DEFAULT 0,
  `product_gross_revenue` double NOT NULL DEFAULT 0,
  `coupon_amount` double NOT NULL DEFAULT 0,
  `tax_amount` double NOT NULL DEFAULT 0,
  `shipping_amount` double NOT NULL DEFAULT 0,
  `shipping_tax_amount` double NOT NULL DEFAULT 0
) ENGINE=InnoDB DEFAULT CHARSET=utf8mb4 COLLATE=utf8mb4_unicode_ci;

--
-- Volcado de datos para la tabla `wp_wc_order_product_lookup`
--

INSERT INTO `wp_wc_order_product_lookup` (`order_item_id`, `order_id`, `product_id`, `variation_id`, `customer_id`, `date_created`, `product_qty`, `product_net_revenue`, `product_gross_revenue`, `coupon_amount`, `tax_amount`, `shipping_amount`, `shipping_tax_amount`) VALUES
(1, 1407, 563, 0, 1, '2021-06-28 04:28:13', 1, 2599.99, 2599.99, 0, 0, 0, 0),
(2, 1493, 651, 0, 2, '2021-06-30 18:30:21', 1, 1399.99, 1399.99, 0, 0, 0, 0),
(3, 1504, 926, 0, 3, '2021-06-30 20:33:53', 1, 49.99, 49.99, 0, 0, 0, 0),
(4, 1506, 926, 0, 4, '2021-06-30 20:36:00', 1, 49.99, 49.99, 0, 0, 0, 0),
(6, 1519, 926, 0, 5, '2021-06-30 23:24:26', 1, 49.99, 49.99, 0, 0, 0, 0),
(7, 1521, 1520, 0, 6, '2021-07-01 14:31:46', 1, 0.5, 0.5, 0, 0, 0, 0),
(8, 1522, 1520, 0, 7, '2021-07-01 14:40:24', 1, 0.5, 0.5, 0, 0, 0, 0),
(9, 1587, 557, 0, 2, '2021-07-05 21:07:01', 1, 1200, 1200, 0, 0, 0, 0),
(10, 1629, 1564, 0, 8, '2021-07-09 15:13:39', 1, 3189.99, 3189.99, 0, 0, 0, 0),
(11, 1630, 699, 0, 9, '2021-07-16 22:35:45', 1, 239.99, 239.99, 0, 0, 0, 0),
(13, 1633, 1632, 0, 10, '2021-07-29 22:03:05', 1, 4050, 4050, 0, 0, 0, 0),
(14, 1635, 1632, 0, 11, '2021-07-31 01:21:44', 1, 4050, 4050, 0, 0, 0, 0),
(15, 1644, 558, 0, 12, '2021-08-05 16:43:16', 1, 1349.99, 1349.99, 0, 0, 0, 0),
(16, 2146, 714, 0, 13, '2021-09-15 15:47:22', 1, 558.99, 558.99, 0, 0, 0, 0),
(17, 2327, 2153, 0, 14, '2021-12-24 05:35:42', 1, 399.99, 399.99, 0, 0, 0, 0),
(18, 2328, 1865, 0, 15, '2021-12-27 21:34:01', 1, 7087.99, 7087.99, 0, 0, 0, 0),
(19, 2329, 1865, 0, 16, '2021-12-28 18:48:53', 1, 7167.99, 7167.99, 0, 0, 0, 0),
(21, 2332, 2203, 0, 17, '2022-01-04 01:16:03', 1, 1399.99, 1399.99, 0, 0, 0, 0),
(22, 2334, 1865, 0, 18, '2022-01-04 18:37:22', 1, 7449.99, 7449.99, 0, 0, 0, 0),
(23, 2539, 2400, 0, 19, '2022-02-10 15:11:49', 1, 489.99, 489.99, 0, 0, 0, 0),
(25, 2549, 558, 0, 20, '2022-02-11 22:20:26', 1, 1449.99, 1449.99, 0, 0, 0, 0),
(26, 2550, 2491, 0, 21, '2022-02-11 22:22:46', 1, 1899.99, 1899.99, 0, 0, 0, 0),
(27, 2551, 563, 0, 2, '2022-02-16 14:37:06', 1, 2699.99, 2699.99, 0, 0, 0, 0),
(28, 2551, 558, 0, 2, '2022-02-16 14:37:06', 1, 1449.99, 1449.99, 0, 0, 0, 0),
(30, 2564, 745, 0, 22, '2022-03-07 16:33:57', 1, 1899.99, 1899.99, 0, 0, 0, 0),
(31, 2565, 745, 0, 22, '2022-03-07 20:28:36', 1, 1899.99, 1899.99, 0, 0, 0, 0),
(32, 2566, 926, 0, 7, '2022-03-10 19:59:54', 1, 54.99, 54.99, 0, 0, 0, 0),
(33, 2567, 562, 0, 2, '2022-03-10 20:07:23', 1, 2349.99, 2349.99, 0, 0, 0, 0),
(34, 2575, 775, 0, 23, '2022-03-15 13:11:57', 1, 69.99, 69.99, 0, 0, 0, 0),
(35, 2578, 2484, 0, 24, '2022-03-21 17:24:29', 1, 59.99, 59.99, 0, 0, 0, 0),
(36, 2601, 2457, 0, 25, '2022-04-11 20:23:17', 1, 899.99, 899.99, 0, 0, 0, 0),
(39, 2616, 2602, 0, 26, '2022-05-06 20:45:52', 1, 2467.5, 2467.5, 0, 0, 0, 0),
(40, 2617, 937, 0, 27, '2022-05-09 17:44:22', 2, 219.8, 219.8, 0, 0, 0, 0),
(41, 2767, 560, 0, 28, '2022-06-22 01:43:30', 1, 1549.99, 1549.99, 0, 0, 0, 0),
(42, 2900, 2710, 0, 29, '2022-09-01 20:01:40', 1, 1371.99, 1371.99, 0, 0, 0, 0),
(43, 2914, 561, 0, 30, '2022-09-26 14:12:49', 1, 1999.99, 1999.99, 0, 0, 0, 0),
(44, 2924, 2918, 0, 31, '2022-11-14 17:54:44', 1, 767, 767, 0, 0, 0, 0),
(46, 2955, 2133, 0, 32, '2022-11-16 13:53:33', 1, 799.99, 799.99, 0, 0, 0, 0),
(47, 2965, 2484, 0, 33, '2022-12-13 16:05:29', 1, 79.99, 79.99, 0, 0, 0, 0),
(48, 2966, 562, 0, 34, '2022-12-13 16:18:34', 1, 2194.49, 2194.49, 0, 0, 0, 0),
(49, 2970, 2484, 0, 35, '2022-12-15 16:30:34', 2, 159.98, 159.98, 0, 0, 0, 0),
(50, 2971, 2484, 0, 35, '2022-12-15 16:31:06', 1, 79.99, 79.99, 0, 0, 0, 0),
(51, 2986, 718, 0, 36, '2023-01-17 15:38:48', 1, 871.5, 871.5, 0, 0, 0, 0),
(52, 3031, 3030, 0, 37, '2023-02-11 20:33:58', 1, 25000, 25000, 0, 0, 0, 0),
(54, 3032, 3030, 0, 37, '2023-02-13 15:27:47', 1, 25000, 25000, 0, 0, 0, 0),
(55, 3109, 2854, 0, 38, '2023-03-31 17:34:17', 1, 7713.99, 7713.99, 0, 0, 0, 0),
(56, 3196, 3193, 0, 39, '2023-06-14 18:58:44', 1, 1113, 1113, 0, 0, 0, 0),
(59, 3197, 3193, 0, 39, '2023-06-14 20:18:02', 1, 1113, 1113, 0, 0, 0, 0),
(60, 3198, 3193, 0, 40, '2023-06-14 21:08:26', 1, 1113, 1113, 0, 0, 0, 0),
(61, 3212, 3211, 0, 41, '2023-09-15 18:49:03', 1, 3149.87, 3149.87, 0, 0, 0, 0),
(63, 3395, 3386, 0, 42, '2023-09-21 15:40:35', 1, 2756.89, 2756.89, 0, 0, 0, 0),
(64, 3633, 3602, 0, 43, '2023-09-28 17:58:11', 1, 1364.99, 1364.99, 0, 0, 0, 0),
(65, 3646, 721, 0, 44, '2023-09-29 11:16:53', 1, 449.99, 449.99, 0, 0, 0, 0),
(66, 3705, 3704, 0, 45, '2023-10-04 18:46:11', 1, 1798.65, 1798.65, 0, 0, 0, 0),
(67, 3718, 3704, 0, 45, '2023-10-05 10:53:30', 1, 1798.65, 1798.65, 0, 0, 0, 0),
(68, 3754, 1288, 0, 46, '2023-10-11 10:49:51', 1, 219.99, 219.99, 0, 0, 0, 0),
(69, 4160, 2710, 0, 47, '2023-11-11 19:20:56', 1, 689.99, 689.99, 0, 0, 0, 0),
(70, 4387, 741, 0, 48, '2023-12-01 08:32:10', 1, 1799.99, 1799.99, 0, 0, 0, 0),
(73, 4516, 4513, 0, 49, '2023-12-11 12:48:21', 3, 6599.97, 6599.97, 0, 0, 0, 0),
(74, 4801, 4799, 0, 45, '2024-02-20 11:04:08', 1, 369.99, 369.99, 0, 0, 0, 0),
(75, 4816, 2716, 0, 50, '2024-02-20 17:21:05', 1, 499.99, 499.99, 0, 0, 0, 0),
(76, 4872, 639, 0, 51, '2024-02-28 10:46:49', 1, 319.99, 319.99, 0, 0, 0, 0),
(77, 4894, 4887, 0, 42, '2024-03-11 11:02:41', 1, 1153.95, 1153.95, 0, 0, 0, 0),
(78, 4932, 561, 0, 52, '2024-04-04 14:59:08', 1, 1680, 1680, 0, 0, 0, 0),
(80, 4978, 4414, 0, 53, '2024-04-21 00:31:10', 1, 3919.99, 3919.99, 0, 0, 0, 0),
(81, 4980, 2505, 0, 54, '2024-04-23 17:34:43', 1, 5999.99, 5999.99, 0, 0, 0, 0),
(82, 4995, 645, 0, 55, '2024-05-08 14:02:54', 1, 349.99, 349.99, 0, 0, 0, 0),
(84, 5004, 645, 0, 56, '2024-05-11 14:20:28', 1, 349.99, 349.99, 0, 0, 0, 0),
(85, 5203, 2937, 0, 57, '2024-06-12 18:37:42', 1, 10749.99, 10749.99, 0, 0, 0, 0),
(86, 5386, 4874, 0, 58, '2024-06-22 02:52:44', 1, 299.99, 299.99, 0, 0, 0, 0),
(87, 6354, 5277, 0, 59, '2024-08-27 11:16:36', 1, 339.99, 339.99, 0, 0, 0, 0),
(88, 6429, 3201, 0, 60, '2024-10-14 15:27:58', 1, 2209.99, 2209.99, 0, 0, 0, 0),
(91, 6517, 5474, 0, 61, '2024-12-04 10:55:56', 2, 3789.98, 3789.98, 0, 0, 0, 0),
(92, 6518, 5474, 0, 62, '2024-12-04 11:41:48', 2, 3789.98, 3789.98, 0, 0, 0, 0),
(93, 6524, 5495, 0, 63, '2024-12-21 20:22:58', 2, 859.98, 859.98, 0, 0, 0, 0),
(94, 6563, 6562, 0, 64, '2025-01-17 14:44:49', 1, 8321.2, 8321.2, 0, 0, 0, 0),
(95, 6564, 6561, 0, 64, '2025-01-17 14:51:06', 1, 8321.2, 8321.2, 0, 0, 0, 0),
(96, 6573, 5282, 0, 65, '2025-01-28 10:57:22', 1, 349.99, 349.99, 0, 0, 0, 0),
(97, 6575, 938, 0, 66, '2025-02-02 19:56:44', 4, 339.96, 339.96, 0, 0, 0, 0),
(98, 6615, 6220, 0, 67, '2025-02-16 00:39:25', 1, 799.99, 799.99, 0, 0, 0, 0),
(99, 6656, 3201, 0, 68, '2025-03-13 12:52:05', 1, 2399.99, 2399.99, 0, 0, 0, 0),
(100, 6658, 3201, 0, 69, '2025-03-27 16:42:00', 1, 2359.99, 2359.99, 0, 0, 0, 0),
(101, 6660, 2484, 0, 70, '2025-04-06 06:01:35', 1, 79.99, 79.99, 0, 0, 0, 0),
(102, 6664, 2257, 0, 71, '2025-04-07 15:21:03', 1, 699.99, 699.99, 0, 0, 0, 0),
(103, 6678, 6676, 0, 72, '2025-04-24 11:26:17', 1, 524.99, 524.99, 0, 0, 0, 0),
(107, 6679, 6676, 0, 73, '2025-04-24 11:55:52', 1, 471.99, 471.99, 0, 0, 0, 0),
(108, 6682, 6680, 0, 74, '2025-04-28 13:02:22', 1, 1184.39, 1184.39, 0, 0, 0, 0),
(109, 6687, 6686, 0, 75, '2025-04-28 15:38:38', 1, 1502, 1502, 0, 0, 0, 0),
(112, 6854, 6853, 0, 45, '2025-05-16 16:02:10', 1, 744.44, 744.44, 0, 0, 0, 0),
(113, 6869, 645, 0, 76, '2025-05-24 18:04:49', 1, 349.99, 349.99, 0, 0, 0, 0),
(114, 6898, 6897, 0, 77, '2025-05-30 14:28:31', 1, 2965.11, 2965.11, 0, 0, 0, 0),
(115, 6900, 6899, 0, 78, '2025-06-02 15:04:56', 1, 315, 315, 0, 0, 0, 0),
(116, 8351, 6715, 0, 79, '2025-07-28 01:01:08', 1, 489.99, 489.99, 0, 0, 0, 0),
(118, 8368, 2484, 0, 80, '2025-08-04 10:48:16', 1, 79.99, 79.99, 0, 0, 0, 0),
(119, 8417, 4005, 0, 81, '2025-08-14 15:05:29', 1, 389.99, 389.99, 0, 0, 0, 0),
(120, 8429, 8408, 0, 81, '2025-08-18 12:30:20', 1, 18879.99, 18879.99, 0, 0, 0, 0),
(121, 8445, 2262, 0, 73, '2025-09-02 11:52:34', 1, 449.99, 449.99, 0, 0, 0, 0),
(122, 8463, 2262, 0, 73, '2025-09-07 15:41:29', 1, 449.99, 449.99, 0, 0, 0, 0),
(123, 8495, 2264, 0, 82, '2025-09-10 18:40:43', 1, 719.99, 719.99, 0, 0, 0, 0),
(124, 8652, 3511, 0, 83, '2025-10-14 22:16:44', 1, 119.99, 119.99, 0, 0, 0, 0),
(125, 8830, 578, 0, 84, '2025-11-04 23:11:27', 1, 1199.99, 1199.99, 0, 0, 0, 0),
(127, 8934, 8933, 0, 45, '2025-11-26 17:22:36', 1, 3150, 3150, 0, 0, 0, 0),
(129, 8935, 3960, 0, 85, '2025-11-27 00:32:32', 1, 2104.99, 2104.99, 0, 0, 0, 0),
(130, 8936, 3960, 0, 85, '2025-11-27 11:29:19', 1, 2104.99, 2104.99, 0, 0, 0, 0),
(131, 8956, 8955, 0, 45, '2025-12-10 14:18:46', 1, 25162.5, 25162.5, 0, 0, 0, 0),
(133, 8961, 8960, 0, 45, '2025-12-15 12:32:52', 1, 12000, 12000, 0, 0, 0, 0),
(134, 8967, 3733, 0, 86, '2025-12-23 21:43:01', 1, 89.99, 89.99, 0, 0, 0, 0),
(135, 8972, 8971, 0, 87, '2025-12-30 15:34:11', 1, 13987.55, 13987.55, 0, 0, 0, 0),
(136, 9001, 6850, 0, 88, '2026-01-16 03:48:42', 1, 2249.99, 2249.99, 0, 0, 0, 0),
(137, 9150, 8832, 0, 89, '2026-02-09 13:17:51', 1, 389.99, 389.99, 0, 0, 0, 0),
(138, 9150, 8379, 0, 89, '2026-02-09 13:17:51', 4, 199.96, 199.96, 0, 0, 0, 0),
(139, 9151, 8832, 0, 89, '2026-02-09 14:11:17', 1, 389.99, 389.99, 0, 0, 0, 0),
(140, 9151, 8375, 0, 89, '2026-02-09 14:11:17', 2, 179.98, 179.98, 0, 0, 0, 0),
(142, 9355, 9281, 0, 90, '2026-03-21 06:53:43', 1, 859.99, 859.99, 0, 0, 0, 0),
(143, 9392, 6752, 0, 91, '2026-04-17 22:04:57', 1, 3219.99, 3219.99, 0, 0, 0, 0),
(144, 9399, 5487, 0, 92, '2026-05-03 17:11:24', 5, 2249.95, 2249.95, 0, 0, 0, 0),
(145, 9409, 2421, 0, 93, '2026-05-04 10:27:02', 1, 1149.99, 1149.99, 0, 0, 0, 0),
(146, 9411, 8634, 0, 94, '2026-05-11 14:07:41', 1, 16399.99, 16399.99, 0, 0, 0, 0),
(147, 9428, 6604, 0, 95, '2026-05-18 15:12:49', 1, 8714.99, 8714.99, 0, 0, 0, 0),
(149, 9429, 2980, 0, 96, '2026-05-18 17:17:46', 1, 735, 735, 0, 0, 0, 0),
(150, 9432, 645, 0, 97, '2026-05-23 21:22:44', 1, 349.99, 349.99, 0, 0, 0, 0),
(153, 9438, 645, 0, 98, '2026-06-10 10:29:51', 2, 699.98, 699.98, 0, 0, 0, 0),
(154, 9568, 9237, 0, 99, '2026-06-30 23:03:47', 1, 999.99, 999.99, 0, 0, 0, 0);

-- --------------------------------------------------------

--
-- Estructura de tabla para la tabla `wp_wc_order_stats`
--

CREATE TABLE `wp_wc_order_stats` (
  `order_id` bigint(20) UNSIGNED NOT NULL,
  `parent_id` bigint(20) UNSIGNED NOT NULL DEFAULT 0,
  `date_created` datetime NOT NULL DEFAULT '0000-00-00 00:00:00',
  `date_created_gmt` datetime NOT NULL DEFAULT '0000-00-00 00:00:00',
  `num_items_sold` int(11) NOT NULL DEFAULT 0,
  `total_sales` double NOT NULL DEFAULT 0,
  `tax_total` double NOT NULL DEFAULT 0,
  `shipping_total` double NOT NULL DEFAULT 0,
  `net_total` double NOT NULL DEFAULT 0,
  `returning_customer` tinyint(1) DEFAULT NULL,
  `status` varchar(20) NOT NULL,
  `customer_id` bigint(20) UNSIGNED NOT NULL,
  `date_paid` datetime DEFAULT '0000-00-00 00:00:00',
  `date_completed` datetime DEFAULT '0000-00-00 00:00:00'
) ENGINE=InnoDB DEFAULT CHARSET=utf8mb4 COLLATE=utf8mb4_unicode_ci;

--
-- Volcado de datos para la tabla `wp_wc_order_stats`
--

INSERT INTO `wp_wc_order_stats` (`order_id`, `parent_id`, `date_created`, `date_created_gmt`, `num_items_sold`, `total_sales`, `tax_total`, `shipping_total`, `net_total`, `returning_customer`, `status`, `customer_id`, `date_paid`, `date_completed`) VALUES
(1407, 0, '2021-06-28 04:28:13', '2021-06-28 04:28:13', 1, 2599.99, 0, 0, 2599.99, 0, 'wc-failed', 1, '0000-00-00 00:00:00', '0000-00-00 00:00:00'),
(1493, 0, '2021-06-30 18:30:21', '2021-06-30 18:30:21', 1, 1399.99, 0, 0, 1399.99, 0, 'wc-failed', 2, '0000-00-00 00:00:00', '0000-00-00 00:00:00'),
(1504, 0, '2021-06-30 20:33:53', '2021-06-30 20:33:53', 1, 49.99, 0, 0, 49.99, 0, 'wc-on-hold', 3, '0000-00-00 00:00:00', '0000-00-00 00:00:00'),
(1506, 0, '2021-06-30 20:36:00', '2021-06-30 20:36:00', 1, 49.99, 0, 0, 49.99, 0, 'wc-failed', 4, '0000-00-00 00:00:00', '0000-00-00 00:00:00'),
(1519, 0, '2021-06-30 23:24:26', '2021-06-30 23:24:26', 1, 49.99, 0, 0, 49.99, 0, 'wc-cancelled', 5, '0000-00-00 00:00:00', '0000-00-00 00:00:00'),
(1521, 0, '2021-07-01 14:31:46', '2021-07-01 14:31:46', 1, 0.5, 0, 0, 0.5, 0, 'wc-processing', 6, '2021-07-01 07:33:39', '0000-00-00 00:00:00'),
(1522, 0, '2021-07-01 14:40:24', '2021-07-01 14:40:24', 1, 0.5, 0, 0, 0.5, 0, 'wc-cancelled', 7, '0000-00-00 00:00:00', '0000-00-00 00:00:00'),
(1587, 0, '2021-07-05 21:07:01', '2021-07-05 21:07:01', 1, 1200, 0, 0, 1200, 0, 'wc-cancelled', 2, '0000-00-00 00:00:00', '0000-00-00 00:00:00'),
(1629, 0, '2021-07-09 15:13:39', '2021-07-09 15:13:39', 1, 3189.99, 0, 0, 3189.99, 0, 'wc-failed', 8, '0000-00-00 00:00:00', '0000-00-00 00:00:00'),
(1630, 0, '2021-07-16 22:35:45', '2021-07-16 22:35:45', 1, 239.99, 0, 0, 239.99, 0, 'wc-processing', 9, '2021-07-16 15:36:53', '0000-00-00 00:00:00'),
(1633, 0, '2021-07-29 22:03:05', '2021-07-29 22:03:05', 1, 4050, 0, 0, 4050, 0, 'wc-processing', 10, '2021-07-29 15:45:28', '0000-00-00 00:00:00'),
(1635, 0, '2021-07-31 01:21:44', '2021-07-31 01:21:44', 1, 4050, 0, 0, 4050, 0, 'wc-cancelled', 11, '0000-00-00 00:00:00', '0000-00-00 00:00:00'),
(1644, 0, '2021-08-05 16:43:16', '2021-08-05 16:43:16', 1, 1349.99, 0, 0, 1349.99, 0, 'wc-cancelled', 12, '0000-00-00 00:00:00', '0000-00-00 00:00:00'),
(2146, 0, '2021-09-15 15:47:22', '2021-09-15 15:47:22', 1, 558.99, 0, 0, 558.99, 0, 'wc-processing', 13, '2021-09-15 08:54:53', '0000-00-00 00:00:00'),
(2327, 0, '2021-12-24 05:35:42', '2021-12-24 05:35:42', 1, 399.99, 0, 0, 399.99, 0, 'wc-cancelled', 14, '0000-00-00 00:00:00', '0000-00-00 00:00:00'),
(2328, 0, '2021-12-27 21:34:01', '2021-12-27 21:34:01', 1, 7087.99, 0, 0, 7087.99, 0, 'wc-cancelled', 15, '0000-00-00 00:00:00', '0000-00-00 00:00:00'),
(2329, 0, '2021-12-28 18:48:53', '2021-12-28 18:48:53', 1, 7167.99, 0, 0, 7167.99, 0, 'wc-processing', 16, '2021-12-28 11:53:07', '0000-00-00 00:00:00'),
(2332, 0, '2022-01-04 01:16:03', '2022-01-04 01:16:03', 1, 1399.99, 0, 0, 1399.99, 0, 'wc-processing', 17, '0000-00-00 00:00:00', '0000-00-00 00:00:00'),
(2334, 0, '2022-01-04 18:37:22', '2022-01-04 18:37:22', 1, 7449.99, 0, 0, 7449.99, 0, 'wc-cancelled', 18, '0000-00-00 00:00:00', '0000-00-00 00:00:00'),
(2539, 0, '2022-02-10 15:11:49', '2022-02-10 15:11:49', 1, 489.99, 0, 0, 489.99, 0, 'wc-processing', 19, '0000-00-00 00:00:00', '0000-00-00 00:00:00'),
(2549, 0, '2022-02-11 22:20:26', '2022-02-11 22:20:26', 1, 1449.99, 0, 0, 1449.99, 0, 'wc-cancelled', 20, '0000-00-00 00:00:00', '0000-00-00 00:00:00'),
(2550, 0, '2022-02-11 22:22:46', '2022-02-11 22:22:46', 1, 1899.99, 0, 0, 1899.99, 0, 'wc-cancelled', 21, '0000-00-00 00:00:00', '0000-00-00 00:00:00'),
(2551, 0, '2022-02-16 14:37:06', '2022-02-16 14:37:06', 2, 4149.98, 0, 0, 4149.98, 0, 'wc-on-hold', 2, '0000-00-00 00:00:00', '0000-00-00 00:00:00'),
(2564, 0, '2022-03-07 16:33:57', '2022-03-07 16:33:57', 1, 1899.99, 0, 0, 1899.99, 0, 'wc-cancelled', 22, '0000-00-00 00:00:00', '0000-00-00 00:00:00'),
(2565, 0, '2022-03-07 20:28:36', '2022-03-07 20:28:36', 1, 1899.99, 0, 0, 1899.99, 0, 'wc-cancelled', 22, '0000-00-00 00:00:00', '0000-00-00 00:00:00'),
(2566, 0, '2022-03-10 19:59:54', '2022-03-10 19:59:54', 1, 54.99, 0, 0, 54.99, 0, 'wc-on-hold', 7, '0000-00-00 00:00:00', '0000-00-00 00:00:00'),
(2567, 0, '2022-03-10 20:07:23', '2022-03-10 20:07:23', 1, 2349.99, 0, 0, 2349.99, 1, 'wc-on-hold', 2, '0000-00-00 00:00:00', '0000-00-00 00:00:00'),
(2575, 0, '2022-03-15 13:11:57', '2022-03-15 13:11:57', 1, 69.99, 0, 0, 69.99, 0, 'wc-cancelled', 23, '0000-00-00 00:00:00', '0000-00-00 00:00:00'),
(2578, 0, '2022-03-21 17:24:29', '2022-03-21 17:24:29', 1, 59.99, 0, 0, 59.99, 0, 'wc-cancelled', 24, '0000-00-00 00:00:00', '0000-00-00 00:00:00'),
(2601, 0, '2022-04-11 20:23:17', '2022-04-11 20:23:17', 1, 899.99, 0, 0, 899.99, 0, 'wc-cancelled', 25, '0000-00-00 00:00:00', '0000-00-00 00:00:00'),
(2616, 0, '2022-05-06 20:45:52', '2022-05-06 20:45:52', 1, 2467.5, 0, 0, 2467.5, 0, 'wc-cancelled', 26, '0000-00-00 00:00:00', '0000-00-00 00:00:00'),
(2617, 0, '2022-05-09 17:44:22', '2022-05-09 17:44:22', 2, 219.8, 0, 0, 219.8, 0, 'wc-processing', 27, '2022-05-09 10:47:44', '0000-00-00 00:00:00'),
(2767, 0, '2022-06-22 01:43:30', '2022-06-22 01:43:30', 1, 1549.99, 0, 0, 1549.99, 0, 'wc-on-hold', 28, '0000-00-00 00:00:00', '0000-00-00 00:00:00'),
(2900, 0, '2022-09-01 20:01:40', '2022-09-01 20:01:40', 1, 1371.99, 0, 0, 1371.99, 0, 'wc-on-hold', 29, '0000-00-00 00:00:00', '0000-00-00 00:00:00'),
(2914, 0, '2022-09-26 14:12:49', '2022-09-26 14:12:49', 1, 1999.99, 0, 0, 1999.99, 0, 'wc-cancelled', 30, '0000-00-00 00:00:00', '0000-00-00 00:00:00'),
(2924, 0, '2022-11-14 17:54:44', '2022-11-14 17:54:44', 1, 767, 0, 0, 767, 0, 'wc-cancelled', 31, '0000-00-00 00:00:00', '0000-00-00 00:00:00'),
(2955, 0, '2022-11-16 13:53:33', '2022-11-16 13:53:33', 1, 799.99, 0, 0, 799.99, 0, 'wc-cancelled', 32, '0000-00-00 00:00:00', '0000-00-00 00:00:00'),
(2965, 0, '2022-12-13 16:05:29', '2022-12-13 16:05:29', 1, 79.99, 0, 0, 79.99, 0, 'wc-cancelled', 33, '0000-00-00 00:00:00', '0000-00-00 00:00:00'),
(2966, 0, '2022-12-13 16:18:34', '2022-12-13 16:18:34', 1, 2194.49, 0, 0, 2194.49, 0, 'wc-cancelled', 34, '0000-00-00 00:00:00', '0000-00-00 00:00:00'),
(2970, 0, '2022-12-15 16:30:34', '2022-12-15 16:30:34', 2, 159.98, 0, 0, 159.98, 0, 'wc-cancelled', 35, '0000-00-00 00:00:00', '0000-00-00 00:00:00'),
(2971, 0, '2022-12-15 16:31:06', '2022-12-15 16:31:06', 1, 79.99, 0, 0, 79.99, 0, 'wc-cancelled', 35, '0000-00-00 00:00:00', '0000-00-00 00:00:00'),
(2986, 0, '2023-01-17 15:38:48', '2023-01-17 15:38:48', 1, 871.5, 0, 0, 871.5, 0, 'wc-cancelled', 36, '0000-00-00 00:00:00', '0000-00-00 00:00:00'),
(3031, 0, '2023-02-11 20:33:58', '2023-02-11 20:33:58', 1, 25000, 0, 0, 25000, 0, 'wc-cancelled', 37, '0000-00-00 00:00:00', '0000-00-00 00:00:00'),
(3032, 0, '2023-02-13 15:27:47', '2023-02-13 15:27:47', 1, 25000, 0, 0, 25000, 0, 'wc-cancelled', 37, '0000-00-00 00:00:00', '0000-00-00 00:00:00'),
(3109, 0, '2023-03-31 17:34:17', '2023-03-31 17:34:17', 1, 7713.99, 0, 0, 7713.99, 0, 'wc-cancelled', 38, '0000-00-00 00:00:00', '0000-00-00 00:00:00'),
(3196, 0, '2023-06-14 18:58:44', '2023-06-14 18:58:44', 1, 1113, 0, 0, 1113, 0, 'wc-cancelled', 39, '0000-00-00 00:00:00', '0000-00-00 00:00:00'),
(3197, 0, '2023-06-14 20:18:02', '2023-06-14 20:18:02', 1, 1113, 0, 0, 1113, 0, 'wc-cancelled', 39, '0000-00-00 00:00:00', '0000-00-00 00:00:00'),
(3198, 0, '2023-06-14 21:08:26', '2023-06-14 21:08:26', 1, 1113, 0, 0, 1113, 0, 'wc-cancelled', 40, '0000-00-00 00:00:00', '0000-00-00 00:00:00'),
(3212, 0, '2023-09-15 18:49:03', '2023-09-15 18:49:03', 1, 3149.87, 0, 0, 3149.87, 0, 'wc-cancelled', 41, '0000-00-00 00:00:00', '0000-00-00 00:00:00'),
(3395, 0, '2023-09-21 15:40:35', '2023-09-21 20:40:35', 1, 2756.89, 0, 0, 2756.89, 0, 'wc-cancelled', 42, NULL, NULL),
(3633, 0, '2023-09-28 17:58:11', '2023-09-28 22:58:11', 1, 1364.99, 0, 0, 1364.99, 0, 'wc-cancelled', 43, NULL, NULL),
(3646, 0, '2023-09-29 11:16:53', '2023-09-29 16:16:53', 1, 449.99, 0, 0, 449.99, 0, 'wc-cancelled', 44, NULL, NULL),
(3705, 0, '2023-10-04 18:46:11', '2023-10-04 23:46:11', 1, 1798.65, 0, 0, 1798.65, 0, 'wc-cancelled', 45, NULL, NULL),
(3718, 0, '2023-10-05 10:53:30', '2023-10-05 15:53:30', 1, 1798.65, 0, 0, 1798.65, 0, 'wc-cancelled', 45, NULL, NULL),
(3754, 0, '2023-10-11 10:49:51', '2023-10-11 15:49:51', 1, 219.99, 0, 0, 219.99, 0, 'wc-cancelled', 46, '2023-11-02 13:06:36', '2023-11-02 13:06:36'),
(4160, 0, '2023-11-11 19:20:56', '2023-11-12 00:20:56', 1, 689.99, 0, 0, 689.99, 0, 'wc-on-hold', 47, NULL, NULL),
(4387, 0, '2023-12-01 08:32:10', '2023-12-01 13:32:10', 1, 1799.99, 0, 0, 1799.99, 0, 'wc-cancelled', 48, NULL, NULL),
(4516, 0, '2023-12-11 12:48:21', '2023-12-11 17:48:21', 3, 6599.97, 0, 0, 6599.97, 0, 'wc-cancelled', 49, NULL, NULL),
(4801, 0, '2024-02-20 11:04:08', '2024-02-20 16:04:08', 1, 369.99, 0, 0, 369.99, 0, 'wc-cancelled', 45, NULL, NULL),
(4816, 0, '2024-02-20 17:21:05', '2024-02-20 22:21:05', 1, 499.99, 0, 0, 499.99, 0, 'wc-processing', 50, '2024-02-20 17:25:11', NULL),
(4872, 0, '2024-02-28 10:46:49', '2024-02-28 15:46:49', 1, 319.99, 0, 0, 319.99, 0, 'wc-on-hold', 51, NULL, NULL),
(4894, 0, '2024-03-11 11:02:41', '2024-03-11 16:02:41', 1, 1153.95, 0, 0, 1153.95, 0, 'wc-cancelled', 42, NULL, NULL),
(4932, 0, '2024-04-04 14:59:08', '2024-04-04 19:59:08', 1, 1680, 0, 0, 1680, 0, 'wc-cancelled', 52, NULL, NULL),
(4978, 0, '2024-04-21 00:31:10', '2024-04-21 05:31:10', 1, 3919.99, 0, 0, 3919.99, 0, 'wc-cancelled', 53, NULL, NULL),
(4980, 0, '2024-04-23 17:34:43', '2024-04-23 22:34:43', 1, 5999.99, 0, 0, 5999.99, 0, 'wc-cancelled', 54, NULL, NULL),
(4995, 0, '2024-05-08 14:02:54', '2024-05-08 19:02:54', 1, 349.99, 0, 0, 349.99, 0, 'wc-on-hold', 55, NULL, NULL),
(5004, 0, '2024-05-11 14:20:28', '2024-05-11 19:20:28', 1, 349.99, 0, 0, 349.99, 0, 'wc-failed', 56, NULL, NULL),
(5203, 0, '2024-06-12 18:37:42', '2024-06-12 23:37:42', 1, 10749.99, 0, 0, 10749.99, 0, 'wc-cancelled', 57, NULL, NULL),
(5386, 0, '2024-06-22 02:52:44', '2024-06-22 07:52:44', 1, 299.99, 0, 0, 299.99, 0, 'wc-cancelled', 58, NULL, NULL),
(6354, 0, '2024-08-27 11:16:36', '2024-08-27 16:16:36', 1, 339.99, 0, 0, 339.99, 0, 'wc-processing', 59, '2024-08-27 11:20:44', NULL),
(6429, 0, '2024-10-14 15:27:58', '2024-10-14 20:27:58', 1, 2209.99, 0, 0, 2209.99, 0, 'wc-cancelled', 60, NULL, NULL),
(6517, 0, '2024-12-04 10:55:56', '2024-12-04 15:55:56', 2, 3789.98, 0, 0, 3789.98, 0, 'wc-cancelled', 61, NULL, NULL),
(6518, 0, '2024-12-04 11:41:48', '2024-12-04 16:41:48', 2, 3789.98, 0, 0, 3789.98, 0, 'wc-cancelled', 62, NULL, NULL),
(6524, 0, '2024-12-21 20:22:58', '2024-12-22 01:22:58', 2, 859.98, 0, 0, 859.98, 0, 'wc-cancelled', 63, NULL, NULL),
(6563, 0, '2025-01-17 14:44:49', '2025-01-17 19:44:49', 1, 8321.2, 0, 0, 8321.2, 0, 'wc-cancelled', 64, NULL, NULL),
(6564, 0, '2025-01-17 14:51:06', '2025-01-17 19:51:06', 1, 8321.2, 0, 0, 8321.2, 0, 'wc-cancelled', 64, NULL, NULL),
(6573, 0, '2025-01-28 10:57:22', '2025-01-28 15:57:22', 1, 349.99, 0, 0, 349.99, 0, 'wc-on-hold', 65, NULL, NULL),
(6575, 0, '2025-02-02 19:56:44', '2025-02-03 00:56:44', 4, 339.96, 0, 0, 339.96, 0, 'wc-cancelled', 66, NULL, NULL),
(6615, 0, '2025-02-16 00:39:25', '2025-02-16 05:39:25', 1, 799.99, 0, 0, 799.99, 0, 'wc-cancelled', 67, NULL, NULL),
(6656, 0, '2025-03-13 12:52:05', '2025-03-13 17:52:05', 1, 2399.99, 0, 0, 2399.99, 0, 'wc-cancelled', 68, NULL, NULL),
(6658, 0, '2025-03-27 16:42:00', '2025-03-27 21:42:00', 1, 2359.99, 0, 0, 2359.99, 0, 'wc-failed', 69, NULL, NULL),
(6660, 0, '2025-04-06 06:01:35', '2025-04-06 11:01:35', 1, 79.99, 0, 0, 79.99, 0, 'wc-processing', 70, '2025-04-06 06:03:31', NULL),
(6664, 0, '2025-04-07 15:21:03', '2025-04-07 20:21:03', 1, 699.99, 0, 0, 699.99, 0, 'wc-processing', 71, '2025-04-07 15:22:33', NULL),
(6678, 0, '2025-04-24 11:26:17', '2025-04-24 16:26:17', 1, 524.99, 0, 0, 524.99, 0, 'wc-on-hold', 72, NULL, NULL),
(6679, 0, '2025-04-24 11:55:52', '2025-04-24 16:55:52', 1, 471.99, 0, 0, 471.99, 0, 'wc-failed', 73, NULL, NULL),
(6682, 0, '2025-04-28 13:02:22', '2025-04-28 18:02:22', 1, 1184.39, 0, 0, 1184.39, 0, 'wc-cancelled', 74, NULL, NULL),
(6687, 0, '2025-04-28 15:38:38', '2025-04-28 20:38:38', 1, 1502, 0, 0, 1502, 0, 'wc-cancelled', 75, NULL, NULL),
(6854, 0, '2025-05-16 16:02:10', '2025-05-16 21:02:10', 1, 744.44, 0, 0, 744.44, 0, 'wc-cancelled', 45, NULL, NULL),
(6869, 0, '2025-05-24 18:04:49', '2025-05-24 23:04:49', 1, 349.99, 0, 0, 349.99, 0, 'wc-failed', 76, NULL, NULL),
(6898, 0, '2025-05-30 14:28:31', '2025-05-30 19:28:31', 1, 2965.11, 0, 0, 2965.11, 0, 'wc-cancelled', 77, NULL, NULL),
(6900, 0, '2025-06-02 15:04:56', '2025-06-02 20:04:56', 1, 315, 0, 0, 315, 0, 'wc-cancelled', 78, NULL, NULL),
(8351, 0, '2025-07-28 01:01:08', '2025-07-28 06:01:08', 1, 489.99, 0, 0, 489.99, 0, 'wc-cancelled', 79, NULL, NULL),
(8368, 0, '2025-08-04 10:48:16', '2025-08-04 15:48:16', 1, 79.99, 0, 0, 79.99, 0, 'wc-cancelled', 80, NULL, NULL),
(8417, 0, '2025-08-14 15:05:29', '2025-08-14 20:05:29', 1, 389.99, 0, 0, 389.99, 0, 'wc-cancelled', 81, NULL, NULL),
(8429, 0, '2025-08-18 12:30:20', '2025-08-18 17:30:20', 1, 18879.99, 0, 0, 18879.99, 0, 'wc-cancelled', 81, NULL, NULL),
(8445, 0, '2025-09-02 11:52:34', '2025-09-02 16:52:34', 1, 449.99, 0, 0, 449.99, 0, 'wc-processing', 73, '2025-09-02 11:57:03', NULL),
(8463, 0, '2025-09-07 15:41:29', '2025-09-07 20:41:29', 1, 449.99, 0, 0, 449.99, 1, 'wc-on-hold', 73, NULL, NULL),
(8495, 0, '2025-09-10 18:40:43', '2025-09-10 23:40:43', 1, 719.99, 0, 0, 719.99, 0, 'wc-cancelled', 82, NULL, NULL),
(8652, 0, '2025-10-14 22:16:44', '2025-10-15 03:16:44', 1, 119.99, 0, 0, 119.99, 0, 'wc-processing', 83, '2025-10-14 22:16:59', NULL),
(8830, 0, '2025-11-04 23:11:27', '2025-11-05 04:11:27', 1, 1199.99, 0, 0, 1199.99, 0, 'wc-cancelled', 84, NULL, NULL),
(8934, 0, '2025-11-26 17:22:36', '2025-11-26 22:22:36', 1, 3150, 0, 0, 3150, 0, 'wc-cancelled', 45, NULL, NULL),
(8935, 0, '2025-11-27 00:32:32', '2025-11-27 05:32:32', 1, 2104.99, 0, 0, 2104.99, 0, 'wc-cancelled', 85, NULL, NULL),
(8936, 0, '2025-11-27 11:29:19', '2025-11-27 16:29:19', 1, 2104.99, 0, 0, 2104.99, 0, 'wc-cancelled', 85, NULL, NULL),
(8956, 0, '2025-12-10 14:18:46', '2025-12-10 19:18:46', 1, 25162.5, 0, 0, 25162.5, 0, 'wc-cancelled', 45, NULL, NULL),
(8961, 0, '2025-12-15 12:32:52', '2025-12-15 17:32:52', 1, 12000, 0, 0, 12000, 0, 'wc-cancelled', 45, NULL, NULL),
(8967, 0, '2025-12-23 21:43:01', '2025-12-24 02:43:01', 1, 89.99, 0, 0, 89.99, 0, 'wc-processing', 86, '2025-12-23 21:43:15', NULL),
(8972, 0, '2025-12-30 15:34:11', '2025-12-30 20:34:11', 1, 13987.55, 0, 0, 13987.55, 0, 'wc-failed', 87, NULL, NULL),
(9001, 0, '2026-01-16 03:48:42', '2026-01-16 08:48:42', 1, 2249.99, 0, 0, 2249.99, 0, 'wc-processing', 88, '2026-01-16 03:48:54', NULL),
(9150, 0, '2026-02-09 13:17:51', '2026-02-09 18:17:51', 5, 589.95, 0, 0, 589.95, 1, 'wc-cancelled', 89, NULL, NULL),
(9151, 0, '2026-02-09 14:11:17', '2026-02-09 19:11:17', 3, 569.97, 0, 0, 569.97, 0, 'wc-processing', 89, '2026-02-09 14:19:03', NULL),
(9355, 0, '2026-03-21 06:53:43', '2026-03-21 11:53:43', 1, 859.99, 0, 0, 859.99, 0, 'wc-failed', 90, NULL, NULL),
(9392, 0, '2026-04-17 22:04:57', '2026-04-18 03:04:57', 1, 3219.99, 0, 0, 3219.99, 0, 'wc-processing', 91, '2026-04-17 22:05:14', NULL),
(9399, 0, '2026-05-03 17:11:24', '2026-05-03 22:11:24', 5, 2249.95, 0, 0, 2249.95, 0, 'wc-processing', 92, '2026-05-03 17:11:37', NULL),
(9409, 0, '2026-05-04 10:27:02', '2026-05-04 15:27:02', 1, 1149.99, 0, 0, 1149.99, 0, 'wc-processing', 93, '2026-05-04 10:27:18', NULL),
(9411, 0, '2026-05-11 14:07:41', '2026-05-11 19:07:41', 1, 16399.99, 0, 0, 16399.99, 0, 'wc-cancelled', 94, NULL, NULL),
(9428, 0, '2026-05-18 15:12:49', '2026-05-18 20:12:49', 1, 8714.99, 0, 0, 8714.99, 0, 'wc-cancelled', 95, NULL, NULL),
(9429, 0, '2026-05-18 17:17:46', '2026-05-18 22:17:46', 1, 735, 0, 0, 735, 0, 'wc-processing', 96, '2026-05-18 17:21:00', NULL),
(9432, 0, '2026-05-23 21:22:44', '2026-05-24 02:22:44', 1, 349.99, 0, 0, 349.99, 0, 'wc-processing', 97, '2026-05-23 21:24:18', NULL),
(9438, 0, '2026-06-10 10:29:51', '2026-06-10 15:29:51', 2, 699.98, 0, 0, 699.98, 0, 'wc-failed', 98, NULL, NULL),
(9568, 0, '2026-06-30 23:03:47', '2026-07-01 04:03:47', 1, 999.99, 0, 0, 999.99, 0, 'wc-cancelled', 99, NULL, NULL);

-- --------------------------------------------------------

--
-- Estructura de tabla para la tabla `wp_wc_order_tax_lookup`
--

CREATE TABLE `wp_wc_order_tax_lookup` (
  `order_id` bigint(20) UNSIGNED NOT NULL,
  `tax_rate_id` bigint(20) UNSIGNED NOT NULL,
  `date_created` datetime NOT NULL DEFAULT '0000-00-00 00:00:00',
  `shipping_tax` double NOT NULL DEFAULT 0,
  `order_tax` double NOT NULL DEFAULT 0,
  `total_tax` double NOT NULL DEFAULT 0
) ENGINE=InnoDB DEFAULT CHARSET=utf8mb4 COLLATE=utf8mb4_unicode_ci;

-- --------------------------------------------------------

--
-- Estructura de tabla para la tabla `wp_wc_product_attributes_lookup`
--

CREATE TABLE `wp_wc_product_attributes_lookup` (
  `product_id` bigint(20) NOT NULL,
  `product_or_parent_id` bigint(20) NOT NULL,
  `taxonomy` varchar(32) NOT NULL,
  `term_id` bigint(20) NOT NULL,
  `is_variation_attribute` tinyint(1) NOT NULL,
  `in_stock` tinyint(1) NOT NULL
) ENGINE=InnoDB DEFAULT CHARSET=utf8mb4 COLLATE=utf8mb4_unicode_520_ci;

-- --------------------------------------------------------

--
-- Estructura de tabla para la tabla `wp_wc_product_download_directories`
--

CREATE TABLE `wp_wc_product_download_directories` (
  `url_id` bigint(20) UNSIGNED NOT NULL,
  `url` varchar(256) NOT NULL,
  `enabled` tinyint(1) NOT NULL DEFAULT 0
) ENGINE=InnoDB DEFAULT CHARSET=utf8mb4 COLLATE=utf8mb4_unicode_520_ci;

--
-- Volcado de datos para la tabla `wp_wc_product_download_directories`
--

INSERT INTO `wp_wc_product_download_directories` (`url_id`, `url`, `enabled`) VALUES
(1, 'file:///home/prodimer/public_html/wp-content/uploads/woocommerce_uploads/', 1),
(2, 'https://prodimerperu.com/wp-content/uploads/woocommerce_uploads/', 1);

-- --------------------------------------------------------

--
-- Estructura de tabla para la tabla `wp_wc_product_meta_lookup`
--

CREATE TABLE `wp_wc_product_meta_lookup` (
  `product_id` bigint(20) NOT NULL,
  `sku` varchar(100) DEFAULT '',
  `virtual` tinyint(1) DEFAULT 0,
  `downloadable` tinyint(1) DEFAULT 0,
  `min_price` decimal(19,4) DEFAULT NULL,
  `max_price` decimal(19,4) DEFAULT NULL,
  `onsale` tinyint(1) DEFAULT 0,
  `stock_quantity` double DEFAULT NULL,
  `stock_status` varchar(100) DEFAULT 'instock',
  `rating_count` bigint(20) DEFAULT 0,
  `average_rating` decimal(3,2) DEFAULT 0.00,
  `total_sales` bigint(20) DEFAULT 0,
  `tax_status` varchar(100) DEFAULT 'taxable',
  `tax_class` varchar(100) DEFAULT '',
  `global_unique_id` varchar(100) DEFAULT ''
) ENGINE=InnoDB DEFAULT CHARSET=utf8mb4 COLLATE=utf8mb4_unicode_ci;

--
-- Volcado de datos para la tabla `wp_wc_product_meta_lookup`
--

INSERT INTO `wp_wc_product_meta_lookup` (`product_id`, `sku`, `virtual`, `downloadable`, `min_price`, `max_price`, `onsale`, `stock_quantity`, `stock_status`, `rating_count`, `average_rating`, `total_sales`, `tax_status`, `tax_class`, `global_unique_id`) VALUES
(54, '', 0, 0, 3369.9900, 3369.9900, 0, 2, 'instock', 0, 0.00, 0, 'taxable', '', ''),
(56, '', 0, 0, 2899.9900, 2899.9900, 0, 2, 'instock', 0, 0.00, 0, 'taxable', '', ''),
(424, '', 0, 0, 3399.9900, 3399.9900, 0, 10, 'instock', 0, 0.00, 0, 'taxable', '', ''),
(557, '', 0, 0, 1299.9900, 1299.9900, 0, NULL, 'instock', 0, 0.00, 0, 'taxable', '', ''),
(558, '', 0, 0, 1449.9900, 1449.9900, 0, 9, 'instock', 0, 0.00, 1, 'taxable', '', ''),
(560, '', 0, 0, 1549.9900, 1549.9900, 0, NULL, 'instock', 0, 0.00, 1, 'taxable', '', ''),
(561, '', 0, 0, 1999.9900, 1999.9900, 0, NULL, 'instock', 0, 0.00, 0, 'taxable', '', ''),
(562, '', 0, 0, 2199.9900, 2199.9900, 0, NULL, 'instock', 0, 0.00, 1, 'taxable', '', ''),
(563, '', 0, 0, 2699.9900, 2699.9900, 0, NULL, 'instock', 0, 0.00, 1, 'taxable', '', ''),
(566, '', 0, 0, 5039.9900, 5039.9900, 0, 10, 'instock', 0, 0.00, 0, 'taxable', '', ''),
(567, '', 0, 0, 5749.9900, 5749.9900, 0, NULL, 'instock', 0, 0.00, 0, 'taxable', '', ''),
(568, '', 0, 0, 7499.9900, 7499.9900, 0, NULL, 'instock', 0, 0.00, 0, 'taxable', '', ''),
(569, '', 0, 0, 7999.9900, 7999.9900, 0, NULL, 'instock', 0, 0.00, 0, 'taxable', '', ''),
(571, '', 0, 0, 8899.9900, 8899.9900, 0, 5, 'instock', 0, 0.00, 0, 'taxable', '', ''),
(573, '', 0, 0, 9399.9900, 9399.9900, 0, 5, 'instock', 0, 0.00, 0, 'taxable', '', ''),
(575, '', 0, 0, 10499.9900, 10499.9900, 0, NULL, 'instock', 0, 0.00, 0, 'taxable', '', ''),
(576, '', 0, 0, 1199.9900, 1199.9900, 0, NULL, 'instock', 0, 0.00, 0, 'taxable', '', ''),
(578, '', 0, 0, 1199.9900, 1199.9900, 0, NULL, 'instock', 0, 0.00, 0, 'taxable', '', ''),
(579, '', 0, 0, 1299.9900, 1299.9900, 0, NULL, 'instock', 0, 0.00, 0, 'taxable', '', ''),
(581, '', 0, 0, 1499.9900, 1499.9900, 0, NULL, 'instock', 0, 0.00, 0, 'taxable', '', ''),
(582, '', 0, 0, 1549.9900, 1549.9900, 0, NULL, 'instock', 0, 0.00, 0, 'taxable', '', ''),
(583, '', 0, 0, 2249.9900, 2249.9900, 0, NULL, 'instock', 0, 0.00, 0, 'taxable', '', ''),
(601, '', 0, 0, 1099.9900, 1099.9900, 0, NULL, 'instock', 0, 0.00, 0, 'taxable', '', ''),
(611, 'EE214161', 0, 0, 1449.9900, 1449.9900, 0, NULL, 'instock', 0, 0.00, 0, 'taxable', '', ''),
(612, '', 0, 0, 1549.9900, 1549.9900, 0, NULL, 'instock', 0, 0.00, 0, 'taxable', '', ''),
(613, '', 0, 0, 1999.9900, 1999.9900, 0, NULL, 'instock', 0, 0.00, 0, 'taxable', '', ''),
(614, '', 0, 0, 2599.9900, 2599.9900, 0, NULL, 'instock', 0, 0.00, 0, 'taxable', '', ''),
(618, '', 0, 0, 5499.9900, 5499.9900, 0, NULL, 'instock', 0, 0.00, 0, 'taxable', '', ''),
(619, '', 0, 0, 8899.9900, 8899.9900, 0, NULL, 'instock', 0, 0.00, 0, 'taxable', '', ''),
(620, '', 0, 0, 9899.9900, 9899.9900, 0, NULL, 'instock', 0, 0.00, 0, 'taxable', '', ''),
(621, '', 0, 0, 12599.9900, 12599.9900, 0, NULL, 'instock', 0, 0.00, 0, 'taxable', '', ''),
(624, '', 0, 0, 14099.9900, 14099.9900, 0, NULL, 'instock', 0, 0.00, 0, 'taxable', '', ''),
(625, '', 0, 0, 1099.9900, 1099.9900, 0, NULL, 'instock', 0, 0.00, 0, 'taxable', '', ''),
(627, '', 0, 0, 1259.9900, 1259.9900, 0, NULL, 'instock', 0, 0.00, 0, 'taxable', '', ''),
(628, '', 0, 0, 1469.9900, 1469.9900, 0, NULL, 'instock', 0, 0.00, 0, 'taxable', '', ''),
(630, '', 0, 0, 1449.9900, 1449.9900, 0, NULL, 'instock', 0, 0.00, 0, 'taxable', '', ''),
(631, '', 0, 0, 1999.9900, 1999.9900, 0, NULL, 'instock', 0, 0.00, 0, 'taxable', '', ''),
(632, '', 0, 0, 2649.9900, 2649.9900, 0, NULL, 'instock', 0, 0.00, 0, 'taxable', '', ''),
(633, '', 0, 0, 5749.9900, 5749.9900, 0, NULL, 'instock', 0, 0.00, 0, 'taxable', '', ''),
(634, '', 0, 0, 7499.9900, 7499.9900, 0, NULL, 'instock', 0, 0.00, 0, 'taxable', '', ''),
(635, '', 0, 0, 9399.9900, 9399.9900, 0, NULL, 'instock', 0, 0.00, 0, 'taxable', '', ''),
(636, '', 0, 0, 10499.9900, 10499.9900, 0, NULL, 'instock', 0, 0.00, 0, 'taxable', '', ''),
(637, '', 0, 0, 13099.9900, 13099.9900, 0, NULL, 'instock', 0, 0.00, 0, 'taxable', '', ''),
(639, '', 0, 0, 299.9900, 299.9900, 0, 20, 'instock', 0, 0.00, 1, 'taxable', '', ''),
(645, '', 0, 0, 349.9900, 349.9900, 0, 8, 'instock', 0, 0.00, 2, 'taxable', '', ''),
(648, '', 0, 0, 699.9900, 699.9900, 0, 10, 'instock', 0, 0.00, 0, 'taxable', '', ''),
(649, '', 0, 0, 1249.9900, 1249.9900, 0, 10, 'instock', 0, 0.00, 0, 'taxable', '', ''),
(650, '', 0, 0, 1349.9900, 1349.9900, 0, 10, 'instock', 0, 0.00, 0, 'taxable', '', ''),
(651, '', 0, 0, 1499.9900, 1499.9900, 0, 10, 'instock', 0, 0.00, 0, 'taxable', '', ''),
(652, '', 0, 0, 2599.9900, 2599.9900, 0, 10, 'instock', 0, 0.00, 0, 'taxable', '', ''),
(655, '', 0, 0, 299.9900, 299.9900, 0, 5, 'instock', 0, 0.00, 0, 'taxable', '', ''),
(657, '', 0, 0, 1999.9900, 1999.9900, 0, NULL, 'outofstock', 0, 0.00, 0, 'taxable', '', ''),
(672, '', 0, 0, 349.9900, 349.9900, 0, 5, 'instock', 0, 0.00, 0, 'taxable', '', ''),
(675, '', 0, 0, 389.9900, 389.9900, 0, 5, 'instock', 0, 0.00, 0, 'taxable', '', ''),
(677, '', 0, 0, 549.9900, 549.9900, 0, 5, 'instock', 0, 0.00, 0, 'taxable', '', ''),
(678, '', 0, 0, 699.9900, 699.9900, 0, 5, 'instock', 0, 0.00, 0, 'taxable', '', ''),
(686, '', 0, 0, 249.9900, 249.9900, 0, 5, 'instock', 0, 0.00, 0, 'taxable', '', ''),
(691, '', 0, 0, 319.9900, 319.9900, 0, 5, 'instock', 0, 0.00, 0, 'taxable', '', ''),
(692, '', 0, 0, 449.9900, 449.9900, 1, 5, 'instock', 0, 0.00, 0, 'taxable', '', ''),
(694, '', 0, 0, 599.9900, 599.9900, 0, 5, 'instock', 0, 0.00, 0, 'taxable', '', ''),
(695, '', 0, 0, 699.9900, 699.9900, 0, 5, 'instock', 0, 0.00, 0, 'taxable', '', ''),
(696, '', 0, 0, 1299.9900, 1299.9900, 0, 5, 'instock', 0, 0.00, 0, 'taxable', '', ''),
(697, '', 0, 0, 1399.9900, 1399.9900, 0, 5, 'instock', 0, 0.00, 0, 'taxable', '', ''),
(698, '', 0, 0, 249.9900, 249.9900, 0, 5, 'instock', 0, 0.00, 0, 'taxable', '', ''),
(699, '', 0, 0, 319.9900, 319.9900, 0, 4, 'instock', 0, 0.00, 1, 'taxable', '', ''),
(700, '', 0, 0, 439.9900, 439.9900, 0, 5, 'instock', 0, 0.00, 0, 'taxable', '', ''),
(701, '', 0, 0, 599.9900, 599.9900, 0, 5, 'instock', 0, 0.00, 0, 'taxable', '', ''),
(702, '', 0, 0, 1249.9900, 1249.9900, 0, 5, 'instock', 0, 0.00, 0, 'taxable', '', ''),
(704, '', 0, 0, 1539.9900, 1539.9900, 0, 5, 'instock', 0, 0.00, 0, 'taxable', '', ''),
(707, '', 0, 0, 449.9900, 449.9900, 0, 10, 'instock', 0, 0.00, 0, 'taxable', '', ''),
(713, 'ETR00180180', 0, 0, 449.9900, 449.9900, 0, 10, 'instock', 0, 0.00, 0, 'taxable', '', ''),
(714, '', 0, 0, 499.9900, 499.9900, 1, 9, 'instock', 0, 0.00, 1, 'taxable', '', ''),
(717, '', 0, 0, 749.9900, 749.9900, 0, 10, 'instock', 0, 0.00, 0, 'taxable', '', ''),
(718, '', 0, 0, 749.9900, 749.9900, 0, 10, 'instock', 0, 0.00, 0, 'taxable', '', ''),
(719, '', 0, 0, 749.9900, 749.9900, 0, 10, 'instock', 0, 0.00, 0, 'taxable', '', ''),
(720, '', 0, 0, 449.9900, 449.9900, 0, 5, 'instock', 0, 0.00, 0, 'taxable', '', ''),
(721, '', 0, 0, 449.9900, 449.9900, 0, 5, 'instock', 0, 0.00, 0, 'taxable', '', ''),
(722, '', 0, 0, 649.9900, 649.9900, 0, 5, 'instock', 0, 0.00, 0, 'taxable', '', ''),
(723, '', 0, 0, 799.9900, 799.9900, 0, 5, 'instock', 0, 0.00, 0, 'taxable', '', ''),
(724, '', 0, 0, 419.9900, 419.9900, 0, 5, 'instock', 0, 0.00, 0, 'taxable', '', ''),
(725, '', 0, 0, 449.9900, 449.9900, 0, 5, 'instock', 0, 0.00, 0, 'taxable', '', ''),
(726, '', 0, 0, 649.9900, 649.9900, 0, 5, 'instock', 0, 0.00, 0, 'taxable', '', ''),
(727, '', 0, 0, 749.9900, 749.9900, 1, 5, 'instock', 0, 0.00, 0, 'taxable', '', ''),
(728, '', 0, 0, 419.9900, 419.9900, 0, 5, 'instock', 0, 0.00, 0, 'taxable', '', ''),
(729, '', 0, 0, 449.9900, 449.9900, 0, 5, 'instock', 0, 0.00, 0, 'taxable', '', ''),
(730, '', 0, 0, 649.9900, 649.9900, 0, 5, 'instock', 0, 0.00, 0, 'taxable', '', ''),
(731, '', 0, 0, 719.9900, 719.9900, 0, 5, 'instock', 0, 0.00, 0, 'taxable', '', ''),
(732, 'EDT00300200', 0, 0, 1599.9900, 1599.9900, 1, 5, 'instock', 0, 0.00, 0, 'taxable', '', ''),
(737, '', 0, 0, 1799.9900, 1799.9900, 0, 5, 'instock', 0, 0.00, 0, 'taxable', '', ''),
(738, '', 0, 0, 1799.9900, 1799.9900, 0, 5, 'instock', 0, 0.00, 0, 'taxable', '', ''),
(739, '', 0, 0, 1989.9900, 1989.9900, 0, 5, 'instock', 0, 0.00, 0, 'taxable', '', ''),
(740, '', 0, 0, 1999.9900, 1999.9900, 0, 5, 'instock', 0, 0.00, 0, 'taxable', '', ''),
(741, '', 0, 0, 1799.9900, 1799.9900, 0, 5, 'instock', 0, 0.00, 0, 'taxable', '', ''),
(743, '', 0, 0, 1999.9900, 1999.9900, 0, 5, 'instock', 0, 0.00, 0, 'taxable', '', ''),
(744, '', 0, 0, 1549.9900, 1549.9900, 0, 5, 'instock', 0, 0.00, 0, 'taxable', '', ''),
(745, '', 0, 0, 1969.9900, 1969.9900, 0, 5, 'instock', 0, 0.00, 0, 'taxable', '', ''),
(746, '', 0, 0, 1499.9900, 1499.9900, 0, 10, 'instock', 0, 0.00, 0, 'taxable', '', ''),
(751, '', 0, 0, 2069.9900, 2069.9900, 0, 5, 'instock', 0, 0.00, 0, 'taxable', '', ''),
(753, '', 0, 0, 2199.9900, 2199.9900, 0, 5, 'instock', 0, 0.00, 0, 'taxable', '', ''),
(754, '', 0, 0, 1399.9900, 1399.9900, 0, 5, 'instock', 0, 0.00, 0, 'taxable', '', ''),
(755, '', 0, 0, 1699.9900, 1699.9900, 0, 5, 'instock', 0, 0.00, 0, 'taxable', '', ''),
(757, '', 0, 0, 279.9900, 279.9900, 0, 5, 'instock', 0, 0.00, 0, 'taxable', '', ''),
(762, '', 0, 0, 199.9900, 199.9900, 0, 20, 'instock', 0, 0.00, 0, 'taxable', '', ''),
(773, '', 0, 0, 159.9900, 159.9900, 0, 5, 'instock', 0, 0.00, 0, 'taxable', '', ''),
(775, '', 0, 0, 99.9900, 99.9900, 0, 5, 'instock', 0, 0.00, 0, 'taxable', '', ''),
(783, '', 0, 0, 299.9900, 299.9900, 0, 5, 'instock', 0, 0.00, 0, 'taxable', '', ''),
(800, '', 0, 0, 249.9900, 249.9900, 0, 5, 'instock', 0, 0.00, 0, 'taxable', '', ''),
(807, '', 0, 0, 239.9900, 239.9900, 0, 6, 'instock', 0, 0.00, 0, 'taxable', '', ''),
(814, '', 0, 0, 279.9900, 279.9900, 0, 0, 'outofstock', 0, 0.00, 0, 'taxable', '', ''),
(824, '', 0, 0, 299.9900, 299.9900, 0, 2, 'instock', 0, 0.00, 0, 'taxable', '', ''),
(825, '', 0, 0, 69.9900, 69.9900, 0, 5, 'instock', 0, 0.00, 0, 'taxable', '', ''),
(848, '', 0, 0, 99.9900, 99.9900, 0, 0, 'outofstock', 0, 0.00, 0, 'taxable', '', ''),
(850, '', 0, 0, 159.9900, 159.9900, 0, 0, 'outofstock', 0, 0.00, 0, 'taxable', '', ''),
(857, '', 0, 0, 179.9900, 179.9900, 0, 0, 'outofstock', 0, 0.00, 0, 'taxable', '', ''),
(867, '', 0, 0, 3799.9900, 3799.9900, 0, NULL, 'outofstock', 0, 0.00, 0, 'taxable', '', ''),
(873, '', 0, 0, 1684.9900, 1684.9900, 0, 5, 'instock', 0, 0.00, 0, 'taxable', '', ''),
(896, '', 0, 0, 1894.9900, 1894.9900, 0, 5, 'instock', 0, 0.00, 0, 'taxable', '', ''),
(897, '', 0, 0, 1899.9900, 1899.9900, 0, 5, 'instock', 0, 0.00, 0, 'taxable', '', ''),
(899, '', 0, 0, 1799.9900, 1799.9900, 0, 5, 'instock', 0, 0.00, 0, 'taxable', '', ''),
(900, '', 0, 0, 2104.9900, 2104.9900, 0, 5, 'instock', 0, 0.00, 0, 'taxable', '', ''),
(902, '', 0, 0, 1579.9900, 1579.9900, 0, 5, 'instock', 0, 0.00, 0, 'taxable', '', ''),
(904, '', 0, 0, 1579.9900, 1579.9900, 0, 5, 'instock', 0, 0.00, 0, 'taxable', '', ''),
(905, '', 0, 0, 1684.9900, 1684.9900, 0, 5, 'instock', 0, 0.00, 0, 'taxable', '', ''),
(906, '', 0, 0, 1474.9900, 1474.9900, 0, 5, 'instock', 0, 0.00, 0, 'taxable', '', ''),
(907, 'EFV00178134', 0, 0, 1639.9900, 1639.9900, 0, 5, 'instock', 0, 0.00, 0, 'taxable', '', ''),
(908, '', 0, 0, 1839.9900, 1839.9900, 0, 5, 'instock', 0, 0.00, 0, 'taxable', '', ''),
(909, '', 0, 0, 1474.9900, 1474.9900, 0, 5, 'instock', 0, 0.00, 0, 'taxable', '', ''),
(910, '', 0, 0, 1639.9900, 1639.9900, 0, 5, 'instock', 0, 0.00, 0, 'taxable', '', ''),
(911, '', 0, 0, 1839.9900, 1839.9900, 0, 5, 'instock', 0, 0.00, 0, 'taxable', '', ''),
(912, '', 0, 0, 1899.9900, 1899.9900, 0, 5, 'instock', 0, 0.00, 0, 'taxable', '', ''),
(913, '', 0, 0, 4739.9900, 4739.9900, 0, 5, 'instock', 0, 0.00, 0, 'taxable', '', ''),
(914, '', 0, 0, 5264.9900, 5264.9900, 0, 2, 'instock', 0, 0.00, 0, 'taxable', '', ''),
(916, '', 0, 0, 4499.9900, 4499.9900, 0, 2, 'instock', 0, 0.00, 0, 'taxable', '', ''),
(919, '', 0, 0, 2100.0000, 2100.0000, 0, 5, 'instock', 0, 0.00, 0, 'taxable', '', ''),
(926, '', 0, 0, 54.9900, 54.9900, 0, NULL, 'outofstock', 0, 0.00, 2, 'taxable', '', ''),
(931, '', 0, 0, 159.9900, 159.9900, 0, 3, 'instock', 0, 0.00, 0, 'taxable', '', ''),
(933, '', 0, 0, 269.9900, 269.9900, 1, 3, 'instock', 0, 0.00, 0, 'taxable', '', ''),
(935, '', 0, 0, 359.9900, 359.9900, 0, 3, 'instock', 0, 0.00, 0, 'taxable', '', ''),
(937, '', 0, 0, 125.9900, 125.9900, 0, 4, 'instock', 0, 0.00, 2, 'taxable', '', ''),
(938, '', 0, 0, 74.9900, 74.9900, 0, 5, 'instock', 0, 0.00, 0, 'taxable', '', ''),
(940, '', 0, 0, 64.9900, 64.9900, 0, NULL, 'outofstock', 0, 0.00, 0, 'taxable', '', ''),
(941, '', 0, 0, 399.9900, 399.9900, 0, 10, 'instock', 0, 0.00, 0, 'taxable', '', ''),
(981, '', 0, 0, 199.9900, 199.9900, 0, 1, 'instock', 0, 0.00, 0, 'taxable', '', ''),
(989, '', 0, 0, 139.9900, 139.9900, 0, 0, 'outofstock', 0, 0.00, 0, 'taxable', '', ''),
(995, '', 0, 0, 49.9900, 49.9900, 0, 1, 'instock', 0, 0.00, 0, 'taxable', '', ''),
(1000, '', 0, 0, 390.9900, 390.9900, 0, 1, 'instock', 0, 0.00, 0, 'taxable', '', ''),
(1003, '', 0, 0, 289.9900, 289.9900, 0, 1, 'instock', 0, 0.00, 0, 'taxable', '', ''),
(1007, '', 0, 0, 269.9900, 269.9900, 0, 1, 'instock', 0, 0.00, 0, 'taxable', '', ''),
(1010, '', 0, 0, 834.9900, 834.9900, 0, 1, 'instock', 0, 0.00, 0, 'taxable', '', ''),
(1012, '', 0, 0, 1469.9900, 1469.9900, 0, NULL, 'outofstock', 0, 0.00, 0, 'taxable', '', ''),
(1014, '', 0, 0, 1349.9900, 1349.9900, 0, 30, 'instock', 0, 0.00, 0, 'taxable', '', ''),
(1018, '', 0, 0, 3449.9900, 3449.9900, 0, 30, 'instock', 0, 0.00, 0, 'taxable', '', ''),
(1025, '', 0, 0, 4499.9900, 4499.9900, 0, 2, 'instock', 0, 0.00, 0, 'taxable', '', ''),
(1029, '', 0, 0, 2189.9900, 2189.9900, 0, 0, 'outofstock', 0, 0.00, 0, 'taxable', '', ''),
(1035, '', 0, 0, 1877.9900, 1877.9900, 0, 3, 'instock', 0, 0.00, 0, 'taxable', '', ''),
(1043, '', 0, 0, 1877.9900, 1877.9900, 0, 3, 'instock', 0, 0.00, 0, 'taxable', '', ''),
(1049, '', 0, 0, 1799.9900, 1799.9900, 0, NULL, 'outofstock', 0, 0.00, 0, 'taxable', '', ''),
(1054, '', 0, 0, 5849.9900, 5849.9900, 0, 0, 'outofstock', 0, 0.00, 0, 'taxable', '', ''),
(1068, '', 0, 0, 6940.0000, 6940.0000, 0, NULL, 'outofstock', 0, 0.00, 0, 'taxable', '', ''),
(1076, '', 0, 0, 2079.9900, 2079.9900, 0, 3, 'instock', 0, 0.00, 0, 'taxable', '', ''),
(1082, '', 0, 0, 7299.9900, 7299.9900, 0, 1, 'instock', 0, 0.00, 0, 'taxable', '', ''),
(1088, '', 0, 0, 3190.9900, 3190.9900, 0, 3, 'instock', 0, 0.00, 0, 'taxable', '', ''),
(1095, '', 0, 0, 8499.9900, 8499.9900, 0, NULL, 'outofstock', 0, 0.00, 0, 'taxable', '', ''),
(1107, '', 0, 0, 4999.9900, 4999.9900, 0, 1, 'instock', 0, 0.00, 0, 'taxable', '', ''),
(1109, '', 0, 0, 7339.9900, 7339.9900, 0, 14, 'instock', 0, 0.00, 0, 'taxable', '', ''),
(1117, '', 0, 0, 16229.9900, 16229.9900, 0, NULL, 'outofstock', 0, 0.00, 0, 'taxable', '', ''),
(1124, '', 0, 0, 14869.9900, 14869.9900, 0, NULL, 'outofstock', 0, 0.00, 0, 'taxable', '', ''),
(1133, '', 0, 0, 1699.9900, 1699.9900, 0, 3, 'instock', 0, 0.00, 0, 'taxable', '', ''),
(1143, '', 0, 0, 6200.0000, 6200.0000, 0, 5, 'instock', 0, 0.00, 0, 'taxable', '', ''),
(1144, '', 0, 0, 19549.9900, 19549.9900, 0, 0, 'outofstock', 0, 0.00, 0, 'taxable', '', ''),
(1177, '', 0, 0, 3800.0000, 3800.0000, 0, 5, 'instock', 0, 0.00, 0, 'taxable', '', ''),
(1180, '', 0, 0, 12499.9900, 12499.9900, 0, 0, 'outofstock', 0, 0.00, 0, 'taxable', '', ''),
(1181, '', 0, 0, 2999.9900, 2999.9900, 0, 3, 'instock', 0, 0.00, 0, 'taxable', '', ''),
(1184, '1199.99', 0, 0, 1199.9900, 1199.9900, 0, 18, 'instock', 0, 0.00, 0, 'taxable', '', ''),
(1194, '', 0, 0, 4400.0000, 4400.0000, 0, 5, 'instock', 0, 0.00, 0, 'taxable', '', ''),
(1196, '', 0, 0, 5000.0000, 5000.0000, 0, 5, 'instock', 0, 0.00, 0, 'taxable', '', ''),
(1204, '', 0, 0, 25999.9900, 25999.9900, 0, NULL, 'outofstock', 0, 0.00, 0, 'taxable', '', ''),
(1206, '', 0, 0, 5989.9900, 5989.9900, 0, 14, 'instock', 0, 0.00, 0, 'taxable', '', ''),
(1246, '', 0, 0, 620.0000, 620.0000, 0, 5, 'instock', 0, 0.00, 0, 'taxable', '', ''),
(1247, 'E200', 0, 0, 499.9900, 499.9900, 1, 10, 'instock', 0, 0.00, 0, 'taxable', '', ''),
(1263, '', 0, 0, 209.9900, 209.9900, 0, 0, 'outofstock', 0, 0.00, 0, 'taxable', '', ''),
(1283, '', 0, 0, 8339.9900, 8339.9900, 0, 0, 'outofstock', 0, 0.00, 0, 'taxable', '', ''),
(1288, '', 0, 0, 219.9900, 219.9900, 0, 0, 'outofstock', 0, 0.00, 0, 'taxable', '', ''),
(1289, '', 0, 0, 780.0000, 780.0000, 0, 5, 'instock', 0, 0.00, 0, 'taxable', '', ''),
(1313, '', 0, 0, 960.0000, 960.0000, 0, 5, 'instock', 0, 0.00, 0, 'taxable', '', ''),
(1319, '', 0, 0, 1240.0000, 1240.0000, 0, 5, 'instock', 0, 0.00, 0, 'taxable', '', ''),
(1326, '', 0, 0, 1360.0000, 1360.0000, 0, 5, 'instock', 0, 0.00, 0, 'taxable', '', ''),
(1332, '', 0, 0, 2060.0000, 2060.0000, 0, 5, 'instock', 0, 0.00, 0, 'taxable', '', ''),
(1338, '', 0, 0, 1360.0000, 1360.0000, 0, 5, 'instock', 0, 0.00, 0, 'taxable', '', ''),
(1349, '', 0, 0, 3120.0000, 3120.0000, 0, 5, 'instock', 0, 0.00, 0, 'taxable', '', ''),
(1355, '', 0, 0, 4360.0000, 4360.0000, 0, 5, 'instock', 0, 0.00, 0, 'taxable', '', ''),
(1361, '', 0, 0, 5000.0000, 5000.0000, 0, 5, 'instock', 0, 0.00, 0, 'taxable', '', ''),
(1366, '', 0, 0, 7600.0000, 7600.0000, 0, 5, 'instock', 0, 0.00, 0, 'taxable', '', ''),
(1371, '', 0, 0, 8800.0000, 8800.0000, 0, 5, 'instock', 0, 0.00, 0, 'taxable', '', ''),
(1377, '', 0, 0, 10200.0000, 10200.0000, 0, 5, 'instock', 0, 0.00, 0, 'taxable', '', ''),
(1388, '', 0, 0, 3999.9900, 3999.9900, 0, 10, 'instock', 0, 0.00, 0, 'taxable', '', ''),
(1404, '', 0, 0, 4799.9900, 4799.9900, 0, 10, 'instock', 0, 0.00, 0, 'taxable', '', ''),
(1405, '', 0, 0, 5599.9900, 5599.9900, 0, 10, 'instock', 0, 0.00, 0, 'taxable', '', ''),
(1410, '', 0, 0, 2079.9900, 2079.9900, 0, NULL, 'outofstock', 0, 0.00, 0, 'taxable', '', ''),
(1415, '', 0, 0, 11600.0000, 11600.0000, 0, 5, 'instock', 0, 0.00, 0, 'taxable', '', ''),
(1422, '', 0, 0, 14600.0000, 14600.0000, 0, 2, 'instock', 0, 0.00, 0, 'taxable', '', ''),
(1436, '', 0, 0, 7087.9900, 7087.9900, 0, 12, 'instock', 0, 0.00, 0, 'taxable', '', ''),
(1539, '', 0, 0, 1259.9900, 1259.9900, 0, NULL, 'instock', 0, 0.00, 0, 'taxable', '', ''),
(1557, '', 0, 0, 1960.9900, 1960.9900, 0, 3, 'instock', 0, 0.00, 0, 'taxable', '', ''),
(1564, '', 0, 0, 3189.9900, 3189.9900, 0, 20, 'instock', 0, 0.00, 0, 'taxable', '', ''),
(1569, '', 0, 0, 2625.9900, 2625.9900, 0, 3, 'instock', 0, 0.00, 0, 'taxable', '', ''),
(1579, '', 0, 0, 2389.9900, 2389.9900, 0, NULL, 'outofstock', 0, 0.00, 0, 'taxable', '', ''),
(1609, '', 0, 0, 2999.9900, 2999.9900, 0, 10, 'instock', 0, 0.00, 0, 'taxable', '', ''),
(1611, '', 0, 0, 3499.9900, 3499.9900, 0, 10, 'instock', 0, 0.00, 0, 'taxable', '', ''),
(1612, '', 0, 0, 3999.9900, 3999.9900, 0, 10, 'instock', 0, 0.00, 0, 'taxable', '', ''),
(1636, '', 0, 0, 2104.9900, 2104.9900, 0, 5, 'instock', 0, 0.00, 0, 'taxable', '', ''),
(1637, '', 0, 0, 1999.9900, 1999.9900, 0, 5, 'instock', 0, 0.00, 0, 'taxable', '', ''),
(1638, '', 0, 0, 2104.9900, 2104.9900, 0, 5, 'instock', 0, 0.00, 0, 'taxable', '', ''),
(1643, '', 0, 0, 2999.9900, 2999.9900, 0, 5, 'instock', 0, 0.00, 0, 'taxable', '', ''),
(1656, '', 0, 0, 7849.9900, 7849.9900, 0, NULL, 'instock', 0, 0.00, 0, 'taxable', '', ''),
(1660, '', 0, 0, 3400.0000, 3400.0000, 0, 1, 'instock', 0, 0.00, 0, 'taxable', '', ''),
(1700, '', 0, 0, 3099.9900, 3099.9900, 0, 1, 'instock', 0, 0.00, 0, 'taxable', '', ''),
(1710, '', 0, 0, 1499.9900, 1499.9900, 1, 10, 'instock', 0, 0.00, 0, 'taxable', '', ''),
(1713, '', 0, 0, 1549.9900, 1549.9900, 1, 10, 'instock', 0, 0.00, 0, 'taxable', '', ''),
(1714, '', 0, 0, 3499.9900, 3499.9900, 0, 5, 'instock', 0, 0.00, 0, 'taxable', '', ''),
(1717, '', 0, 0, 763.3300, 763.3300, 0, 5, 'instock', 0, 0.00, 0, 'taxable', '', ''),
(1719, '', 0, 0, 699.9900, 699.9900, 0, 5, 'instock', 0, 0.00, 0, 'taxable', '', ''),
(1721, '', 0, 0, 3499.9900, 3499.9900, 0, 10, 'instock', 0, 0.00, 0, 'taxable', '', ''),
(1731, '', 0, 0, 1899.9900, 1899.9900, 0, 10, 'instock', 0, 0.00, 0, 'taxable', '', ''),
(1757, '', 0, 0, 5839.9900, 5839.9900, 0, 2, 'instock', 0, 0.00, 0, 'taxable', '', ''),
(1759, '', 0, 0, 7519.9900, 7519.9900, 0, 0, 'outofstock', 0, 0.00, 0, 'taxable', '', ''),
(1766, '', 0, 0, 9128.3300, 9128.3300, 0, 0, 'outofstock', 0, 0.00, 0, 'taxable', '', ''),
(1782, '', 0, 0, 9209.9900, 9209.9900, 0, 0, 'outofstock', 0, 0.00, 0, 'taxable', '', ''),
(1789, '', 0, 0, 5569.9900, 5569.9900, 0, 1, 'instock', 0, 0.00, 0, 'taxable', '', ''),
(1795, '', 0, 0, 7199.9900, 7199.9900, 0, 2, 'instock', 0, 0.00, 0, 'taxable', '', ''),
(1807, '', 0, 0, 18699.9900, 18699.9900, 0, NULL, 'outofstock', 0, 0.00, 0, 'taxable', '', ''),
(1828, '', 0, 0, 23347.9900, 23347.9900, 0, 7, 'instock', 0, 0.00, 0, 'taxable', '', ''),
(1839, '', 0, 0, 15399.9900, 15399.9900, 0, NULL, 'outofstock', 0, 0.00, 0, 'taxable', '', ''),
(1843, '', 0, 0, 3879.9900, 3879.9900, 0, 4, 'instock', 0, 0.00, 0, 'taxable', '', ''),
(1855, '', 0, 0, 4649.9900, 4649.9900, 1, 0, 'outofstock', 0, 0.00, 0, 'taxable', '', ''),
(1865, '', 0, 0, 5339.9900, 5339.9900, 0, 0, 'outofstock', 0, 0.00, 1, 'taxable', '', ''),
(1878, 'EF152086', 0, 0, 349.9900, 349.9900, 0, 10, 'instock', 0, 0.00, 0, 'taxable', '', ''),
(1882, 'EF152114', 0, 0, 349.9900, 349.9900, 0, 10, 'instock', 0, 0.00, 0, 'taxable', '', ''),
(1883, 'EF178100', 0, 0, 369.9900, 369.9900, 0, 10, 'instock', 0, 0.00, 0, 'taxable', '', ''),
(1884, 'EF152', 0, 0, 369.9900, 369.9900, 0, 10, 'instock', 0, 0.00, 0, 'taxable', '', ''),
(1885, 'EF150', 0, 0, 369.9900, 369.9900, 0, 10, 'instock', 0, 0.00, 0, 'taxable', '', ''),
(1889, 'EF178134', 0, 0, 369.9900, 369.9900, 0, 10, 'instock', 0, 0.00, 0, 'taxable', '', ''),
(1890, 'EF200113', 0, 0, 669.9900, 669.9900, 0, 10, 'instock', 0, 0.00, 0, 'taxable', '', ''),
(1891, 'EF214120', 0, 0, 549.9900, 549.9900, 0, 10, 'instock', 0, 0.00, 0, 'taxable', '', ''),
(1892, 'EF200150-1', 0, 0, 499.9900, 499.9900, 0, 10, 'instock', 0, 0.00, 0, 'taxable', '', ''),
(1893, 'EF178', 0, 0, 399.9900, 399.9900, 0, 10, 'instock', 0, 0.00, 0, 'taxable', '', ''),
(1894, 'EF180', 0, 0, 399.9900, 399.9900, 0, 10, 'instock', 0, 0.00, 0, 'taxable', '', ''),
(1895, 'EF214161', 0, 0, 599.9900, 599.9900, 0, 10, 'instock', 0, 0.00, 0, 'taxable', '', ''),
(1896, 'EF200', 0, 0, 499.9900, 499.9900, 0, 10, 'instock', 0, 0.00, 0, 'taxable', '', ''),
(1897, 'EF214', 0, 0, 649.9900, 649.9900, 0, 10, 'instock', 0, 0.00, 0, 'taxable', '', ''),
(1898, 'EF244183', 0, 0, 699.9900, 699.9900, 0, 10, 'instock', 0, 0.00, 0, 'taxable', '', ''),
(1899, 'EF240180', 0, 0, 699.9900, 699.9900, 0, 10, 'instock', 0, 0.00, 0, 'taxable', '', ''),
(1905, '', 0, 0, 4299.9900, 4299.9900, 0, 0, 'outofstock', 0, 0.00, 0, 'taxable', '', ''),
(1914, '', 0, 0, 0.0000, 0.0000, 0, NULL, 'instock', 0, 0.00, 0, 'taxable', '', ''),
(1925, '', 0, 0, 289.9900, 289.9900, 0, 20, 'instock', 0, 0.00, 0, 'taxable', '', ''),
(1934, '', 0, 0, 249.9900, 249.9900, 0, 20, 'instock', 0, 0.00, 0, 'taxable', '', ''),
(1940, '', 0, 0, 359.9900, 359.9900, 0, 20, 'instock', 0, 0.00, 0, 'taxable', '', ''),
(1946, '', 0, 0, 362.9900, 362.9900, 0, 20, 'instock', 0, 0.00, 0, 'taxable', '', ''),
(1952, '', 0, 0, 389.9900, 389.9900, 0, 20, 'instock', 0, 0.00, 0, 'taxable', '', ''),
(1958, '', 0, 0, 0.0000, 0.0000, 0, NULL, 'instock', 0, 0.00, 0, 'taxable', '', ''),
(1960, '', 0, 0, 429.9900, 429.9900, 0, 1, 'instock', 0, 0.00, 0, 'taxable', '', ''),
(1970, '', 0, 0, 459.9900, 459.9900, 0, 16, 'instock', 0, 0.00, 0, 'taxable', '', ''),
(1977, '', 0, 0, 559.9900, 559.9900, 0, 15, 'instock', 0, 0.00, 0, 'taxable', '', ''),
(1983, '', 0, 0, 477.9900, 477.9900, 0, 20, 'instock', 0, 0.00, 0, 'taxable', '', ''),
(1993, '', 0, 0, 659.9900, 659.9900, 0, 0, 'outofstock', 0, 0.00, 0, 'taxable', '', ''),
(2003, '', 0, 0, 679.9900, 679.9900, 0, 0, 'outofstock', 0, 0.00, 0, 'taxable', '', ''),
(2008, '', 0, 0, 709.9900, 709.9900, 0, 0, 'outofstock', 0, 0.00, 0, 'taxable', '', ''),
(2015, '', 0, 0, 749.9900, 749.9900, 0, 5, 'instock', 0, 0.00, 0, 'taxable', '', ''),
(2017, '', 0, 0, 709.9900, 709.9900, 0, 4, 'instock', 0, 0.00, 0, 'taxable', '', ''),
(2024, '', 0, 0, 749.9900, 749.9900, 0, 20, 'instock', 0, 0.00, 0, 'taxable', '', ''),
(2031, '949.99', 0, 0, 0.0000, 0.0000, 0, 3, 'instock', 0, 0.00, 0, 'taxable', '', ''),
(2038, '', 0, 0, 1019.9900, 1019.9900, 0, 8, 'instock', 0, 0.00, 0, 'taxable', '', ''),
(2044, '', 0, 0, 1289.9900, 1289.9900, 0, 4, 'instock', 0, 0.00, 0, 'taxable', '', ''),
(2052, '', 0, 0, 1919.9900, 1919.9900, 0, 0, 'outofstock', 0, 0.00, 0, 'taxable', '', ''),
(2056, '', 0, 0, 702.9900, 702.9900, 0, 20, 'instock', 0, 0.00, 0, 'taxable', '', ''),
(2065, '', 0, 0, 702.9900, 702.9900, 0, 20, 'instock', 0, 0.00, 0, 'taxable', '', ''),
(2066, '', 0, 0, 539.9900, 539.9900, 0, NULL, 'outofstock', 0, 0.00, 0, 'taxable', '', ''),
(2069, '', 0, 0, 1079.9900, 1079.9900, 0, 20, 'instock', 0, 0.00, 0, 'taxable', '', ''),
(2076, '', 0, 0, 1939.9900, 1939.9900, 0, 20, 'instock', 0, 0.00, 0, 'taxable', '', ''),
(2082, '', 0, 0, 99.9900, 99.9900, 0, 2, 'instock', 0, 0.00, 0, 'taxable', '', ''),
(2084, '', 0, 0, 1499.9900, 1499.9900, 0, 5, 'instock', 0, 0.00, 0, 'taxable', '', ''),
(2090, '', 0, 0, 2469.9900, 2469.9900, 0, 5, 'instock', 0, 0.00, 0, 'taxable', '', ''),
(2102, '', 0, 0, 2199.9900, 2199.9900, 0, 5, 'instock', 0, 0.00, 0, 'taxable', '', ''),
(2112, '', 0, 0, 549.9900, 549.9900, 0, 20, 'instock', 0, 0.00, 0, 'taxable', '', ''),
(2121, '', 0, 0, 13539.9900, 13539.9900, 0, 1, 'instock', 0, 0.00, 0, 'taxable', '', ''),
(2124, '', 0, 0, 36859.9900, 36859.9900, 0, 1, 'instock', 0, 0.00, 0, 'taxable', '', ''),
(2127, '', 0, 0, 3859.9900, 3859.9900, 0, 1, 'instock', 0, 0.00, 0, 'taxable', '', ''),
(2130, '', 0, 0, 939.9900, 939.9900, 0, NULL, 'outofstock', 0, 0.00, 0, 'taxable', '', ''),
(2133, '', 0, 0, 879.9900, 879.9900, 0, 0, 'outofstock', 0, 0.00, 0, 'taxable', '', ''),
(2135, '', 0, 0, 364.9900, 364.9900, 0, 0, 'outofstock', 0, 0.00, 0, 'taxable', '', ''),
(2141, '', 0, 0, 319.9900, 319.9900, 0, 20, 'instock', 0, 0.00, 0, 'taxable', '', ''),
(2144, '', 0, 0, 362.9900, 362.9900, 0, 16, 'instock', 0, 0.00, 0, 'taxable', '', ''),
(2153, '', 0, 0, 399.9900, 399.9900, 0, 4, 'instock', 0, 0.00, 0, 'taxable', '', ''),
(2158, '', 0, 0, 419.9900, 419.9900, 0, 3, 'instock', 0, 0.00, 0, 'taxable', '', ''),
(2167, '', 0, 0, 419.9900, 419.9900, 0, 3, 'instock', 0, 0.00, 0, 'taxable', '', ''),
(2174, '', 0, 0, 1349.9900, 1349.9900, 0, 5, 'instock', 0, 0.00, 0, 'taxable', '', ''),
(2181, '', 0, 0, 119.9900, 119.9900, 0, 0, 'outofstock', 0, 0.00, 0, 'taxable', '', ''),
(2187, '', 0, 0, 1039.9900, 1039.9900, 0, 2, 'instock', 0, 0.00, 0, 'taxable', '', ''),
(2193, '', 0, 0, 349.9900, 349.9900, 0, 20, 'instock', 0, 0.00, 0, 'taxable', '', ''),
(2197, '', 0, 0, 1189.9900, 1189.9900, 0, 0, 'outofstock', 0, 0.00, 0, 'taxable', '', ''),
(2203, '', 0, 0, 1399.9900, 1399.9900, 0, 2, 'instock', 0, 0.00, 1, 'taxable', '', ''),
(2209, '', 0, 0, 1249.9900, 1249.9900, 0, 20, 'instock', 0, 0.00, 0, 'taxable', '', ''),
(2214, '', 0, 0, 949.9900, 949.9900, 0, NULL, 'outofstock', 0, 0.00, 0, 'taxable', '', ''),
(2219, '', 0, 0, 2349.9900, 2349.9900, 0, 0, 'outofstock', 0, 0.00, 0, 'taxable', '', ''),
(2227, '', 0, 0, 10399.9900, 10399.9900, 0, 2, 'instock', 0, 0.00, 0, 'taxable', '', ''),
(2232, '', 0, 0, 12799.9900, 12799.9900, 0, 2, 'instock', 0, 0.00, 0, 'taxable', '', ''),
(2240, '', 0, 0, 14099.9900, 14099.9900, 0, 0, 'outofstock', 0, 0.00, 0, 'taxable', '', ''),
(2242, '', 0, 0, 2149.9900, 2149.9900, 0, 3, 'instock', 0, 0.00, 0, 'taxable', '', ''),
(2248, '', 0, 0, 419.9900, 419.9900, 0, 5, 'instock', 0, 0.00, 0, 'taxable', '', ''),
(2250, '', 0, 0, 1259.9900, 1259.9900, 0, 5, 'instock', 0, 0.00, 0, 'taxable', '', ''),
(2251, '', 0, 0, 1299.9900, 1299.9900, 0, 5, 'instock', 0, 0.00, 0, 'taxable', '', ''),
(2253, '', 0, 0, 1499.9900, 1499.9900, 0, 5, 'instock', 0, 0.00, 0, 'taxable', '', ''),
(2255, '', 0, 0, 319.9900, 319.9900, 0, 5, 'instock', 0, 0.00, 0, 'taxable', '', ''),
(2256, '', 0, 0, 699.9900, 699.9900, 0, 5, 'instock', 0, 0.00, 0, 'taxable', '', ''),
(2257, '', 0, 0, 699.9900, 699.9900, 0, 4, 'instock', 0, 0.00, 1, 'taxable', '', ''),
(2258, '', 0, 0, 1499.9900, 1499.9900, 0, 10, 'instock', 0, 0.00, 0, 'taxable', '', ''),
(2259, '', 0, 0, 1639.9900, 1639.9900, 0, 5, 'instock', 0, 0.00, 0, 'taxable', '', ''),
(2260, '', 0, 0, 1839.9900, 1839.9900, 0, 5, 'instock', 0, 0.00, 0, 'taxable', '', ''),
(2261, '', 0, 0, 1999.9900, 1999.9900, 0, 5, 'instock', 0, 0.00, 0, 'taxable', '', ''),
(2262, '', 0, 0, 449.9900, 449.9900, 0, 3, 'instock', 0, 0.00, 2, 'taxable', '', ''),
(2263, 'E200-1', 0, 0, 499.9900, 499.9900, 0, 10, 'instock', 0, 0.00, 0, 'taxable', '', ''),
(2264, 'E200-1-1', 0, 0, 719.9900, 719.9900, 0, 10, 'instock', 0, 0.00, 0, 'taxable', '', ''),
(2265, '', 0, 0, 799.9900, 799.9900, 0, 5, 'instock', 0, 0.00, 0, 'taxable', '', ''),
(2266, '', 0, 0, 749.9900, 749.9900, 0, 5, 'instock', 0, 0.00, 0, 'taxable', '', ''),
(2267, '', 0, 0, 1449.9900, 1449.9900, 0, 10, 'instock', 0, 0.00, 0, 'taxable', '', ''),
(2274, '', 0, 0, 16999.9900, 16999.9900, 0, NULL, 'outofstock', 0, 0.00, 0, 'taxable', '', ''),
(2277, '', 0, 0, 23999.9900, 23999.9900, 0, NULL, 'outofstock', 0, 0.00, 0, 'taxable', '', ''),
(2283, '', 0, 0, 25499.9900, 25499.9900, 0, 2, 'instock', 0, 0.00, 0, 'taxable', '', ''),
(2304, '', 0, 0, 8069.9000, 8069.9000, 0, 4, 'instock', 0, 0.00, 0, 'taxable', '', ''),
(2308, '', 0, 0, 5339.9900, 5339.9900, 0, 5, 'instock', 0, 0.00, 0, 'taxable', '', ''),
(2313, '', 0, 0, 4089.9900, 4089.9900, 0, 5, 'instock', 0, 0.00, 0, 'taxable', '', ''),
(2318, '', 0, 0, 5669.9900, 5669.9900, 0, 5, 'instock', 0, 0.00, 0, 'taxable', '', ''),
(2324, '', 0, 0, 3689.9900, 3689.9900, 0, 2, 'instock', 0, 0.00, 0, 'taxable', '', ''),
(2347, '', 0, 0, 399.9900, 399.9900, 0, NULL, 'instock', 0, 0.00, 0, 'taxable', '', ''),
(2348, '', 0, 0, 2099.9900, 2099.9900, 0, 5, 'instock', 0, 0.00, 0, 'taxable', '', ''),
(2362, '', 0, 0, 249.9900, 249.9900, 0, 5, 'instock', 0, 0.00, 0, 'taxable', '', ''),
(2371, '', 0, 0, 349.9900, 349.9900, 0, NULL, 'instock', 0, 0.00, 0, 'taxable', '', ''),
(2387, '', 0, 0, 349.9900, 349.9900, 0, NULL, 'instock', 0, 0.00, 0, 'taxable', '', ''),
(2391, '', 0, 0, 399.9900, 399.9900, 0, NULL, 'instock', 0, 0.00, 0, 'taxable', '', ''),
(2392, '', 0, 0, 419.9900, 419.9900, 0, NULL, 'instock', 0, 0.00, 0, 'taxable', '', ''),
(2393, '', 0, 0, 419.9900, 419.9900, 0, NULL, 'instock', 0, 0.00, 0, 'taxable', '', ''),
(2394, '', 0, 0, 419.9900, 419.9900, 0, NULL, 'instock', 0, 0.00, 0, 'taxable', '', ''),
(2395, '', 0, 0, 449.9900, 449.9900, 0, NULL, 'instock', 0, 0.00, 0, 'taxable', '', ''),
(2396, '', 0, 0, 449.9900, 449.9900, 0, NULL, 'instock', 0, 0.00, 0, 'taxable', '', ''),
(2397, '', 0, 0, 539.9900, 539.9900, 0, NULL, 'instock', 0, 0.00, 0, 'taxable', '', ''),
(2400, '', 0, 0, 539.9900, 539.9900, 0, NULL, 'instock', 0, 0.00, 1, 'taxable', '', ''),
(2401, '', 0, 0, 539.9900, 539.9900, 0, NULL, 'instock', 0, 0.00, 0, 'taxable', '', ''),
(2402, '', 0, 0, 699.9900, 699.9900, 0, NULL, 'instock', 0, 0.00, 0, 'taxable', '', ''),
(2405, '', 0, 0, 699.9900, 699.9900, 0, NULL, 'instock', 0, 0.00, 0, 'taxable', '', ''),
(2408, '', 0, 0, 699.9900, 699.9900, 0, NULL, 'instock', 0, 0.00, 0, 'taxable', '', ''),
(2409, '', 0, 0, 799.9900, 799.9900, 0, NULL, 'instock', 0, 0.00, 0, 'taxable', '', ''),
(2413, '', 0, 0, 749.9900, 749.9900, 0, NULL, 'instock', 0, 0.00, 0, 'taxable', '', ''),
(2414, '', 0, 0, 799.9900, 799.9900, 0, NULL, 'instock', 0, 0.00, 0, 'taxable', '', ''),
(2421, '', 0, 0, 1099.9900, 1099.9900, 1, NULL, 'instock', 0, 0.00, 0, 'taxable', '', ''),
(2435, '', 0, 0, 249.9900, 249.9900, 0, 5, 'instock', 0, 0.00, 0, 'taxable', '', ''),
(2436, '', 0, 0, 319.9900, 319.9900, 0, 5, 'instock', 0, 0.00, 0, 'taxable', '', ''),
(2437, '', 0, 0, 369.9900, 369.9900, 0, 5, 'instock', 0, 0.00, 0, 'taxable', '', ''),
(2439, '', 0, 0, 369.9900, 369.9900, 0, 5, 'instock', 0, 0.00, 0, 'taxable', '', ''),
(2440, '', 0, 0, 369.9900, 369.9900, 0, 5, 'instock', 0, 0.00, 0, 'taxable', '', ''),
(2441, '', 0, 0, 449.9900, 449.9900, 0, 5, 'instock', 0, 0.00, 0, 'taxable', '', ''),
(2442, '', 0, 0, 449.9900, 449.9900, 0, 5, 'instock', 0, 0.00, 0, 'taxable', '', ''),
(2443, '', 0, 0, 539.9900, 539.9900, 0, 5, 'instock', 0, 0.00, 0, 'taxable', '', ''),
(2444, '', 0, 0, 539.9900, 539.9900, 0, 5, 'instock', 0, 0.00, 0, 'taxable', '', ''),
(2445, '', 0, 0, 539.9900, 539.9900, 0, 5, 'instock', 0, 0.00, 0, 'taxable', '', ''),
(2446, '', 0, 0, 799.9900, 799.9900, 0, 5, 'instock', 0, 0.00, 0, 'taxable', '', ''),
(2447, '', 0, 0, 799.9900, 799.9900, 0, 5, 'instock', 0, 0.00, 0, 'taxable', '', ''),
(2449, '', 0, 0, 799.9900, 799.9900, 0, 5, 'instock', 0, 0.00, 0, 'taxable', '', ''),
(2451, '', 0, 0, 899.9900, 899.9900, 0, 5, 'instock', 0, 0.00, 0, 'taxable', '', ''),
(2452, '', 0, 0, 899.9900, 899.9900, 0, 5, 'instock', 0, 0.00, 0, 'taxable', '', ''),
(2454, '', 0, 0, 899.9900, 899.9900, 0, 5, 'instock', 0, 0.00, 0, 'taxable', '', ''),
(2456, '', 0, 0, 899.9900, 899.9900, 0, 5, 'instock', 0, 0.00, 0, 'taxable', '', ''),
(2457, '', 0, 0, 899.9900, 899.9900, 0, 5, 'instock', 0, 0.00, 0, 'taxable', '', ''),
(2458, '', 0, 0, 1899.9900, 1899.9900, 0, 5, 'instock', 0, 0.00, 0, 'taxable', '', ''),
(2459, '', 0, 0, 1799.9900, 1799.9900, 0, 5, 'instock', 0, 0.00, 0, 'taxable', '', ''),
(2460, '', 0, 0, 2149.9900, 2149.9900, 0, 5, 'instock', 0, 0.00, 0, 'taxable', '', ''),
(2461, '', 0, 0, 1999.9900, 1999.9900, 0, 5, 'instock', 0, 0.00, 0, 'taxable', '', ''),
(2462, '', 0, 0, 2499.9900, 2499.9900, 0, 5, 'instock', 0, 0.00, 0, 'taxable', '', ''),
(2463, '', 0, 0, 2999.9900, 2999.9900, 0, 5, 'instock', 0, 0.00, 0, 'taxable', '', ''),
(2464, '', 0, 0, 3999.9900, 3999.9900, 0, 5, 'instock', 0, 0.00, 0, 'taxable', '', ''),
(2466, '', 0, 0, 4499.9900, 4499.9900, 0, 5, 'instock', 0, 0.00, 0, 'taxable', '', ''),
(2467, '', 0, 0, 349.9900, 349.9900, 0, 5, 'instock', 0, 0.00, 0, 'taxable', '', ''),
(2468, '', 0, 0, 899.9900, 899.9900, 0, 5, 'instock', 0, 0.00, 0, 'taxable', '', ''),
(2484, '', 0, 0, 79.9900, 79.9900, 0, NULL, 'instock', 0, 0.00, 1, 'taxable', '', ''),
(2488, '', 0, 0, 4549.9900, 4549.9900, 0, 5, 'instock', 0, 0.00, 0, 'taxable', '', ''),
(2491, '', 0, 0, 1899.9900, 1899.9900, 0, 50, 'instock', 0, 0.00, 0, 'taxable', '', ''),
(2497, '', 0, 0, 3699.9900, 3699.9900, 0, 10, 'instock', 0, 0.00, 0, 'taxable', '', ''),
(2506, '', 0, 0, 2019.9900, 2019.9900, 0, 10, 'instock', 0, 0.00, 0, 'taxable', '', ''),
(2510, '', 0, 0, 129.9900, 129.9900, 0, 6, 'instock', 0, 0.00, 0, 'taxable', '', ''),
(2516, '', 0, 0, 5199.9900, 5199.9900, 0, 5, 'instock', 0, 0.00, 0, 'taxable', '', ''),
(2521, '', 0, 0, 6699.9900, 6699.9900, 0, 5, 'instock', 0, 0.00, 0, 'taxable', '', ''),
(2530, '', 0, 0, 249.9900, 249.9900, 0, NULL, 'instock', 0, 0.00, 0, 'taxable', '', ''),
(2542, '', 0, 0, 2999.9900, 2999.9900, 0, NULL, 'instock', 0, 0.00, 0, 'taxable', '', ''),
(2556, '', 0, 0, 7399.9900, 7399.9900, 0, 4, 'instock', 0, 0.00, 0, 'taxable', '', ''),
(2573, '', 0, 0, 2999.9900, 2999.9900, 0, 5, 'instock', 0, 0.00, 0, 'taxable', '', ''),
(2584, '', 0, 0, 960.0000, 960.0000, 0, NULL, 'outofstock', 0, 0.00, 0, 'taxable', '', ''),
(2592, '', 0, 0, 0.0000, 0.0000, 0, 5, 'instock', 0, 0.00, 0, 'taxable', '', ''),
(2602, '', 0, 0, 4899.9900, 4899.9900, 0, 0, 'outofstock', 0, 0.00, 0, 'taxable', '', ''),
(2603, '', 0, 0, 4999.9900, 4999.9900, 0, NULL, 'instock', 0, 0.00, 0, 'taxable', '', ''),
(2620, '', 0, 0, 1474.9900, 1474.9900, 0, 5, 'instock', 0, 0.00, 0, 'taxable', '', ''),
(2623, '', 0, 0, 2999.9900, 2999.9900, 0, 5, 'instock', 0, 0.00, 0, 'taxable', '', ''),
(2624, '', 0, 0, 1099.9900, 1099.9900, 0, 5, 'instock', 0, 0.00, 0, 'taxable', '', ''),
(2625, '', 0, 0, 1099.9900, 1099.9900, 0, NULL, 'instock', 0, 0.00, 0, 'taxable', '', ''),
(2626, '', 0, 0, 849.9900, 849.9900, 0, 5, 'instock', 0, 0.00, 0, 'taxable', '', ''),
(2627, '', 0, 0, 1799.9900, 1799.9900, 0, 5, 'instock', 0, 0.00, 0, 'taxable', '', ''),
(2632, '', 0, 0, 409.9900, 409.9900, 1, 1, 'instock', 0, 0.00, 0, 'taxable', '', ''),
(2640, '', 0, 0, 345.9900, 345.9900, 0, 20, 'instock', 0, 0.00, 0, 'taxable', '', ''),
(2648, '', 0, 0, 409.9900, 409.9900, 0, 17, 'instock', 0, 0.00, 0, 'taxable', '', ''),
(2656, '', 0, 0, 4999.9900, 4999.9900, 0, 9, 'instock', 0, 0.00, 0, 'taxable', '', ''),
(2664, '', 0, 0, 3449.9900, 3449.9900, 0, NULL, 'outofstock', 0, 0.00, 0, 'taxable', '', ''),
(2672, '', 0, 0, 412.9900, 412.9900, 0, 8, 'instock', 0, 0.00, 0, 'taxable', '', ''),
(2678, '', 0, 0, 1437.9900, 1437.9900, 0, 0, 'outofstock', 0, 0.00, 0, 'taxable', '', ''),
(2685, '', 0, 0, 489.9900, 489.9900, 0, 6, 'instock', 0, 0.00, 0, 'taxable', '', ''),
(2691, '', 0, 0, 997.0000, 997.0000, 0, 5, 'instock', 0, 0.00, 0, 'taxable', '', ''),
(2699, '', 0, 0, 479.9900, 479.9900, 0, 0, 'outofstock', 0, 0.00, 0, 'taxable', '', ''),
(2705, '', 0, 0, 260.9900, 260.9900, 0, 20, 'instock', 0, 0.00, 0, 'taxable', '', ''),
(2710, '', 0, 0, 909.9900, 909.9900, 0, 0, 'outofstock', 0, 0.00, 2, 'taxable', '', ''),
(2713, '', 0, 0, 362.9900, 362.9900, 0, 16, 'instock', 0, 0.00, 0, 'taxable', '', ''),
(2716, 'KSB-260', 0, 0, 959.9900, 959.9900, 0, 0, 'outofstock', 0, 0.00, 1, 'taxable', '', ''),
(2721, '', 0, 0, 1139.9900, 1139.9900, 0, 0, 'outofstock', 0, 0.00, 0, 'taxable', '', ''),
(2724, '', 0, 0, 1527.9900, 1527.9900, 0, NULL, 'outofstock', 0, 0.00, 0, 'taxable', '', ''),
(2731, '', 0, 0, 1687.0000, 1687.0000, 0, NULL, 'outofstock', 0, 0.00, 0, 'taxable', '', ''),
(2739, '', 0, 0, 2543.9900, 2543.9900, 0, NULL, 'outofstock', 0, 0.00, 0, 'taxable', '', ''),
(2745, '', 0, 0, 1099.9900, 1099.9900, 1, 34, 'instock', 0, 0.00, 0, 'taxable', '', ''),
(2752, '', 0, 0, 749.9900, 749.9900, 0, NULL, 'outofstock', 0, 0.00, 0, 'taxable', '', ''),
(2760, '', 0, 0, 2678.9900, 2678.9900, 0, -1, 'outofstock', 0, 0.00, 0, 'taxable', '', ''),
(2768, '', 0, 0, 599.9900, 599.9900, 0, 20, 'instock', 0, 0.00, 0, 'taxable', '', ''),
(2776, '', 0, 0, 569.9900, 569.9900, 0, 20, 'instock', 0, 0.00, 0, 'taxable', '', ''),
(2777, '', 0, 0, 569.9900, 569.9900, 0, 20, 'instock', 0, 0.00, 0, 'taxable', '', ''),
(2778, '', 0, 0, 599.9900, 599.9900, 0, 20, 'instock', 0, 0.00, 0, 'taxable', '', ''),
(2779, '', 0, 0, 599.9900, 599.9900, 0, 20, 'instock', 0, 0.00, 0, 'taxable', '', ''),
(2780, '', 0, 0, 599.9900, 599.9900, 0, 20, 'instock', 0, 0.00, 0, 'taxable', '', ''),
(2781, '', 0, 0, 599.9900, 599.9900, 0, 20, 'instock', 0, 0.00, 0, 'taxable', '', ''),
(2782, '', 0, 0, 599.9900, 599.9900, 0, 20, 'instock', 0, 0.00, 0, 'taxable', '', ''),
(2783, '', 0, 0, 599.9900, 599.9900, 0, 20, 'instock', 0, 0.00, 0, 'taxable', '', ''),
(2785, '', 0, 0, 649.9900, 649.9900, 0, 20, 'instock', 0, 0.00, 0, 'taxable', '', ''),
(2787, '', 0, 0, 774.9900, 774.9900, 0, 20, 'instock', 0, 0.00, 0, 'taxable', '', ''),
(2788, '', 0, 0, 799.9900, 799.9900, 0, 20, 'instock', 0, 0.00, 0, 'taxable', '', ''),
(2789, '', 0, 0, 829.9900, 829.9900, 0, 20, 'instock', 0, 0.00, 0, 'taxable', '', ''),
(2790, '', 0, 0, 829.9900, 829.9900, 0, 20, 'instock', 0, 0.00, 0, 'taxable', '', ''),
(2791, '', 0, 0, 849.9900, 849.9900, 0, 20, 'instock', 0, 0.00, 0, 'taxable', '', ''),
(2793, '', 0, 0, 1049.9900, 1049.9900, 0, 20, 'instock', 0, 0.00, 0, 'taxable', '', ''),
(2794, '', 0, 0, 1049.9900, 1049.9900, 0, 20, 'instock', 0, 0.00, 0, 'taxable', '', ''),
(2795, '', 0, 0, 1049.9900, 1049.9900, 0, 20, 'instock', 0, 0.00, 0, 'taxable', '', ''),
(2796, '', 0, 0, 1049.9900, 1049.9900, 0, 20, 'instock', 0, 0.00, 0, 'taxable', '', ''),
(2797, '', 0, 0, 1049.9900, 1049.9900, 0, 20, 'instock', 0, 0.00, 0, 'taxable', '', ''),
(2799, '', 0, 0, 1149.9900, 1149.9900, 0, 20, 'instock', 0, 0.00, 0, 'taxable', '', ''),
(2800, '', 0, 0, 1149.9900, 1149.9900, 0, 20, 'instock', 0, 0.00, 0, 'taxable', '', ''),
(2801, '', 0, 0, 1199.9900, 1199.9900, 0, 20, 'instock', 0, 0.00, 0, 'taxable', '', ''),
(2802, '', 0, 0, 529.9900, 529.9900, 0, 10, 'instock', 0, 0.00, 0, 'taxable', '', ''),
(2805, '', 0, 0, 474.9900, 474.9900, 0, 10, 'instock', 0, 0.00, 0, 'taxable', '', ''),
(2807, '', 0, 0, 474.9900, 474.9900, 0, 10, 'instock', 0, 0.00, 0, 'taxable', '', ''),
(2809, '', 0, 0, 4499.9900, 4499.9900, 0, 14, 'instock', 0, 0.00, 0, 'taxable', '', ''),
(2816, '', 0, 0, 999.9900, 999.9900, 1, 0, 'outofstock', 0, 0.00, 0, 'taxable', '', ''),
(2825, '', 0, 0, 474.9900, 474.9900, 0, 10, 'instock', 0, 0.00, 0, 'taxable', '', ''),
(2826, '', 0, 0, 719.9900, 719.9900, 0, 10, 'instock', 0, 0.00, 0, 'taxable', '', ''),
(2828, '', 0, 0, 774.9900, 774.9900, 0, 10, 'instock', 0, 0.00, 0, 'taxable', '', ''),
(2829, '', 0, 0, 794.9900, 794.9900, 0, 10, 'instock', 0, 0.00, 0, 'taxable', '', ''),
(2830, '', 0, 0, 824.9900, 824.9900, 0, 10, 'instock', 0, 0.00, 0, 'taxable', '', ''),
(2831, '', 0, 0, 879.9900, 879.9900, 0, 10, 'instock', 0, 0.00, 0, 'taxable', '', ''),
(2832, '', 0, 0, 839.9900, 839.9900, 0, 10, 'instock', 0, 0.00, 0, 'taxable', '', ''),
(2833, '', 0, 0, 949.9900, 949.9900, 0, 10, 'instock', 0, 0.00, 0, 'taxable', '', ''),
(2834, '', 0, 0, 1049.9900, 1049.9900, 0, 10, 'instock', 0, 0.00, 0, 'taxable', '', ''),
(2835, '', 0, 0, 894.9900, 894.9900, 0, 10, 'instock', 0, 0.00, 0, 'taxable', '', ''),
(2836, '', 0, 0, 1099.9900, 1099.9900, 0, 10, 'instock', 0, 0.00, 0, 'taxable', '', ''),
(2838, '', 0, 0, 1039.9900, 1039.9900, 0, 10, 'instock', 0, 0.00, 0, 'taxable', '', ''),
(2839, '', 0, 0, 1159.9900, 1159.9900, 0, 10, 'instock', 0, 0.00, 0, 'taxable', '', ''),
(2840, '', 0, 0, 1439.9900, 1439.9900, 0, 10, 'instock', 0, 0.00, 0, 'taxable', '', ''),
(2841, '', 0, 0, 1189.9900, 1189.9900, 0, 10, 'instock', 0, 0.00, 0, 'taxable', '', ''),
(2842, '', 0, 0, 1189.9900, 1189.9900, 0, 10, 'instock', 0, 0.00, 0, 'taxable', '', ''),
(2843, '', 0, 0, 1439.9900, 1439.9900, 0, 10, 'instock', 0, 0.00, 0, 'taxable', '', ''),
(2844, '', 0, 0, 1479.9900, 1479.9900, 0, 10, 'instock', 0, 0.00, 0, 'taxable', '', ''),
(2845, '', 0, 0, 1949.9900, 1949.9900, 0, 10, 'instock', 0, 0.00, 0, 'taxable', '', ''),
(2846, '', 0, 0, 1894.9900, 1894.9900, 0, 10, 'instock', 0, 0.00, 0, 'taxable', '', ''),
(2847, '', 0, 0, 1894.9900, 1894.9900, 0, 10, 'instock', 0, 0.00, 0, 'taxable', '', ''),
(2848, '', 0, 0, 2104.9900, 2104.9900, 0, 10, 'instock', 0, 0.00, 0, 'taxable', '', ''),
(2849, '', 0, 0, 3049.9900, 3049.9900, 0, 10, 'instock', 0, 0.00, 0, 'taxable', '', ''),
(2862, '', 0, 0, 499.9900, 499.9900, 0, 30, 'instock', 0, 0.00, 0, 'taxable', '', ''),
(2865, '', 0, 0, 13407.9900, 13407.9900, 0, 5, 'instock', 0, 0.00, 0, 'taxable', '', ''),
(2871, '', 0, 0, 13407.9900, 13407.9900, 0, 11, 'instock', 0, 0.00, 0, 'taxable', '', ''),
(2873, '', 0, 0, 17929.9900, 17929.9900, 0, 10, 'instock', 0, 0.00, 0, 'taxable', '', ''),
(2893, '', 0, 0, 1519.9900, 1519.9900, 0, NULL, 'outofstock', 0, 0.00, 0, 'taxable', '', ''),
(2915, '', 0, 0, 2300.0000, 2300.0000, 0, 4, 'instock', 0, 0.00, 0, 'taxable', '', ''),
(2918, 'ETR00220220', 0, 0, 767.0000, 767.0000, 0, 1, 'instock', 0, 0.00, 0, 'taxable', '', ''),
(2923, '', 0, 0, 2500.0000, 2500.0000, 0, 5, 'instock', 0, 0.00, 0, 'taxable', '', ''),
(2925, '', 0, 0, 3300.0000, 3300.0000, 0, 4, 'instock', 0, 0.00, 0, 'taxable', '', ''),
(2932, '', 0, 0, 4699.9900, 4699.9900, 0, 5, 'instock', 0, 0.00, 0, 'taxable', '', ''),
(2942, '', 0, 0, 3449.9900, 3449.9900, 0, 0, 'outofstock', 0, 0.00, 0, 'taxable', '', ''),
(2947, '', 0, 0, 1959.9900, 1959.9900, 0, 5, 'instock', 0, 0.00, 0, 'taxable', '', ''),
(2958, '', 0, 0, 3999.9900, 3999.9900, 0, 5, 'instock', 0, 0.00, 0, 'taxable', '', ''),
(2980, '', 0, 0, 249.9900, 249.9900, 0, 99, 'instock', 0, 0.00, 1, 'taxable', '', ''),
(2985, '', 0, 0, 3799.9900, 3799.9900, 0, 4, 'instock', 0, 0.00, 0, 'taxable', '', ''),
(2991, '', 0, 0, 14999.9900, 14999.9900, 0, 100, 'instock', 0, 0.00, 0, 'taxable', '', ''),
(3003, '', 0, 0, 15499.9900, 15499.9900, 0, 10, 'instock', 0, 0.00, 0, 'taxable', '', ''),
(3004, '', 0, 0, 14499.9900, 14499.9900, 0, 100, 'instock', 0, 0.00, 0, 'taxable', '', ''),
(3005, '', 0, 0, 16999.9900, 16999.9900, 0, 100, 'instock', 0, 0.00, 0, 'taxable', '', ''),
(3006, '', 0, 0, 17499.9900, 17499.9900, 0, 100, 'instock', 0, 0.00, 0, 'taxable', '', ''),
(3008, '', 0, 0, 17999.9900, 17999.9900, 0, 100, 'instock', 0, 0.00, 0, 'taxable', '', ''),
(3009, '', 0, 0, 18999.9900, 18999.9900, 0, 100, 'instock', 0, 0.00, 0, 'taxable', '', ''),
(3010, '', 0, 0, 20999.9900, 20999.9900, 0, 100, 'instock', 0, 0.00, 0, 'taxable', '', ''),
(3011, '', 0, 0, 19999.9900, 19999.9900, 0, 100, 'instock', 0, 0.00, 0, 'taxable', '', ''),
(3012, '', 0, 0, 22999.9900, 22999.9900, 0, 100, 'instock', 0, 0.00, 0, 'taxable', '', ''),
(3013, '', 0, 0, 24499.9900, 24499.9900, 0, 100, 'instock', 0, 0.00, 0, 'taxable', '', ''),
(3015, '', 0, 0, 23499.9900, 23499.9900, 0, 100, 'instock', 0, 0.00, 0, 'taxable', '', ''),
(3016, '', 0, 0, 25999.9900, 25999.9900, 0, 100, 'instock', 0, 0.00, 0, 'taxable', '', ''),
(3017, '', 0, 0, 26999.9900, 26999.9900, 0, 100, 'instock', 0, 0.00, 0, 'taxable', '', ''),
(3018, '', 0, 0, 29999.9900, 29999.9900, 0, 100, 'instock', 0, 0.00, 0, 'taxable', '', ''),
(3019, '', 0, 0, 4499.9900, 4499.9900, 0, 10, 'instock', 0, 0.00, 0, 'taxable', '', ''),
(3021, '', 0, 0, 4899.9900, 4899.9900, 0, 5, 'instock', 0, 0.00, 0, 'taxable', '', ''),
(3027, '', 0, 0, 0.0000, 0.0000, 0, NULL, 'instock', 0, 0.00, 0, 'taxable', '', ''),
(3033, '', 0, 0, 7799.9900, 7799.9900, 0, 3, 'instock', 0, 0.00, 0, 'taxable', '', ''),
(3040, '', 0, 0, 8799.9900, 8799.9900, 0, 2, 'instock', 0, 0.00, 0, 'taxable', '', ''),
(3046, '', 0, 0, 2899.9900, 2899.9900, 0, 2, 'instock', 0, 0.00, 0, 'taxable', '', ''),
(3054, '', 0, 0, 2149.9900, 2149.9900, 0, 2, 'instock', 0, 0.00, 0, 'taxable', '', ''),
(3073, '', 0, 0, 2299.9900, 2299.9900, 0, 3, 'instock', 0, 0.00, 0, 'taxable', '', ''),
(3074, '', 0, 0, 2799.9900, 2799.9900, 0, 2, 'instock', 0, 0.00, 0, 'taxable', '', ''),
(3084, '', 0, 0, 3529.9900, 3529.9900, 0, 0, 'outofstock', 0, 0.00, 0, 'taxable', '', ''),
(3087, '', 0, 0, 14499.9900, 14499.9900, 0, 2, 'instock', 0, 0.00, 0, 'taxable', '', ''),
(3099, '', 0, 0, 16599.9900, 16599.9900, 0, 0, 'outofstock', 0, 0.00, 0, 'taxable', '', ''),
(3105, '', 0, 0, 249.9900, 249.9900, 0, 10, 'instock', 0, 0.00, 0, 'taxable', '', ''),
(3114, '119W', 0, 0, 3129.9900, 3129.9900, 1, 12, 'instock', 0, 0.00, 0, 'taxable', '', ''),
(3125, '118', 0, 0, 2749.9900, 2749.9900, 1, 20, 'instock', 0, 0.00, 0, 'taxable', '', ''),
(3132, '', 0, 0, 7999.9900, 7999.9900, 0, 3, 'instock', 0, 0.00, 0, 'taxable', '', ''),
(3140, '', 0, 0, 0.0000, 0.0000, 0, NULL, 'instock', 0, 0.00, 0, 'taxable', '', ''),
(3141, '', 0, 0, 14899.9900, 14899.9900, 0, 2, 'instock', 0, 0.00, 0, 'taxable', '', ''),
(3149, 'X49', 0, 0, 2739.9900, 2739.9900, 1, 20, 'instock', 0, 0.00, 0, 'taxable', '', ''),
(3155, '', 0, 0, 10904.9900, 10904.9900, 0, 1, 'instock', 0, 0.00, 0, 'taxable', '', ''),
(3163, '', 0, 0, 8799.9900, 8799.9900, 0, 2, 'instock', 0, 0.00, 0, 'taxable', '', ''),
(3174, '', 0, 0, 1699.9900, 1699.9900, 0, 5, 'instock', 0, 0.00, 0, 'taxable', '', ''),
(3184, '', 0, 0, 2399.9900, 2399.9900, 1, 10, 'instock', 0, 0.00, 0, 'taxable', '', ''),
(3192, '', 0, 0, 8259.9900, 8259.9900, 0, 0, 'outofstock', 0, 0.00, 0, 'taxable', '', ''),
(3211, '', 0, 0, 3149.8700, 3149.8700, 0, 10, 'instock', 0, 0.00, 0, 'taxable', '', ''),
(3215, 'PEE0065120', 0, 0, 3999.9900, 3999.9900, 0, NULL, 'instock', 0, 0.00, 0, 'taxable', '', ''),
(3228, 'L210W', 0, 0, 6349.9900, 6349.9900, 1, 20, 'instock', 0, 0.00, 0, 'taxable', '', ''),
(3236, 'PA503X', 0, 0, 1789.9900, 1789.9900, 1, 0, 'outofstock', 0, 0.00, 0, 'taxable', '', ''),
(3245, 'PA503S', 0, 0, 1539.9900, 1539.9900, 0, 0, 'outofstock', 0, 0.00, 0, 'taxable', '', ''),
(3256, 'PA503W', 0, 0, 1809.9900, 1809.9900, 1, 20, 'instock', 0, 0.00, 0, 'taxable', '', ''),
(3264, 'PX701HDH', 0, 0, 3159.9900, 3159.9900, 1, 0, 'outofstock', 0, 0.00, 0, 'taxable', '', ''),
(3273, '', 0, 0, 8909.9900, 8909.9900, 0, 0, 'outofstock', 0, 0.00, 0, 'taxable', '', ''),
(3281, '', 0, 0, 3479.9900, 3479.9900, 0, 0, 'outofstock', 0, 0.00, 0, 'taxable', '', ''),
(3287, '', 0, 0, 3319.9900, 3319.9900, 0, 0, 'outofstock', 0, 0.00, 0, 'taxable', '', ''),
(3294, '', 0, 0, 4999.9900, 4999.9900, 0, 1, 'instock', 0, 0.00, 0, 'taxable', '', ''),
(3295, '', 0, 0, 629.9900, 629.9900, 0, NULL, 'instock', 0, 0.00, 0, 'taxable', '', ''),
(3305, '', 0, 0, 0.0000, 0.0000, 0, NULL, 'instock', 0, 0.00, 0, 'taxable', '', ''),
(3321, '', 0, 0, 19219.9900, 19219.9900, 0, 0, 'outofstock', 0, 0.00, 0, 'taxable', '', ''),
(3324, '', 0, 0, 0.0000, 0.0000, 0, NULL, 'onbackorder', 0, 0.00, 0, 'taxable', '', ''),
(3329, '', 0, 0, 23999.9900, 23999.9900, 0, 0, 'outofstock', 0, 0.00, 0, 'taxable', '', ''),
(3332, '', 0, 0, 33489.9900, 33489.9900, 0, 2, 'instock', 0, 0.00, 0, 'taxable', '', ''),
(3340, '', 0, 0, 9209.9900, 9209.9900, 0, 0, 'outofstock', 0, 0.00, 0, 'taxable', '', ''),
(3373, '', 0, 0, 8849.9900, 8849.9900, 0, 30, 'instock', 0, 0.00, 0, 'taxable', '', ''),
(3380, '', 0, 0, 8849.9900, 8849.9900, 0, 30, 'instock', 0, 0.00, 0, 'taxable', '', ''),
(3386, '', 0, 0, 2756.8900, 2756.8900, 0, 1, 'instock', 0, 0.00, 0, 'taxable', '', ''),
(3398, '', 0, 0, 0.0000, 0.0000, 0, 0, 'onbackorder', 0, 0.00, 0, 'taxable', '', ''),
(3408, '', 0, 0, 0.0000, 0.0000, 0, NULL, 'instock', 0, 0.00, 0, 'taxable', '', ''),
(3415, '', 0, 0, 339.9900, 339.9900, 0, 1, 'instock', 0, 0.00, 0, 'taxable', '', ''),
(3420, '', 0, 0, 219.9900, 219.9900, 0, 1, 'instock', 0, 0.00, 0, 'taxable', '', ''),
(3426, '', 0, 0, 1229.9900, 1229.9900, 0, 0, 'outofstock', 0, 0.00, 0, 'taxable', '', ''),
(3428, '', 0, 0, 2209.9900, 2209.9900, 0, 0, 'outofstock', 0, 0.00, 0, 'taxable', '', ''),
(3432, '', 0, 0, 2002.9900, 2002.9900, 0, 1, 'instock', 0, 0.00, 0, 'taxable', '', ''),
(3435, '', 0, 0, 0.0000, 0.0000, 0, NULL, 'outofstock', 0, 0.00, 0, 'taxable', '', ''),
(3441, '', 0, 0, 0.0000, 0.0000, 0, 0, 'outofstock', 0, 0.00, 0, 'taxable', '', ''),
(3450, '', 0, 0, 3799.9900, 3799.9900, 0, 0, 'outofstock', 0, 0.00, 0, 'taxable', '', ''),
(3458, '', 0, 0, 349.9900, 349.9900, 0, 100, 'instock', 0, 0.00, 0, 'taxable', '', ''),
(3464, '', 0, 0, 489.9900, 489.9900, 0, 489, 'instock', 0, 0.00, 0, 'taxable', '', ''),
(3469, '', 0, 0, 1589.9900, 1589.9900, 0, 0, 'outofstock', 0, 0.00, 0, 'taxable', '', ''),
(3474, '', 0, 0, 1399.9900, 1399.9900, 0, 0, 'outofstock', 0, 0.00, 0, 'taxable', '', ''),
(3480, '', 0, 0, 1939.9900, 1939.9900, 0, 0, 'outofstock', 0, 0.00, 0, 'taxable', '', ''),
(3487, '', 0, 0, 739.9900, 739.9900, 1, 0, 'onbackorder', 0, 0.00, 0, 'taxable', '', ''),
(3491, '', 0, 0, 209.9900, 209.9900, 0, 0, 'outofstock', 0, 0.00, 0, 'taxable', '', ''),
(3497, '', 0, 0, 16359.9900, 16359.9900, 0, 4, 'instock', 0, 0.00, 0, 'taxable', '', ''),
(3511, '', 0, 0, 119.9900, 119.9900, 1, 20, 'instock', 0, 0.00, 1, 'taxable', '', ''),
(3518, '', 0, 0, 249.9900, 249.9900, 1, 0, 'outofstock', 0, 0.00, 0, 'taxable', '', ''),
(3525, '', 0, 0, 189.9900, 189.9900, 1, 0, 'onbackorder', 0, 0.00, 0, 'taxable', '', ''),
(3533, '', 0, 0, 59.9900, 59.9900, 0, 10, 'instock', 0, 0.00, 0, 'taxable', '', '');
INSERT INTO `wp_wc_product_meta_lookup` (`product_id`, `sku`, `virtual`, `downloadable`, `min_price`, `max_price`, `onsale`, `stock_quantity`, `stock_status`, `rating_count`, `average_rating`, `total_sales`, `tax_status`, `tax_class`, `global_unique_id`) VALUES
(3539, '', 0, 0, 207.9900, 207.9900, 0, 10, 'instock', 0, 0.00, 0, 'taxable', '', ''),
(3544, '', 0, 0, 229.9900, 229.9900, 0, 0, 'outofstock', 0, 0.00, 0, 'taxable', '', ''),
(3551, '', 0, 0, 269.9900, 269.9900, 1, 0, 'outofstock', 0, 0.00, 0, 'taxable', '', ''),
(3557, '', 0, 0, 289.9900, 289.9900, 1, 0, 'outofstock', 0, 0.00, 0, 'taxable', '', ''),
(3562, '', 0, 0, 1622.9900, 1622.9900, 0, 14, 'instock', 0, 0.00, 0, 'taxable', '', ''),
(3592, '', 0, 0, 249.9900, 249.9900, 0, 3, 'instock', 0, 0.00, 0, 'taxable', '', ''),
(3601, '', 0, 0, 1299.9900, 1299.9900, 0, 5, 'instock', 0, 0.00, 0, 'taxable', '', ''),
(3602, '', 0, 0, 1364.9900, 1364.9900, 0, 1, 'instock', 0, 0.00, 0, 'taxable', '', ''),
(3604, '', 0, 0, 959.9900, 959.9900, 0, 0, 'outofstock', 0, 0.00, 0, 'taxable', '', ''),
(3614, '', 0, 0, 549.9900, 549.9900, 1, 0, 'outofstock', 0, 0.00, 0, 'taxable', '', ''),
(3621, '', 0, 0, 499.9900, 499.9900, 0, 0, 'outofstock', 0, 0.00, 0, 'taxable', '', ''),
(3626, '', 0, 0, 339.9900, 339.9900, 0, 0, 'outofstock', 0, 0.00, 0, 'taxable', '', ''),
(3640, '', 0, 0, 259.9900, 259.9900, 0, 0, 'outofstock', 0, 0.00, 0, 'taxable', '', ''),
(3647, '', 0, 0, 129.9900, 129.9900, 1, 20, 'instock', 0, 0.00, 0, 'taxable', '', ''),
(3652, '', 0, 0, 13789.9900, 13789.9900, 0, 6, 'instock', 0, 0.00, 0, 'taxable', '', ''),
(3656, '', 0, 0, 2479.9900, 2479.9900, 0, 5, 'instock', 0, 0.00, 0, 'taxable', '', ''),
(3661, '', 0, 0, 1749.9900, 1749.9900, 0, 0, 'outofstock', 0, 0.00, 0, 'taxable', '', ''),
(3664, '', 0, 0, 3399.9900, 3399.9900, 1, 0, 'outofstock', 0, 0.00, 0, 'taxable', '', ''),
(3669, '', 0, 0, 4679.9900, 4679.9900, 1, 0, 'outofstock', 0, 0.00, 0, 'taxable', '', ''),
(3674, '', 0, 0, 2499.9900, 2499.9900, 1, 36, 'instock', 0, 0.00, 0, 'taxable', '', ''),
(3682, '', 0, 0, 2240.9900, 2240.9900, 0, 7, 'instock', 0, 0.00, 0, 'taxable', '', ''),
(3688, '', 0, 0, 2179.9900, 2179.9900, 0, 6, 'instock', 0, 0.00, 0, 'taxable', '', ''),
(3690, '', 0, 0, 0.0000, 0.0000, 0, NULL, 'instock', 0, 0.00, 0, 'taxable', '', ''),
(3699, '', 0, 0, 459.9900, 459.9900, 0, 0, 'outofstock', 0, 0.00, 0, 'taxable', '', ''),
(3704, '', 0, 0, 1749.9900, 1749.9900, 0, 10, 'instock', 0, 0.00, 0, 'taxable', '', ''),
(3706, '', 0, 0, 839.9900, 839.9900, 0, 0, 'outofstock', 0, 0.00, 0, 'taxable', '', ''),
(3719, '', 0, 0, 169.9900, 169.9900, 1, 4, 'instock', 0, 0.00, 0, 'taxable', '', ''),
(3724, '', 0, 0, 69.9900, 69.9900, 0, 0, 'outofstock', 0, 0.00, 0, 'taxable', '', ''),
(3733, 'SF3270', 0, 0, 149.9900, 149.9900, 1, 10, 'instock', 0, 0.00, 1, 'taxable', '', ''),
(3740, '', 0, 0, 9849.9900, 9849.9900, 0, 5, 'instock', 0, 0.00, 0, 'taxable', '', ''),
(3744, '', 0, 0, 12759.9900, 12759.9900, 0, 5, 'instock', 0, 0.00, 0, 'taxable', '', ''),
(3746, '', 0, 0, 699.9900, 699.9900, 0, 0, 'outofstock', 0, 0.00, 0, 'taxable', '', ''),
(3749, '', 0, 0, 2389.9900, 2389.9900, 0, 0, 'outofstock', 0, 0.00, 0, 'taxable', '', ''),
(3756, '', 0, 0, 2119.9900, 2119.9900, 0, 0, 'outofstock', 0, 0.00, 0, 'taxable', '', ''),
(3762, 'L570U', 0, 0, 16699.9900, 16699.9900, 0, 1, 'instock', 0, 0.00, 0, 'taxable', '', ''),
(3767, 'L520W', 0, 0, 11099.9900, 11099.9900, 0, 0, 'outofstock', 0, 0.00, 0, 'taxable', '', ''),
(3774, '', 0, 0, 449.9900, 449.9900, 0, 50, 'instock', 0, 0.00, 0, 'taxable', '', ''),
(3782, '', 0, 0, 10319.9900, 10319.9900, 0, 0, 'outofstock', 0, 0.00, 0, 'taxable', '', ''),
(3787, '', 0, 0, 299.9900, 299.9900, 0, 0, 'outofstock', 0, 0.00, 0, 'taxable', '', ''),
(3794, '', 0, 0, 999.9900, 999.9900, 0, 51, 'instock', 0, 0.00, 0, 'taxable', '', ''),
(3800, '', 0, 0, 309.9900, 309.9900, 0, 20, 'instock', 0, 0.00, 0, 'taxable', '', ''),
(3809, '', 0, 0, 2029.9900, 2029.9900, 0, 0, 'outofstock', 0, 0.00, 0, 'taxable', '', ''),
(3815, '', 0, 0, 6429.9900, 6429.9900, 0, 7, 'instock', 0, 0.00, 0, 'taxable', '', ''),
(3819, '', 0, 0, 1449.9900, 1449.9900, 1, 0, 'outofstock', 0, 0.00, 0, 'taxable', '', ''),
(3823, '', 0, 0, 1879.9900, 1879.9900, 0, 0, 'outofstock', 0, 0.00, 0, 'taxable', '', ''),
(3829, '', 0, 0, 13889.9900, 13889.9900, 0, 4, 'instock', 0, 0.00, 0, 'taxable', '', ''),
(3833, '', 0, 0, 1269.9900, 1269.9900, 0, 0, 'outofstock', 0, 0.00, 0, 'taxable', '', ''),
(3842, '', 0, 0, 1569.9900, 1569.9900, 0, 0, 'outofstock', 0, 0.00, 0, 'taxable', '', ''),
(3849, '', 0, 0, 1549.9900, 1549.9900, 0, 0, 'outofstock', 0, 0.00, 0, 'taxable', '', ''),
(3854, '', 0, 0, 1129.9900, 1129.9900, 1, 5, 'instock', 0, 0.00, 0, 'taxable', '', ''),
(3858, '', 0, 0, 1219.9900, 1219.9900, 1, 8, 'instock', 0, 0.00, 0, 'taxable', '', ''),
(3861, '', 0, 0, 1429.9900, 1429.9900, 0, 0, 'outofstock', 0, 0.00, 0, 'taxable', '', ''),
(3866, '', 0, 0, 2239.9900, 2239.9900, 0, 0, 'outofstock', 0, 0.00, 0, 'taxable', '', ''),
(3880, '', 0, 0, 2589.9900, 2589.9900, 1, 4, 'instock', 0, 0.00, 0, 'taxable', '', ''),
(3892, '', 0, 0, 3999.9900, 3999.9900, 1, 20, 'instock', 0, 0.00, 0, 'taxable', '', ''),
(3897, '', 0, 0, 4639.9900, 4639.9900, 1, 0, 'outofstock', 0, 0.00, 0, 'taxable', '', ''),
(3902, '', 0, 0, 4939.9900, 4939.9900, 1, 6, 'instock', 0, 0.00, 0, 'taxable', '', ''),
(3907, '', 0, 0, 11239.9900, 11239.9900, 0, 4, 'instock', 0, 0.00, 0, 'taxable', '', ''),
(3911, '', 0, 0, 469.9900, 469.9900, 1, 0, 'outofstock', 0, 0.00, 0, 'taxable', '', ''),
(3918, '', 0, 0, 5429.9900, 5429.9900, 1, 2, 'instock', 0, 0.00, 0, 'taxable', '', ''),
(3923, '', 0, 0, 11469.9900, 11469.9900, 1, 1, 'instock', 0, 0.00, 0, 'taxable', '', ''),
(3928, '', 0, 0, 249.9900, 249.9900, 0, 50, 'instock', 0, 0.00, 0, 'taxable', '', ''),
(3934, '', 0, 0, 299.9900, 299.9900, 0, 50, 'instock', 0, 0.00, 0, 'taxable', '', ''),
(3947, '', 0, 0, 799.9900, 799.9900, 0, 0, 'outofstock', 0, 0.00, 0, 'taxable', '', ''),
(3960, '', 0, 0, 2104.9900, 2104.9900, 0, 30, 'instock', 0, 0.00, 0, 'taxable', '', ''),
(3964, '', 0, 0, 2999.9900, 2999.9900, 0, 30, 'instock', 0, 0.00, 0, 'taxable', '', ''),
(3965, '', 0, 0, 3049.9900, 3049.9900, 0, 30, 'instock', 0, 0.00, 0, 'taxable', '', ''),
(3966, '', 0, 0, 7369.9900, 7369.9900, 0, 30, 'instock', 0, 0.00, 0, 'taxable', '', ''),
(3967, '', 0, 0, 11499.9900, 11499.9900, 0, 30, 'instock', 0, 0.00, 0, 'taxable', '', ''),
(3969, '', 0, 0, 14999.9900, 14999.9900, 0, 30, 'instock', 0, 0.00, 0, 'taxable', '', ''),
(3970, '', 0, 0, 894.9900, 894.9900, 0, 30, 'instock', 0, 0.00, 0, 'taxable', '', ''),
(3975, '', 0, 0, 829.9900, 829.9900, 0, 30, 'instock', 0, 0.00, 0, 'taxable', '', ''),
(3992, '', 0, 0, 469.9900, 469.9900, 0, 20, 'instock', 0, 0.00, 0, 'taxable', '', ''),
(3998, '', 0, 0, 649.9900, 649.9900, 1, 0, 'outofstock', 0, 0.00, 0, 'taxable', '', ''),
(4005, '', 0, 0, 469.9900, 469.9900, 0, 0, 'outofstock', 0, 0.00, 0, 'taxable', '', ''),
(4011, '', 0, 0, 199.9900, 199.9900, 0, 0, 'outofstock', 0, 0.00, 0, 'taxable', '', ''),
(4016, '', 0, 0, 500.0000, 500.0000, 1, 10, 'instock', 0, 0.00, 0, 'taxable', '', ''),
(4023, '', 0, 0, 139.9900, 139.9900, 1, 20, 'instock', 0, 0.00, 0, 'taxable', '', ''),
(4034, '', 0, 0, 409.9900, 409.9900, 0, 0, 'outofstock', 0, 0.00, 0, 'taxable', '', ''),
(4069, '960-001226', 0, 0, 4899.9900, 4899.9900, 1, 4, 'instock', 0, 0.00, 0, 'taxable', '', ''),
(4109, '', 0, 0, 2119.9900, 2119.9900, 0, 1, 'instock', 0, 0.00, 0, 'taxable', '', ''),
(4114, '', 0, 0, 459.9900, 459.9900, 0, 30, 'instock', 0, 0.00, 0, 'taxable', '', ''),
(4137, '', 0, 0, 0.0000, 0.0000, 0, NULL, 'onbackorder', 0, 0.00, 0, 'taxable', '', ''),
(4185, '', 0, 0, 399.9900, 399.9900, 1, NULL, 'instock', 0, 0.00, 0, 'taxable', '', ''),
(4202, '', 0, 0, 2219.9900, 2219.9900, 0, 24, 'instock', 0, 0.00, 0, 'taxable', '', ''),
(4213, '', 0, 0, 2499.9900, 2499.9900, 0, 0, 'outofstock', 0, 0.00, 0, 'taxable', '', ''),
(4228, '', 0, 0, 4289.9900, 4289.9900, 0, 5, 'instock', 0, 0.00, 0, 'taxable', '', ''),
(4237, '', 0, 0, 3969.9900, 3969.9900, 0, 0, 'outofstock', 0, 0.00, 0, 'taxable', '', ''),
(4247, '', 0, 0, 1929.9900, 1929.9900, 0, 0, 'outofstock', 0, 0.00, 0, 'taxable', '', ''),
(4257, '', 0, 0, 3809.9900, 3809.9900, 0, 2, 'instock', 0, 0.00, 0, 'taxable', '', ''),
(4278, '', 0, 0, 0.0000, 0.0000, 0, NULL, 'instock', 0, 0.00, 0, 'taxable', '', ''),
(4306, '', 0, 0, 14269.9900, 14269.9900, 1, 2, 'instock', 0, 0.00, 0, 'taxable', '', ''),
(4321, '', 0, 0, 209.9900, 209.9900, 0, 8, 'instock', 0, 0.00, 0, 'taxable', '', ''),
(4347, '', 0, 0, 2619.9900, 2619.9900, 0, 0, 'outofstock', 0, 0.00, 0, 'taxable', '', ''),
(4357, '', 0, 0, 3809.9900, 3809.9900, 0, 0, 'outofstock', 0, 0.00, 0, 'taxable', '', ''),
(4414, '', 0, 0, 3649.9900, 3649.9900, 0, 0, 'outofstock', 0, 0.00, 0, 'taxable', '', ''),
(4435, '', 0, 0, 2999.9900, 2999.9900, 0, 20, 'instock', 0, 0.00, 0, 'taxable', '', ''),
(4440, '', 0, 0, 2499.9900, 2499.9900, 0, 20, 'instock', 0, 0.00, 0, 'taxable', '', ''),
(4446, 'REL02005050', 0, 0, 3499.9900, 3499.9900, 0, 20, 'instock', 0, 0.00, 0, 'taxable', '', ''),
(4513, '', 0, 0, 2199.9900, 2199.9900, 0, 3, 'instock', 0, 0.00, 0, 'taxable', '', ''),
(4560, '', 0, 0, 4769.9900, 4769.9900, 0, 7, 'instock', 0, 0.00, 0, 'taxable', '', ''),
(4566, '', 0, 0, 1859.9900, 1859.9900, 0, 23, 'instock', 0, 0.00, 0, 'taxable', '', ''),
(4574, '', 0, 0, 1989.9900, 1989.9900, 0, 2, 'instock', 0, 0.00, 0, 'taxable', '', ''),
(4579, '', 0, 0, 8829.9900, 8829.9900, 0, 0, 'outofstock', 0, 0.00, 0, 'taxable', '', ''),
(4584, '', 0, 0, 2209.9900, 2209.9900, 0, 15, 'instock', 0, 0.00, 0, 'taxable', '', ''),
(4588, '', 0, 0, 3149.9900, 3149.9900, 0, 5, 'instock', 0, 0.00, 0, 'taxable', '', ''),
(4595, '', 0, 0, 0.0000, 0.0000, 0, NULL, 'instock', 0, 0.00, 0, 'taxable', '', ''),
(4604, '', 0, 0, 0.0000, 0.0000, 0, 10, 'instock', 0, 0.00, 0, 'taxable', '', ''),
(4624, '', 0, 0, 999.9900, 999.9900, 0, 8, 'instock', 0, 0.00, 0, 'taxable', '', ''),
(4627, '', 0, 0, 499.9900, 499.9900, 0, 20, 'instock', 0, 0.00, 0, 'taxable', '', ''),
(4634, '', 0, 0, 2439.9900, 2439.9900, 0, 4, 'instock', 0, 0.00, 0, 'taxable', '', ''),
(4642, '', 0, 0, 679.9900, 679.9900, 0, 12, 'instock', 0, 0.00, 0, 'taxable', '', ''),
(4648, '', 0, 0, 1439.9900, 1439.9900, 0, 18, 'instock', 0, 0.00, 0, 'taxable', '', ''),
(4655, '', 0, 0, 1439.9900, 1439.9900, 0, 10, 'instock', 0, 0.00, 0, 'taxable', '', ''),
(4660, '', 0, 0, 1439.9900, 1439.9900, 0, 4, 'instock', 0, 0.00, 0, 'taxable', '', ''),
(4664, '', 0, 0, 1799.9900, 1799.9900, 0, 16, 'instock', 0, 0.00, 0, 'taxable', '', ''),
(4671, '', 0, 0, 1799.9900, 1799.9900, 0, 8, 'instock', 0, 0.00, 0, 'taxable', '', ''),
(4675, '', 0, 0, 1799.9900, 1799.9900, 0, 4, 'instock', 0, 0.00, 0, 'taxable', '', ''),
(4678, '', 0, 0, 24939.9900, 24939.9900, 0, 0, 'outofstock', 0, 0.00, 0, 'taxable', '', ''),
(4696, '', 0, 0, 21279.9900, 21279.9900, 0, 0, 'outofstock', 0, 0.00, 0, 'taxable', '', ''),
(4701, '', 0, 0, 20129.9900, 20129.9900, 0, 0, 'outofstock', 0, 0.00, 0, 'taxable', '', ''),
(4704, '', 0, 0, 26179.9900, 26179.9900, 0, 0, 'outofstock', 0, 0.00, 0, 'taxable', '', ''),
(4707, '766907008456', 0, 0, 2999.9900, 2999.9900, 0, 1, 'instock', 0, 0.00, 0, 'taxable', '', ''),
(4717, '766907018141', 0, 0, 5000.9900, 5000.9900, 0, 0, 'outofstock', 0, 0.00, 0, 'taxable', '', ''),
(4732, '766907007145', 0, 0, 4429.5900, 4429.5900, 0, NULL, 'instock', 0, 0.00, 0, 'taxable', '', ''),
(4742, '766907003086', 0, 0, 3339.9900, 3339.9900, 0, NULL, 'instock', 0, 0.00, 0, 'taxable', '', ''),
(4770, '', 0, 0, 8559.9900, 8559.9900, 1, 0, 'outofstock', 0, 0.00, 0, 'taxable', '', ''),
(4785, 'LH75WACWLGCXZA', 0, 0, 9159.9900, 9159.9900, 0, 0, 'outofstock', 0, 0.00, 0, 'taxable', '', ''),
(4794, '', 0, 0, 399.9900, 399.9900, 0, 5, 'instock', 0, 0.00, 0, 'taxable', '', ''),
(4799, 'ES1515', 0, 0, 369.9900, 369.9900, 0, 1, 'instock', 0, 0.00, 0, 'taxable', '', ''),
(4809, '', 0, 0, 289.9900, 289.9900, 1, 10, 'instock', 0, 0.00, 0, 'taxable', '', ''),
(4817, '', 0, 0, 799.9900, 799.9900, 0, 0, 'outofstock', 0, 0.00, 0, 'taxable', '', ''),
(4825, '', 0, 0, 699.9900, 699.9900, 0, 0, 'outofstock', 0, 0.00, 0, 'taxable', '', ''),
(4828, '', 0, 0, 1169.9900, 1169.9900, 0, 18, 'instock', 0, 0.00, 0, 'taxable', '', ''),
(4834, '', 0, 0, 1479.9900, 1479.9900, 0, 0, 'outofstock', 0, 0.00, 0, 'taxable', '', ''),
(4840, '', 0, 0, 459.9900, 459.9900, 1, 1, 'instock', 0, 0.00, 0, 'taxable', '', ''),
(4844, '', 0, 0, 2839.9900, 2839.9900, 1, 1, 'instock', 0, 0.00, 0, 'taxable', '', ''),
(4848, '', 0, 0, 879.9900, 879.9900, 0, 0, 'outofstock', 0, 0.00, 0, 'taxable', '', ''),
(4874, '', 0, 0, 299.9900, 299.9900, 0, 20, 'instock', 0, 0.00, 0, 'taxable', '', ''),
(4887, 'ERT00300300', 0, 0, 1153.9500, 1153.9500, 0, 1, 'instock', 0, 0.00, 0, 'taxable', '', ''),
(4907, '', 0, 0, 1069.9900, 1069.9900, 0, 1, 'instock', 0, 0.00, 0, 'taxable', '', ''),
(4912, '', 0, 0, 12669.9900, 12669.9900, 0, 1, 'instock', 0, 0.00, 0, 'taxable', '', ''),
(4914, '', 0, 0, 6279.9900, 6279.9900, 0, 1, 'instock', 0, 0.00, 0, 'taxable', '', ''),
(4918, '', 0, 0, 8709.9900, 8709.9900, 0, 1, 'instock', 0, 0.00, 0, 'taxable', '', ''),
(4922, '', 0, 0, 8769.9900, 8769.9900, 0, 0, 'outofstock', 0, 0.00, 0, 'taxable', '', ''),
(4951, '', 0, 0, 2109.9900, 2109.9900, 0, 0, 'outofstock', 0, 0.00, 0, 'taxable', '', ''),
(5009, '', 0, 0, 9089.9900, 9089.9900, 1, 0, 'outofstock', 0, 0.00, 0, 'taxable', '', ''),
(5018, '', 0, 0, 0.0000, 0.0000, 0, NULL, 'instock', 0, 0.00, 0, 'taxable', '', ''),
(5027, '', 0, 0, 0.0000, 0.0000, 0, 0, 'outofstock', 0, 0.00, 0, 'taxable', '', ''),
(5030, '', 0, 0, 0.0000, 0.0000, 0, 0, 'onbackorder', 0, 0.00, 0, 'taxable', '', ''),
(5035, '', 0, 0, 0.0000, 0.0000, 0, NULL, 'instock', 0, 0.00, 0, 'taxable', '', ''),
(5042, 'PS502X', 0, 0, 2459.9900, 2459.9900, 1, 0, 'outofstock', 0, 0.00, 0, 'taxable', '', ''),
(5054, '', 0, 0, 1889.9900, 1889.9900, 0, 0, 'outofstock', 0, 0.00, 0, 'taxable', '', ''),
(5063, '', 0, 0, 0.0000, 0.0000, 0, NULL, 'instock', 0, 0.00, 0, 'taxable', '', ''),
(5098, '', 0, 0, 0.0000, 0.0000, 0, NULL, 'instock', 0, 0.00, 0, 'taxable', '', ''),
(5104, '', 0, 0, 0.0000, 0.0000, 0, 0, 'outofstock', 0, 0.00, 0, 'taxable', '', ''),
(5110, '', 0, 0, 0.0000, 0.0000, 0, 0, 'onbackorder', 0, 0.00, 0, 'taxable', '', ''),
(5114, '', 0, 0, 0.0000, 0.0000, 0, 0, 'onbackorder', 0, 0.00, 0, 'taxable', '', ''),
(5123, '', 0, 0, 0.0000, 0.0000, 0, 0, 'onbackorder', 0, 0.00, 0, 'taxable', '', ''),
(5128, '', 0, 0, 0.0000, 0.0000, 0, 0, 'onbackorder', 0, 0.00, 0, 'taxable', '', ''),
(5132, '', 0, 0, 0.0000, 0.0000, 0, 0, 'onbackorder', 0, 0.00, 0, 'taxable', '', ''),
(5134, '', 0, 0, 0.0000, 0.0000, 0, 0, 'onbackorder', 0, 0.00, 0, 'taxable', '', ''),
(5137, '', 0, 0, 2919.9900, 2919.9900, 0, 0, 'onbackorder', 0, 0.00, 0, 'taxable', '', ''),
(5143, '', 0, 0, 4079.9900, 4079.9900, 0, 0, 'onbackorder', 0, 0.00, 0, 'taxable', '', ''),
(5145, '', 0, 0, 7869.9900, 7869.9900, 0, 0, 'onbackorder', 0, 0.00, 0, 'taxable', '', ''),
(5148, '', 0, 0, 5249.9900, 5249.9900, 0, 0, 'onbackorder', 0, 0.00, 0, 'taxable', '', ''),
(5149, '', 0, 0, 10489.9900, 10489.9900, 0, 0, 'onbackorder', 0, 0.00, 0, 'taxable', '', ''),
(5150, '', 0, 0, 27419.9900, 27419.9900, 0, 0, 'onbackorder', 0, 0.00, 0, 'taxable', '', ''),
(5151, '', 0, 0, 54189.9900, 54189.9900, 0, 0, 'onbackorder', 0, 0.00, 0, 'taxable', '', ''),
(5153, '', 0, 0, 4279.9900, 4279.9900, 0, NULL, 'outofstock', 0, 0.00, 0, 'taxable', '', ''),
(5160, '', 0, 0, 6409.9900, 6409.9900, 0, NULL, 'outofstock', 0, 0.00, 0, 'taxable', '', ''),
(5162, '', 0, 0, 9329.9900, 9329.9900, 0, NULL, 'onbackorder', 0, 0.00, 0, 'taxable', '', ''),
(5163, '', 0, 0, 11839.9900, 11839.9900, 1, 20, 'instock', 0, 0.00, 0, 'taxable', '', ''),
(5172, '', 0, 0, 17519.9900, 17519.9900, 1, 1, 'instock', 0, 0.00, 0, 'taxable', '', ''),
(5177, '', 0, 0, 11929.9900, 11929.9900, 1, 2, 'instock', 0, 0.00, 0, 'taxable', '', ''),
(5184, '', 0, 0, 10149.9900, 10149.9900, 1, 6, 'instock', 0, 0.00, 0, 'taxable', '', ''),
(5185, '', 0, 0, 3079.9900, 3079.9900, 1, 20, 'instock', 0, 0.00, 0, 'taxable', '', ''),
(5187, '', 0, 0, 6569.9900, 6569.9900, 0, 0, 'onbackorder', 0, 0.00, 0, 'taxable', '', ''),
(5194, '', 0, 0, 4589.9900, 4589.9900, 1, 0, 'outofstock', 0, 0.00, 0, 'taxable', '', ''),
(5195, '', 0, 0, 1569.9900, 1569.9900, 1, 0, 'onbackorder', 0, 0.00, 0, 'taxable', '', ''),
(5198, '', 0, 0, 3239.9900, 3239.9900, 1, 0, 'outofstock', 0, 0.00, 0, 'taxable', '', ''),
(5201, '', 0, 0, 529.9900, 529.9900, 1, 1, 'instock', 0, 0.00, 0, 'taxable', '', ''),
(5207, '', 0, 0, 24169.9900, 24169.9900, 0, 0, 'outofstock', 0, 0.00, 0, 'taxable', '', ''),
(5209, '', 0, 0, 46619.9900, 46619.9900, 0, 0, 'onbackorder', 0, 0.00, 0, 'taxable', '', ''),
(5210, '', 0, 0, 9209.9900, 9209.9900, 0, NULL, 'outofstock', 0, 0.00, 0, 'taxable', '', ''),
(5211, '', 0, 0, 13909.9900, 13909.9900, 0, NULL, 'onbackorder', 0, 0.00, 0, 'taxable', '', ''),
(5214, '', 0, 0, 8989.9900, 8989.9900, 0, NULL, 'onbackorder', 0, 0.00, 0, 'taxable', '', ''),
(5217, '', 0, 0, 7129.9900, 7129.9900, 0, NULL, 'onbackorder', 0, 0.00, 0, 'taxable', '', ''),
(5218, '', 0, 0, 5729.9900, 5729.9900, 0, NULL, 'outofstock', 0, 0.00, 0, 'taxable', '', ''),
(5219, '', 0, 0, 14959.9900, 14959.9900, 0, 0, 'onbackorder', 0, 0.00, 0, 'taxable', '', ''),
(5221, '', 0, 0, 13409.9900, 13409.9900, 0, 0, 'onbackorder', 0, 0.00, 0, 'taxable', '', ''),
(5223, '', 0, 0, 12659.9900, 12659.9900, 0, 0, 'onbackorder', 0, 0.00, 0, 'taxable', '', ''),
(5226, '', 0, 0, 6879.9900, 6879.9900, 0, 0, 'onbackorder', 0, 0.00, 0, 'taxable', '', ''),
(5228, '', 0, 0, 3909.9900, 3909.9900, 0, 0, 'onbackorder', 0, 0.00, 0, 'taxable', '', ''),
(5232, '', 0, 0, 16319.9900, 16319.9900, 0, 0, 'onbackorder', 0, 0.00, 0, 'taxable', '', ''),
(5237, '', 0, 0, 4079.9900, 4079.9900, 0, 8, 'instock', 0, 0.00, 0, 'taxable', '', ''),
(5243, '', 0, 0, 3789.9900, 3789.9900, 0, 0, 'onbackorder', 0, 0.00, 0, 'taxable', '', ''),
(5247, '', 0, 0, 7809.9900, 7809.9900, 0, 0, 'onbackorder', 0, 0.00, 0, 'taxable', '', ''),
(5251, '', 0, 0, 7449.9900, 7449.9900, 0, 14, 'instock', 0, 0.00, 0, 'taxable', '', ''),
(5256, '', 0, 0, 879.9900, 879.9900, 0, 0, 'onbackorder', 0, 0.00, 0, 'taxable', '', ''),
(5260, '', 0, 0, 1539.9900, 1539.9900, 0, 0, 'onbackorder', 0, 0.00, 0, 'taxable', '', ''),
(5262, '', 0, 0, 2689.9900, 2689.9900, 0, 0, 'onbackorder', 0, 0.00, 0, 'taxable', '', ''),
(5267, '', 0, 0, 839.9900, 839.9900, 0, 0, 'onbackorder', 0, 0.00, 0, 'taxable', '', ''),
(5271, '', 0, 0, 5829.9900, 5829.9900, 0, 0, 'onbackorder', 0, 0.00, 0, 'taxable', '', ''),
(5277, '', 0, 0, 339.9900, 339.9900, 0, 0, 'onbackorder', 0, 0.00, 1, 'taxable', '', ''),
(5281, '', 0, 0, 859.9900, 859.9900, 0, 0, 'onbackorder', 0, 0.00, 0, 'taxable', '', ''),
(5282, '', 0, 0, 349.9900, 349.9900, 0, 0, 'outofstock', 0, 0.00, 1, 'taxable', '', ''),
(5322, '', 0, 0, 21439.9900, 21439.9900, 1, 2, 'instock', 0, 0.00, 0, 'taxable', '', ''),
(5331, 'EF152114-1', 0, 0, 349.9900, 349.9900, 0, 10, 'instock', 0, 0.00, 0, 'taxable', '', ''),
(5388, '', 0, 0, 2119.9900, 2119.9900, 0, 0, 'outofstock', 0, 0.00, 0, 'taxable', '', ''),
(5397, '', 0, 0, 379.9900, 379.9900, 0, 0, 'onbackorder', 0, 0.00, 0, 'taxable', '', ''),
(5398, '', 0, 0, 189.9900, 189.9900, 1, 0, 'onbackorder', 0, 0.00, 0, 'taxable', '', ''),
(5404, '', 0, 0, 199.9900, 199.9900, 0, 5, 'instock', 0, 0.00, 0, 'taxable', '', ''),
(5407, '', 0, 0, 179.9900, 179.9900, 0, 0, 'onbackorder', 0, 0.00, 0, 'taxable', '', ''),
(5408, '', 0, 0, 1709.9900, 1709.9900, 1, 0, 'onbackorder', 0, 0.00, 0, 'taxable', '', ''),
(5410, '', 0, 0, 999.9900, 999.9900, 1, 0, 'onbackorder', 0, 0.00, 0, 'taxable', '', ''),
(5413, '', 0, 0, 1579.9900, 1579.9900, 1, 0, 'onbackorder', 0, 0.00, 0, 'taxable', '', ''),
(5415, '', 0, 0, 1509.9900, 1509.9900, 1, 0, 'onbackorder', 0, 0.00, 0, 'taxable', '', ''),
(5441, '', 0, 0, 8069.9900, 8069.9900, 1, 0, 'outofstock', 0, 0.00, 0, 'taxable', '', ''),
(5444, '', 0, 0, 10719.9900, 10719.9900, 1, 8, 'instock', 0, 0.00, 0, 'taxable', '', ''),
(5447, '', 0, 0, 294.9900, 294.9900, 0, NULL, 'instock', 0, 0.00, 0, 'taxable', '', ''),
(5450, '', 0, 0, 194.9900, 194.9900, 1, NULL, 'instock', 0, 0.00, 0, 'taxable', '', ''),
(5451, '', 0, 0, 194.9900, 194.9900, 0, NULL, 'instock', 0, 0.00, 0, 'taxable', '', ''),
(5466, '', 0, 0, 1699.9900, 1699.9900, 0, 2, 'instock', 0, 0.00, 0, 'taxable', '', ''),
(5468, '', 0, 0, 2129.9900, 2129.9900, 0, 0, 'outofstock', 0, 0.00, 0, 'taxable', '', ''),
(5471, '', 0, 0, 1079.9900, 1079.9900, 0, 0, 'outofstock', 0, 0.00, 0, 'taxable', '', ''),
(5472, '', 0, 0, 1239.9900, 1239.9900, 0, 30, 'instock', 0, 0.00, 0, 'taxable', '', ''),
(5474, '', 0, 0, 1999.9900, 1999.9900, 1, 0, 'outofstock', 0, 0.00, 0, 'taxable', '', ''),
(5476, '', 0, 0, 1999.9900, 1999.9900, 0, 0, 'outofstock', 0, 0.00, 0, 'taxable', '', ''),
(5478, '', 0, 0, 3629.9900, 3629.9900, 1, 20, 'instock', 0, 0.00, 0, 'taxable', '', ''),
(5482, '', 0, 0, 7149.9900, 7149.9900, 0, 1, 'instock', 0, 0.00, 0, 'taxable', '', ''),
(5484, '', 0, 0, 699.9900, 699.9900, 0, 0, 'outofstock', 0, 0.00, 0, 'taxable', '', ''),
(5487, '', 0, 0, 449.9900, 449.9900, 0, 5, 'instock', 0, 0.00, 5, 'taxable', '', ''),
(5489, '', 0, 0, 939.9900, 939.9900, 1, 0, 'outofstock', 0, 0.00, 0, 'taxable', '', ''),
(5492, '', 0, 0, 499.9900, 499.9900, 1, 25, 'instock', 0, 0.00, 0, 'taxable', '', ''),
(5494, '', 0, 0, 369.9900, 369.9900, 0, 20, 'instock', 0, 0.00, 0, 'taxable', '', ''),
(5495, '', 0, 0, 609.9900, 609.9900, 0, 0, 'outofstock', 0, 0.00, 0, 'taxable', '', ''),
(5499, '', 0, 0, 659.9900, 659.9900, 0, 0, 'outofstock', 0, 0.00, 0, 'taxable', '', ''),
(5503, '', 0, 0, 939.9900, 939.9900, 0, 20, 'instock', 0, 0.00, 0, 'taxable', '', ''),
(5509, '', 0, 0, 1159.9900, 1159.9900, 0, 14, 'instock', 0, 0.00, 0, 'taxable', '', ''),
(5514, '', 0, 0, 1529.9900, 1529.9900, 0, 0, 'outofstock', 0, 0.00, 0, 'taxable', '', ''),
(5520, '', 0, 0, 659.9900, 659.9900, 0, 0, 'outofstock', 0, 0.00, 0, 'taxable', '', ''),
(5524, '', 0, 0, 1749.9900, 1749.9900, 0, 20, 'instock', 0, 0.00, 0, 'taxable', '', ''),
(5529, '', 0, 0, 7079.9900, 7079.9900, 0, 0, 'outofstock', 0, 0.00, 0, 'taxable', '', ''),
(5535, '', 0, 0, 1579.9900, 1579.9900, 0, 0, 'outofstock', 0, 0.00, 0, 'taxable', '', ''),
(5542, '', 0, 0, 27809.9900, 27809.9900, 1, 0, 'outofstock', 0, 0.00, 0, 'taxable', '', ''),
(5547, '', 0, 0, 0.0000, 0.0000, 0, 0, 'outofstock', 0, 0.00, 0, 'taxable', '', ''),
(5550, '', 0, 0, 37779.9900, 37779.9900, 1, 0, 'outofstock', 0, 0.00, 0, 'taxable', '', ''),
(5553, '', 0, 0, 15339.9900, 15339.9900, 1, 3, 'instock', 0, 0.00, 0, 'taxable', '', ''),
(5558, '', 0, 0, 429.9900, 429.9900, 0, NULL, 'instock', 0, 0.00, 0, 'taxable', '', ''),
(5562, '', 0, 0, 519.9900, 519.9900, 1, NULL, 'instock', 0, 0.00, 0, 'taxable', '', ''),
(5563, '', 0, 0, 589.9900, 589.9900, 0, NULL, 'instock', 0, 0.00, 0, 'taxable', '', ''),
(5565, '', 0, 0, 739.9900, 739.9900, 1, NULL, 'instock', 0, 0.00, 0, 'taxable', '', ''),
(5566, '', 0, 0, 599.9900, 599.9900, 0, NULL, 'instock', 0, 0.00, 0, 'taxable', '', ''),
(5568, '', 0, 0, 724.9900, 724.9900, 1, NULL, 'instock', 0, 0.00, 0, 'taxable', '', ''),
(5570, '', 0, 0, 774.9900, 774.9900, 0, NULL, 'instock', 0, 0.00, 0, 'taxable', '', ''),
(5572, '', 0, 0, 919.9900, 919.9900, 0, NULL, 'instock', 0, 0.00, 0, 'taxable', '', ''),
(5573, '', 0, 0, 989.9900, 989.9900, 1, NULL, 'instock', 0, 0.00, 0, 'taxable', '', ''),
(5576, '', 0, 0, 849.9900, 849.9900, 0, NULL, 'instock', 0, 0.00, 0, 'taxable', '', ''),
(5578, '', 0, 0, 899.9900, 899.9900, 0, NULL, 'instock', 0, 0.00, 0, 'taxable', '', ''),
(5579, '', 0, 0, 1229.9900, 1229.9900, 1, NULL, 'instock', 0, 0.00, 0, 'taxable', '', ''),
(5581, '', 0, 0, 1929.9900, 1929.9900, 0, NULL, 'instock', 0, 0.00, 0, 'taxable', '', ''),
(5583, '', 0, 0, 2089.9900, 2089.9900, 1, NULL, 'instock', 0, 0.00, 0, 'taxable', '', ''),
(5589, '', 0, 0, 99.9900, 99.9900, 0, NULL, 'instock', 0, 0.00, 0, 'taxable', '', ''),
(5598, '', 0, 0, 49.9900, 49.9900, 0, NULL, 'instock', 0, 0.00, 0, 'taxable', '', ''),
(5600, '', 0, 0, 39.9900, 39.9900, 0, NULL, 'instock', 0, 0.00, 0, 'taxable', '', ''),
(5601, '', 0, 0, 89.9900, 89.9900, 0, NULL, 'instock', 0, 0.00, 0, 'taxable', '', ''),
(5603, '', 0, 0, 164.9900, 164.9900, 0, NULL, 'instock', 0, 0.00, 0, 'taxable', '', ''),
(5605, '', 0, 0, 99.9900, 99.9900, 0, NULL, 'instock', 0, 0.00, 0, 'taxable', '', ''),
(5607, '', 0, 0, 49.9900, 49.9900, 0, NULL, 'instock', 0, 0.00, 0, 'taxable', '', ''),
(5609, '', 0, 0, 179.9900, 179.9900, 0, NULL, 'instock', 0, 0.00, 0, 'taxable', '', ''),
(5611, '', 0, 0, 149.9900, 149.9900, 0, NULL, 'instock', 0, 0.00, 0, 'taxable', '', ''),
(5615, '', 0, 0, 5699.9900, 5699.9900, 0, NULL, 'onbackorder', 0, 0.00, 0, 'taxable', '', ''),
(5617, '', 0, 0, 7289.9900, 7289.9900, 0, NULL, 'onbackorder', 0, 0.00, 0, 'taxable', '', ''),
(6117, '', 0, 0, 9119.9900, 9119.9900, 0, NULL, 'instock', 0, 0.00, 0, 'taxable', '', ''),
(6122, '', 0, 0, 6889.9900, 6889.9900, 0, 4, 'instock', 0, 0.00, 0, 'taxable', '', ''),
(6125, '', 0, 0, 79.9900, 79.9900, 0, 20, 'instock', 0, 0.00, 0, 'taxable', '', ''),
(6129, '', 0, 0, 2919.9900, 2919.9900, 0, 0, 'outofstock', 0, 0.00, 0, 'taxable', '', ''),
(6131, 'PX701-4K', 0, 0, 7499.9900, 7499.9900, 0, 0, 'outofstock', 0, 0.00, 0, 'taxable', '', ''),
(6134, 'EF12', 0, 0, 3699.9900, 3699.9900, 0, 0, 'onbackorder', 0, 0.00, 0, 'taxable', '', ''),
(6138, '', 0, 0, 609.9900, 609.9900, 1, 9, 'instock', 0, 0.00, 0, 'taxable', '', ''),
(6139, '', 0, 0, 999.9900, 999.9900, 1, 0, 'outofstock', 0, 0.00, 0, 'taxable', '', ''),
(6142, '', 0, 0, 399.9900, 399.9900, 1, 0, 'outofstock', 0, 0.00, 0, 'taxable', '', ''),
(6144, '', 0, 0, 499.9900, 499.9900, 0, 0, 'outofstock', 0, 0.00, 0, 'taxable', '', ''),
(6146, '', 0, 0, 6799.9900, 6799.9900, 0, 0, 'outofstock', 0, 0.00, 0, 'taxable', '', ''),
(6148, '', 0, 0, 2819.9900, 2819.9900, 0, 0, 'outofstock', 0, 0.00, 0, 'taxable', '', ''),
(6178, '', 0, 0, 15129.9900, 15129.9900, 0, NULL, 'onbackorder', 0, 0.00, 0, 'taxable', '', ''),
(6189, '', 0, 0, 4789.9900, 4789.9900, 0, 0, 'outofstock', 0, 0.00, 0, 'taxable', '', ''),
(6191, '', 0, 0, 1139.9900, 1139.9900, 0, 0, 'outofstock', 0, 0.00, 0, 'taxable', '', ''),
(6214, '', 0, 0, 0.0000, 0.0000, 0, NULL, 'onbackorder', 0, 0.00, 0, 'taxable', '', ''),
(6217, '', 0, 0, 0.0000, 0.0000, 0, NULL, 'onbackorder', 0, 0.00, 0, 'taxable', '', ''),
(6220, '', 0, 0, 599.9900, 599.9900, 1, NULL, 'instock', 0, 0.00, 0, 'taxable', '', ''),
(6226, '', 0, 0, 899.9900, 899.9900, 1, NULL, 'instock', 0, 0.00, 0, 'taxable', '', ''),
(6227, '', 0, 0, 3999.9900, 3999.9900, 0, NULL, 'onbackorder', 0, 0.00, 0, 'taxable', '', ''),
(6228, '', 0, 0, 3599.9900, 3599.9900, 0, NULL, 'onbackorder', 0, 0.00, 0, 'taxable', '', ''),
(6267, '', 0, 0, 8969.9900, 8969.9900, 0, 2, 'instock', 0, 0.00, 0, 'taxable', '', ''),
(6271, '', 0, 0, 529.9900, 529.9900, 0, 8, 'instock', 0, 0.00, 0, 'taxable', '', ''),
(6284, '', 0, 0, 3969.9900, 3969.9900, 0, 100, 'instock', 0, 0.00, 0, 'taxable', '', ''),
(6286, '', 0, 0, 4149.9900, 4149.9900, 0, 100, 'instock', 0, 0.00, 0, 'taxable', '', ''),
(6288, '', 0, 0, 5529.9900, 5529.9900, 0, 50, 'instock', 0, 0.00, 0, 'taxable', '', ''),
(6290, '', 0, 0, 4949.9900, 4949.9900, 0, 30, 'instock', 0, 0.00, 0, 'taxable', '', ''),
(6293, '', 0, 0, 6999.9900, 6999.9900, 0, 5, 'instock', 0, 0.00, 0, 'taxable', '', ''),
(6295, '', 0, 0, 10829.9900, 10829.9900, 0, 7, 'instock', 0, 0.00, 0, 'taxable', '', ''),
(6297, '', 0, 0, 18139.9900, 18139.9900, 0, 0, 'outofstock', 0, 0.00, 0, 'taxable', '', ''),
(6299, '', 0, 0, 20439.9900, 20439.9900, 0, 0, 'outofstock', 0, 0.00, 0, 'taxable', '', ''),
(6301, '', 0, 0, 12999.9900, 12999.9900, 0, 6, 'instock', 0, 0.00, 0, 'taxable', '', ''),
(6303, '', 0, 0, 14949.9900, 14949.9900, 0, 8, 'instock', 0, 0.00, 0, 'taxable', '', ''),
(6349, '', 0, 0, 7299.9900, 7299.9900, 0, NULL, 'onbackorder', 0, 0.00, 0, 'taxable', '', ''),
(6351, '', 0, 0, 8479.9900, 8479.9900, 0, NULL, 'onbackorder', 0, 0.00, 0, 'taxable', '', ''),
(6437, '', 0, 0, 389.9900, 389.9900, 0, 10, 'instock', 0, 0.00, 0, 'taxable', '', ''),
(6462, '', 0, 0, 2379.9900, 2379.9900, 1, 0, 'outofstock', 0, 0.00, 0, 'taxable', '', ''),
(6469, '', 0, 0, 1199.9900, 1199.9900, 0, NULL, 'onbackorder', 0, 0.00, 0, 'taxable', '', ''),
(6479, '', 0, 0, 1609.9900, 1609.9900, 1, 0, 'outofstock', 0, 0.00, 0, 'taxable', '', ''),
(6496, '', 0, 0, 4079.9900, 4079.9900, 0, NULL, 'instock', 0, 0.00, 0, 'taxable', '', ''),
(6498, '', 0, 0, 1369.9900, 1369.9900, 1, 0, 'outofstock', 0, 0.00, 0, 'taxable', '', ''),
(6504, '', 0, 0, 389.9900, 389.9900, 0, 0, 'outofstock', 0, 0.00, 0, 'taxable', '', ''),
(6505, 'M1X', 0, 0, 1879.9900, 1879.9900, 1, 9, 'instock', 0, 0.00, 0, 'taxable', '', ''),
(6506, '', 0, 0, 1659.9900, 1659.9900, 0, 0, 'outofstock', 0, 0.00, 0, 'taxable', '', ''),
(6507, 'LS740W', 0, 0, 3699.9900, 3699.9900, 1, 20, 'instock', 0, 0.00, 0, 'taxable', '', ''),
(6561, '', 0, 0, 8321.2000, 8321.2000, 0, 30, 'instock', 0, 0.00, 0, 'taxable', '', ''),
(6562, '', 0, 0, 8321.2000, 8321.2000, 0, 20, 'instock', 0, 0.00, 0, 'taxable', '', ''),
(6566, '', 0, 0, 2169.9900, 2169.9900, 0, NULL, 'instock', 0, 0.00, 0, 'taxable', '', ''),
(6599, '', 0, 0, 2469.9900, 2469.9900, 1, 0, 'outofstock', 0, 0.00, 0, 'taxable', '', ''),
(6604, '', 0, 0, 8299.9900, 8299.9900, 1, NULL, 'instock', 0, 0.00, 0, 'taxable', '', ''),
(6618, '', 0, 0, 2939.9900, 2939.9900, 0, NULL, 'instock', 0, 0.00, 0, 'taxable', '', ''),
(6620, '', 0, 0, 3294.9900, 3294.9900, 0, NULL, 'instock', 0, 0.00, 0, 'taxable', '', ''),
(6622, '', 0, 0, 3599.9900, 3599.9900, 0, NULL, 'instock', 0, 0.00, 0, 'taxable', '', ''),
(6625, '', 0, 0, 5879.9900, 5879.9900, 0, NULL, 'instock', 0, 0.00, 0, 'taxable', '', ''),
(6627, '', 0, 0, 2569.9900, 2569.9900, 0, NULL, 'instock', 0, 0.00, 0, 'taxable', '', ''),
(6629, '', 0, 0, 2929.9900, 2929.9900, 0, NULL, 'instock', 0, 0.00, 0, 'taxable', '', ''),
(6631, '', 0, 0, 3979.9900, 3979.9900, 0, NULL, 'instock', 0, 0.00, 0, 'taxable', '', ''),
(6633, '', 0, 0, 6059.9900, 6059.9900, 0, NULL, 'instock', 0, 0.00, 0, 'taxable', '', ''),
(6635, '', 0, 0, 4369.9900, 4369.9900, 0, NULL, 'instock', 0, 0.00, 0, 'taxable', '', ''),
(6652, '', 0, 0, 0.0000, 0.0000, 0, NULL, 'instock', 0, 0.00, 0, 'taxable', '', ''),
(6680, '', 0, 0, 1184.3900, 1184.3900, 0, NULL, 'instock', 0, 0.00, 0, 'taxable', '', ''),
(6686, '', 0, 0, 1502.0000, 1502.0000, 0, NULL, 'onbackorder', 0, 0.00, 0, 'taxable', '', ''),
(6702, '', 0, 0, 679.9900, 679.9900, 1, 6, 'instock', 0, 0.00, 0, 'taxable', '', ''),
(6706, 'PJ209 ', 0, 0, 999.9900, 999.9900, 0, 0, 'outofstock', 0, 0.00, 0, 'taxable', '', ''),
(6708, 'PJ212 Pro', 0, 0, 849.9900, 849.9900, 1, 0, 'outofstock', 0, 0.00, 0, 'taxable', '', ''),
(6714, 'PJ218', 0, 0, 1409.9900, 1409.9900, 1, 3, 'instock', 0, 0.00, 0, 'taxable', '', ''),
(6715, 'PJ211 Pro', 0, 0, 609.9900, 609.9900, 1, 0, 'outofstock', 0, 0.00, 0, 'taxable', '', ''),
(6716, 'PJ216', 0, 0, 619.9900, 619.9900, 1, 0, 'outofstock', 0, 0.00, 0, 'taxable', '', ''),
(6717, '', 0, 0, 89.9900, 89.9900, 1, 26, 'instock', 0, 0.00, 0, 'taxable', '', ''),
(6721, '40MS', 0, 0, 759.9900, 759.9900, 1, 20, 'instock', 0, 0.00, 0, 'taxable', '', ''),
(6723, '', 0, 0, 339.9900, 339.9900, 1, 5, 'instock', 0, 0.00, 0, 'taxable', '', ''),
(6725, '', 0, 0, 559.9900, 559.9900, 0, 4, 'instock', 0, 0.00, 0, 'taxable', '', ''),
(6727, '', 0, 0, 429.9900, 429.9900, 0, 20, 'instock', 0, 0.00, 0, 'taxable', '', ''),
(6729, '', 0, 0, 239.9900, 239.9900, 0, 0, 'outofstock', 0, 0.00, 0, 'taxable', '', ''),
(6731, '', 0, 0, 569.9900, 569.9900, 0, 0, 'outofstock', 0, 0.00, 0, 'taxable', '', ''),
(6734, '', 0, 0, 829.9900, 829.9900, 0, 0, 'outofstock', 0, 0.00, 0, 'taxable', '', ''),
(6736, '', 0, 0, 14389.9900, 14389.9900, 1, 0, 'outofstock', 0, 0.00, 0, 'taxable', '', ''),
(6737, '', 0, 0, 1629.9900, 1629.9900, 1, 0, 'outofstock', 0, 0.00, 0, 'taxable', '', ''),
(6740, '', 0, 0, 16179.9900, 16179.9900, 1, 2, 'instock', 0, 0.00, 0, 'taxable', '', ''),
(6741, '', 0, 0, 659.9900, 659.9900, 1, 24, 'instock', 0, 0.00, 0, 'taxable', '', ''),
(6743, '', 0, 0, 749.9900, 749.9900, 0, 0, 'outofstock', 0, 0.00, 0, 'taxable', '', ''),
(6745, '', 0, 0, 1249.9900, 1249.9900, 1, 0, 'outofstock', 0, 0.00, 0, 'taxable', '', ''),
(6748, 'GXT5-2000IRT2UXL', 0, 0, 3399.9900, 3399.9900, 1, 44, 'instock', 0, 0.00, 0, 'taxable', '', ''),
(6749, '', 0, 0, 2279.9900, 2279.9900, 1, 0, 'outofstock', 0, 0.00, 0, 'taxable', '', ''),
(6752, '', 0, 0, 3219.9900, 3219.9900, 1, 0, 'outofstock', 0, 0.00, 1, 'taxable', '', ''),
(6754, '', 0, 0, 4349.9900, 4349.9900, 1, 55, 'instock', 0, 0.00, 0, 'taxable', '', ''),
(6790, '', 0, 0, 509.9900, 509.9900, 1, 0, 'outofstock', 0, 0.00, 0, 'taxable', '', ''),
(6791, '', 0, 0, 1239.9900, 1239.9900, 0, 0, 'outofstock', 0, 0.00, 0, 'taxable', '', ''),
(6792, '', 0, 0, 1789.9900, 1789.9900, 1, 0, 'outofstock', 0, 0.00, 0, 'taxable', '', ''),
(6793, '', 0, 0, 519.9900, 519.9900, 0, 0, 'outofstock', 0, 0.00, 0, 'taxable', '', ''),
(6794, '', 0, 0, 1749.9900, 1749.9900, 0, 0, 'outofstock', 0, 0.00, 0, 'taxable', '', ''),
(6795, '', 0, 0, 439.9900, 439.9900, 1, 0, 'outofstock', 0, 0.00, 0, 'taxable', '', ''),
(6797, '', 0, 0, 589.9900, 589.9900, 0, 0, 'outofstock', 0, 0.00, 0, 'taxable', '', ''),
(6798, '', 0, 0, 399.9900, 399.9900, 0, 0, 'outofstock', 0, 0.00, 0, 'taxable', '', ''),
(6799, '', 0, 0, 2369.9900, 2369.9900, 1, 51, 'instock', 0, 0.00, 0, 'taxable', '', ''),
(6801, '', 0, 0, 1009.9900, 1009.9900, 1, 55, 'instock', 0, 0.00, 0, 'taxable', '', ''),
(6803, '', 0, 0, 2009.9900, 2009.9900, 0, 0, 'outofstock', 0, 0.00, 0, 'taxable', '', ''),
(6804, '', 0, 0, 2079.9900, 2079.9900, 0, 0, 'onbackorder', 0, 0.00, 0, 'taxable', '', ''),
(6805, '', 0, 0, 1749.9900, 1749.9900, 1, 37, 'instock', 0, 0.00, 0, 'taxable', '', ''),
(6807, '', 0, 0, 1189.9900, 1189.9900, 1, 0, 'outofstock', 0, 0.00, 0, 'taxable', '', ''),
(6808, '', 0, 0, 879.9900, 879.9900, 1, 28, 'instock', 0, 0.00, 0, 'taxable', '', ''),
(6809, '', 0, 0, 309.9900, 309.9900, 0, 0, 'outofstock', 0, 0.00, 0, 'taxable', '', ''),
(6810, '', 0, 0, 1399.9900, 1399.9900, 1, 68, 'instock', 0, 0.00, 0, 'taxable', '', ''),
(6811, '', 0, 0, 1779.9900, 1779.9900, 1, 18, 'instock', 0, 0.00, 0, 'taxable', '', ''),
(6812, '', 0, 0, 1249.9900, 1249.9900, 1, 12, 'instock', 0, 0.00, 0, 'taxable', '', ''),
(6814, '', 0, 0, 839.9900, 839.9900, 0, 12, 'instock', 0, 0.00, 0, 'taxable', '', ''),
(6815, '', 0, 0, 369.9900, 369.9900, 0, 0, 'outofstock', 0, 0.00, 0, 'taxable', '', ''),
(6817, '', 0, 0, 7999.9900, 7999.9900, 0, 0, 'outofstock', 0, 0.00, 0, 'taxable', '', ''),
(6823, '', 0, 0, 12379.9900, 12379.9900, 1, 0, 'outofstock', 0, 0.00, 0, 'taxable', '', ''),
(6824, '', 0, 0, 8129.9900, 8129.9900, 1, 6, 'instock', 0, 0.00, 0, 'taxable', '', ''),
(6825, '', 0, 0, 5499.9900, 5499.9900, 1, 3, 'instock', 0, 0.00, 0, 'taxable', '', ''),
(6826, '', 0, 0, 539.9900, 539.9900, 1, 7, 'instock', 0, 0.00, 0, 'taxable', '', ''),
(6850, '', 0, 0, 2279.9900, 2279.9900, 1, 0, 'outofstock', 0, 0.00, 1, 'taxable', '', ''),
(6851, '', 0, 0, 2929.9900, 2929.9900, 1, 0, 'outofstock', 0, 0.00, 0, 'taxable', '', ''),
(6852, '', 0, 0, 3389.9900, 3389.9900, 1, 0, 'onbackorder', 0, 0.00, 0, 'taxable', '', ''),
(7081, '', 0, 0, 4069.9900, 4069.9900, 0, 5, 'instock', 0, 0.00, 0, 'taxable', '', ''),
(7509, '', 0, 0, 349.9900, 349.9900, 1, NULL, 'instock', 0, 0.00, 0, 'taxable', '', ''),
(7730, '', 0, 0, 589.9900, 589.9900, 0, 3, 'instock', 0, 0.00, 0, 'taxable', '', ''),
(8236, '', 0, 0, 3799.9900, 3799.9900, 0, 15, 'instock', 0, 0.00, 0, 'taxable', '', ''),
(8238, '', 0, 0, 1049.9900, 1049.9900, 0, 20, 'instock', 0, 0.00, 0, 'taxable', '', ''),
(8245, '', 0, 0, 2199.9900, 2199.9900, 0, 15, 'instock', 0, 0.00, 0, 'taxable', '', ''),
(8248, '', 0, 0, 2799.9900, 2799.9900, 0, 15, 'instock', 0, 0.00, 0, 'taxable', '', ''),
(8250, '', 0, 0, 2199.9900, 2199.9900, 0, 15, 'instock', 0, 0.00, 0, 'taxable', '', ''),
(8252, '', 0, 0, 2199.9900, 2199.9900, 0, 15, 'instock', 0, 0.00, 0, 'taxable', '', ''),
(8255, '', 0, 0, 3499.9900, 3499.9900, 0, 15, 'instock', 0, 0.00, 0, 'taxable', '', ''),
(8257, '', 0, 0, 3899.9900, 3899.9900, 0, 15, 'instock', 0, 0.00, 0, 'taxable', '', ''),
(8260, '', 0, 0, 3899.9900, 3899.9900, 0, 15, 'instock', 0, 0.00, 0, 'taxable', '', ''),
(8263, '', 0, 0, 379.9900, 379.9900, 0, 0, 'outofstock', 0, 0.00, 0, 'taxable', '', ''),
(8264, '', 0, 0, 219.9900, 219.9900, 0, NULL, 'instock', 0, 0.00, 0, 'taxable', '', '0'),
(8267, '', 0, 0, 319.9900, 319.9900, 0, 20, 'instock', 0, 0.00, 0, 'taxable', '', ''),
(8270, '', 0, 0, 1259.9900, 1259.9900, 0, 3, 'instock', 0, 0.00, 0, 'taxable', '', ''),
(8272, '', 0, 0, 2929.9900, 2929.9900, 0, NULL, 'instock', 0, 0.00, 0, 'taxable', '', ''),
(8273, '', 0, 0, 349.9900, 349.9900, 0, 0, 'outofstock', 0, 0.00, 0, 'taxable', '', ''),
(8275, '', 0, 0, 1219.9900, 1219.9900, 0, NULL, 'instock', 0, 0.00, 0, 'taxable', '', ''),
(8279, '', 0, 0, 489.9900, 489.9900, 0, NULL, 'instock', 0, 0.00, 0, 'taxable', '', ''),
(8281, '', 0, 0, 1309.9900, 1309.9900, 0, NULL, 'instock', 0, 0.00, 0, 'taxable', '', ''),
(8282, '', 0, 0, 359.9900, 359.9900, 0, 1, 'instock', 0, 0.00, 0, 'taxable', '', ''),
(8287, '', 0, 0, 1889.9900, 1889.9900, 1, NULL, 'instock', 0, 0.00, 0, 'taxable', '', ''),
(8289, '', 0, 0, 1869.9900, 1869.9900, 0, NULL, 'instock', 0, 0.00, 0, 'taxable', '', ''),
(8291, '', 0, 0, 189.9900, 189.9900, 0, 0, 'outofstock', 0, 0.00, 0, 'taxable', '', ''),
(8296, '', 0, 0, 1119.9900, 1119.9900, 0, NULL, 'instock', 0, 0.00, 0, 'taxable', '', ''),
(8298, '', 0, 0, 0.0000, 0.0000, 0, 0, 'outofstock', 0, 0.00, 0, 'taxable', '', ''),
(8300, '', 0, 0, 309.9900, 309.9900, 0, NULL, 'instock', 0, 0.00, 0, 'taxable', '', ''),
(8303, '', 0, 0, 1119.9900, 1119.9900, 0, NULL, 'instock', 0, 0.00, 0, 'taxable', '', ''),
(8305, '', 0, 0, 1229.9900, 1229.9900, 0, NULL, 'instock', 0, 0.00, 0, 'taxable', '', ''),
(8306, '', 0, 0, 119.9900, 119.9900, 0, NULL, 'instock', 0, 0.00, 0, 'taxable', '', ''),
(8308, '', 0, 0, 649.9900, 649.9900, 0, NULL, 'instock', 0, 0.00, 0, 'taxable', '', ''),
(8310, '', 0, 0, 1139.9900, 1139.9900, 0, NULL, 'instock', 0, 0.00, 0, 'taxable', '', ''),
(8313, '', 0, 0, 1139.9900, 1139.9900, 0, NULL, 'instock', 0, 0.00, 0, 'taxable', '', ''),
(8316, '', 0, 0, 479.9900, 479.9900, 0, NULL, 'instock', 0, 0.00, 0, 'taxable', '', ''),
(8332, '', 0, 0, 959.9900, 959.9900, 0, 4, 'instock', 0, 0.00, 0, 'taxable', '', ''),
(8334, '', 0, 0, 789.9900, 789.9900, 0, 4, 'instock', 0, 0.00, 0, 'taxable', '', ''),
(8337, '', 0, 0, 399.9900, 399.9900, 0, 4, 'instock', 0, 0.00, 0, 'taxable', '', ''),
(8339, '', 0, 0, 119.9900, 119.9900, 0, 10, 'instock', 0, 0.00, 0, 'taxable', '', ''),
(8341, '', 0, 0, 449.9900, 449.9900, 0, 4, 'instock', 0, 0.00, 0, 'taxable', '', ''),
(8343, '', 0, 0, 1049.9900, 1049.9900, 0, 5, 'instock', 0, 0.00, 0, 'taxable', '', ''),
(8345, '', 0, 0, 999.9900, 999.9900, 0, 2, 'instock', 0, 0.00, 0, 'taxable', '', ''),
(8348, '', 0, 0, 639.9900, 639.9900, 0, 6, 'instock', 0, 0.00, 0, 'taxable', '', ''),
(8369, '', 0, 0, 149.9900, 149.9900, 0, NULL, 'instock', 0, 0.00, 0, 'taxable', '', ''),
(8374, '', 0, 0, 99.9900, 99.9900, 0, NULL, 'instock', 0, 0.00, 0, 'taxable', '', ''),
(8375, '', 0, 0, 89.9900, 89.9900, 0, NULL, 'instock', 0, 0.00, 2, 'taxable', '', ''),
(8376, '', 0, 0, 39.9900, 39.9900, 0, NULL, 'instock', 0, 0.00, 0, 'taxable', '', ''),
(8379, '', 0, 0, 49.9900, 49.9900, 0, NULL, 'instock', 0, 0.00, 0, 'taxable', '', ''),
(8380, '', 0, 0, 49.9900, 49.9900, 0, NULL, 'instock', 0, 0.00, 0, 'taxable', '', ''),
(8382, '', 0, 0, 3879.9900, 3879.9900, 1, 0, 'outofstock', 0, 0.00, 0, 'taxable', '', ''),
(8385, '', 0, 0, 9999.9900, 9999.9900, 0, 0, 'outofstock', 0, 0.00, 0, 'taxable', '', ''),
(8386, '', 0, 0, 1379.9900, 1379.9900, 0, NULL, 'instock', 0, 0.00, 0, 'taxable', '', ''),
(8389, '', 0, 0, 1569.9900, 1569.9900, 0, NULL, 'instock', 0, 0.00, 0, 'taxable', '', ''),
(8391, '', 0, 0, 2169.9900, 2169.9900, 0, NULL, 'instock', 0, 0.00, 0, 'taxable', '', ''),
(8393, '', 0, 0, 2439.9900, 2439.9900, 0, NULL, 'instock', 0, 0.00, 0, 'taxable', '', ''),
(8396, '', 0, 0, 2879.9900, 2879.9900, 0, NULL, 'instock', 0, 0.00, 0, 'taxable', '', ''),
(8397, '', 0, 0, 3219.9900, 3219.9900, 0, NULL, 'instock', 0, 0.00, 0, 'taxable', '', ''),
(8408, '', 0, 0, 17539.9900, 17539.9900, 0, 0, 'onbackorder', 0, 0.00, 0, 'taxable', '', ''),
(8516, '', 0, 0, 3699.9900, 3699.9900, 0, 5, 'instock', 0, 0.00, 0, 'taxable', '', ''),
(8518, '', 0, 0, 2289.9900, 2289.9900, 1, 13, 'instock', 0, 0.00, 0, 'taxable', '', ''),
(8521, '', 0, 0, 519.9900, 519.9900, 1, 94, 'instock', 0, 0.00, 0, 'taxable', '', ''),
(8527, '', 0, 0, 499.9900, 499.9900, 1, 111, 'instock', 0, 0.00, 0, 'taxable', '', ''),
(8532, '', 0, 0, 1079.9900, 1079.9900, 1, 68, 'instock', 0, 0.00, 0, 'taxable', '', ''),
(8534, '', 0, 0, 659.9900, 659.9900, 1, 80, 'instock', 0, 0.00, 0, 'taxable', '', ''),
(8536, '', 0, 0, 469.9900, 469.9900, 1, 0, 'outofstock', 0, 0.00, 0, 'taxable', '', ''),
(8538, '', 0, 0, 1099.9900, 1099.9900, 1, 7, 'instock', 0, 0.00, 0, 'taxable', '', ''),
(8540, '', 0, 0, 21039.9900, 21039.9900, 1, 0, 'outofstock', 0, 0.00, 0, 'taxable', '', ''),
(8542, '', 0, 0, 22169.9900, 22169.9900, 1, 0, 'outofstock', 0, 0.00, 0, 'taxable', '', ''),
(8544, '', 0, 0, 12789.9900, 12789.9900, 0, 0, 'outofstock', 0, 0.00, 0, 'taxable', '', ''),
(8550, '', 0, 0, 20459.9900, 20459.9900, 1, 0, 'outofstock', 0, 0.00, 0, 'taxable', '', ''),
(8553, '', 0, 0, 14999.9900, 14999.9900, 0, 0, 'outofstock', 0, 0.00, 0, 'taxable', '', ''),
(8556, '', 0, 0, 10559.9900, 10559.9900, 1, 59, 'instock', 0, 0.00, 0, 'taxable', '', ''),
(8558, '', 0, 0, 42669.9900, 42669.9900, 0, 0, 'outofstock', 0, 0.00, 0, 'taxable', '', ''),
(8560, '', 0, 0, 13829.9900, 13829.9900, 1, 0, 'outofstock', 0, 0.00, 0, 'taxable', '', ''),
(8566, '', 0, 0, 13999.9900, 13999.9900, 1, 0, 'outofstock', 0, 0.00, 0, 'taxable', '', ''),
(8568, '', 0, 0, 5439.9900, 5439.9900, 1, 1, 'instock', 0, 0.00, 0, 'taxable', '', ''),
(8570, '', 0, 0, 3839.9900, 3839.9900, 1, 0, 'outofstock', 0, 0.00, 0, 'taxable', '', ''),
(8572, '', 0, 0, 9509.9900, 9509.9900, 1, 0, 'outofstock', 0, 0.00, 0, 'taxable', '', ''),
(8605, '', 0, 0, 569.9900, 569.9900, 0, 10, 'instock', 0, 0.00, 0, 'taxable', '', ''),
(8608, '', 0, 0, 5999.9900, 5999.9900, 0, 0, 'outofstock', 0, 0.00, 0, 'taxable', '', ''),
(8610, '', 0, 0, 3499.9900, 3499.9900, 1, 15, 'instock', 0, 0.00, 0, 'taxable', '', ''),
(8613, '', 0, 0, 1859.9900, 1859.9900, 1, 15, 'instock', 0, 0.00, 0, 'taxable', '', ''),
(8616, '', 0, 0, 1539.9900, 1539.9900, 0, 8, 'instock', 0, 0.00, 0, 'taxable', '', ''),
(8617, '', 0, 0, 5179.9900, 5179.9900, 1, 0, 'outofstock', 0, 0.00, 0, 'taxable', '', ''),
(8622, '', 0, 0, 1139.9900, 1139.9900, 1, 0, 'outofstock', 0, 0.00, 0, 'taxable', '', ''),
(8623, '', 0, 0, 539.9900, 539.9900, 0, 8, 'instock', 0, 0.00, 0, 'taxable', '', ''),
(8624, '', 0, 0, 2529.9900, 2529.9900, 1, 0, 'outofstock', 0, 0.00, 0, 'taxable', '', ''),
(8625, '', 0, 0, 4889.9900, 4889.9900, 1, 0, 'outofstock', 0, 0.00, 0, 'taxable', '', ''),
(8627, '', 0, 0, 2999.9900, 2999.9900, 1, 20, 'instock', 0, 0.00, 0, 'taxable', '', ''),
(8630, '', 0, 0, 1939.9900, 1939.9900, 1, 5, 'instock', 0, 0.00, 0, 'taxable', '', ''),
(8632, '', 0, 0, 3149.9900, 3149.9900, 0, 17, 'instock', 0, 0.00, 0, 'taxable', '', ''),
(8634, '', 0, 0, 16399.9900, 16399.9900, 0, 0, 'onbackorder', 0, 0.00, 0, 'taxable', '', ''),
(8636, '', 0, 0, 589.9900, 589.9900, 0, 7, 'instock', 0, 0.00, 0, 'taxable', '', ''),
(8645, '', 0, 0, 629.9900, 629.9900, 0, 2, 'instock', 0, 0.00, 0, 'taxable', '', ''),
(8646, '', 0, 0, 509.9900, 509.9900, 0, 2, 'instock', 0, 0.00, 0, 'taxable', '', ''),
(8648, '', 0, 0, 379.9900, 379.9900, 0, 0, 'outofstock', 0, 0.00, 0, 'taxable', '', ''),
(8650, '', 0, 0, 339.9900, 339.9900, 0, 3, 'instock', 0, 0.00, 0, 'taxable', '', ''),
(8654, '', 0, 0, 1859.9900, 1859.9900, 1, 13, 'instock', 0, 0.00, 0, 'taxable', '', ''),
(8657, '', 0, 0, 429.9900, 429.9900, 1, 62, 'instock', 0, 0.00, 0, 'taxable', '', ''),
(8659, '', 0, 0, 549.9900, 549.9900, 0, 0, 'outofstock', 0, 0.00, 0, 'taxable', '', ''),
(8661, '', 0, 0, 2869.9900, 2869.9900, 1, 30, 'instock', 0, 0.00, 0, 'taxable', '', ''),
(8663, '', 0, 0, 749.9900, 749.9900, 0, 50, 'instock', 0, 0.00, 0, 'taxable', '', ''),
(8665, '', 0, 0, 1219.9900, 1219.9900, 0, 50, 'instock', 0, 0.00, 0, 'taxable', '', ''),
(8667, '', 0, 0, 2289.9900, 2289.9900, 1, 50, 'instock', 0, 0.00, 0, 'taxable', '', ''),
(8669, '', 0, 0, 1929.9900, 1929.9900, 0, 48, 'instock', 0, 0.00, 0, 'taxable', '', ''),
(8671, '', 0, 0, 509.9900, 509.9900, 0, 13, 'instock', 0, 0.00, 0, 'taxable', '', ''),
(8674, '', 0, 0, 849.9900, 849.9900, 0, 0, 'outofstock', 0, 0.00, 0, 'taxable', '', ''),
(8676, '', 0, 0, 679.9900, 679.9900, 0, 50, 'instock', 0, 0.00, 0, 'taxable', '', ''),
(8678, '', 0, 0, 1339.9900, 1339.9900, 0, 48, 'instock', 0, 0.00, 0, 'taxable', '', ''),
(8681, '', 0, 0, 1069.9900, 1069.9900, 1, 20, 'instock', 0, 0.00, 0, 'taxable', '', ''),
(8683, '', 0, 0, 779.9900, 779.9900, 0, 0, 'onbackorder', 0, 0.00, 0, 'taxable', '', ''),
(8685, '', 0, 0, 909.9900, 909.9900, 1, 0, 'onbackorder', 0, 0.00, 0, 'taxable', '', ''),
(8687, '', 0, 0, 4749.9900, 4749.9900, 0, 0, 'outofstock', 0, 0.00, 0, 'taxable', '', ''),
(8693, '', 0, 0, 1529.9900, 1529.9900, 0, 50, 'instock', 0, 0.00, 0, 'taxable', '', ''),
(8698, '', 0, 0, 3249.9900, 3249.9900, 0, 61, 'instock', 0, 0.00, 0, 'taxable', '', ''),
(8700, '', 0, 0, 4949.9900, 4949.9900, 1, 2, 'instock', 0, 0.00, 0, 'taxable', '', ''),
(8702, '', 0, 0, 1169.9900, 1169.9900, 0, 5, 'instock', 0, 0.00, 0, 'taxable', '', ''),
(8704, 'LS650BATV', 0, 0, 8599.9900, 8599.9900, 1, 0, 'outofstock', 0, 0.00, 0, 'taxable', '', ''),
(8732, '', 0, 0, 3369.9900, 3369.9900, 1, 10, 'instock', 0, 0.00, 0, 'taxable', '', ''),
(8734, '', 0, 0, 7549.9900, 7549.9900, 1, 10, 'instock', 0, 0.00, 0, 'taxable', '', ''),
(8738, '', 0, 0, 5119.9900, 5119.9900, 1, 0, 'outofstock', 0, 0.00, 0, 'taxable', '', ''),
(8739, '', 0, 0, 549.9900, 549.9900, 1, 20, 'instock', 0, 0.00, 0, 'taxable', '', ''),
(8740, '', 0, 0, 809.9900, 809.9900, 1, 16, 'instock', 0, 0.00, 0, 'taxable', '', ''),
(8742, '', 0, 0, 989.9900, 989.9900, 1, 3, 'instock', 0, 0.00, 0, 'taxable', '', ''),
(8744, '', 0, 0, 23389.9900, 23389.9900, 0, 0, 'outofstock', 0, 0.00, 0, 'taxable', '', ''),
(8749, '', 0, 0, 8079.9900, 8079.9900, 1, 14, 'instock', 0, 0.00, 0, 'taxable', '', ''),
(8753, '', 0, 0, 10499.9900, 10499.9900, 1, 5, 'instock', 0, 0.00, 0, 'taxable', '', ''),
(8782, '', 0, 0, 4139.9900, 4139.9900, 1, 6, 'instock', 0, 0.00, 0, 'taxable', '', ''),
(8785, '', 0, 0, 8749.9900, 8749.9900, 1, 0, 'outofstock', 0, 0.00, 0, 'taxable', '', ''),
(8786, '', 0, 0, 5209.9900, 5209.9900, 1, 4, 'instock', 0, 0.00, 0, 'taxable', '', ''),
(8797, '', 0, 0, 8319.9900, 8319.9900, 1, 20, 'instock', 0, 0.00, 0, 'taxable', '', ''),
(8805, '', 0, 0, 339.9900, 339.9900, 0, 79, 'instock', 0, 0.00, 0, 'taxable', '', ''),
(8806, '', 0, 0, 379.9900, 379.9900, 0, 77, 'instock', 0, 0.00, 0, 'taxable', '', ''),
(8807, '', 0, 0, 1179.9900, 1179.9900, 1, 18, 'instock', 0, 0.00, 0, 'taxable', '', ''),
(8812, '', 0, 0, 289.9900, 289.9900, 0, 24, 'instock', 0, 0.00, 0, 'taxable', '', ''),
(8828, '', 0, 0, 219.9900, 219.9900, 0, 0, 'outofstock', 0, 0.00, 0, 'taxable', '', ''),
(8829, '', 0, 0, 159.9900, 159.9900, 1, 22, 'instock', 0, 0.00, 0, 'taxable', '', ''),
(8832, '', 0, 0, 399.9900, 399.9900, 1, 33, 'instock', 0, 0.00, 1, 'taxable', '', ''),
(8833, '', 0, 0, 449.9900, 449.9900, 0, 6, 'instock', 0, 0.00, 0, 'taxable', '', ''),
(8834, '', 0, 0, 399.9900, 399.9900, 0, 9, 'instock', 0, 0.00, 0, 'taxable', '', ''),
(8835, '', 0, 0, 499.9900, 499.9900, 1, 24, 'instock', 0, 0.00, 0, 'taxable', '', ''),
(8836, '', 0, 0, 529.9900, 529.9900, 0, 11, 'instock', 0, 0.00, 0, 'taxable', '', ''),
(8837, '', 0, 0, 419.9900, 419.9900, 1, 10, 'instock', 0, 0.00, 0, 'taxable', '', ''),
(8838, '', 0, 0, 469.9900, 469.9900, 0, 0, 'outofstock', 0, 0.00, 0, 'taxable', '', ''),
(8842, '', 0, 0, 509.9900, 509.9900, 0, 1, 'instock', 0, 0.00, 0, 'taxable', '', ''),
(8843, '', 0, 0, 999.9900, 999.9900, 0, 0, 'outofstock', 0, 0.00, 0, 'taxable', '', ''),
(8844, '', 0, 0, 1049.9900, 1049.9900, 0, 28, 'instock', 0, 0.00, 0, 'taxable', '', ''),
(8846, '', 0, 0, 2239.9900, 2239.9900, 1, 22, 'instock', 0, 0.00, 0, 'taxable', '', ''),
(8848, '', 0, 0, 159.9900, 159.9900, 1, 0, 'onbackorder', 0, 0.00, 0, 'taxable', '', ''),
(8851, '', 0, 0, 189.9900, 189.9900, 0, 10, 'instock', 0, 0.00, 0, 'taxable', '', ''),
(8867, '', 0, 0, 8129.9900, 8129.9900, 1, 10, 'instock', 0, 0.00, 0, 'taxable', '', ''),
(8872, '', 0, 0, 3839.9900, 3839.9900, 0, 5, 'instock', 0, 0.00, 0, 'taxable', '', ''),
(8875, '', 0, 0, 429.9900, 429.9900, 0, 11, 'instock', 0, 0.00, 0, 'taxable', '', ''),
(8877, '', 0, 0, 2349.9900, 2349.9900, 0, 4, 'instock', 0, 0.00, 0, 'taxable', '', ''),
(8879, '', 0, 0, 479.9900, 479.9900, 0, 1, 'instock', 0, 0.00, 0, 'taxable', '', ''),
(8890, '', 0, 0, 1199.9900, 1199.9900, 1, 1, 'instock', 0, 0.00, 0, 'taxable', '', ''),
(8893, '49VL5PJ-A', 0, 0, 4289.9900, 4289.9900, 1, 5, 'instock', 0, 0.00, 0, 'taxable', '', ''),
(8903, '', 0, 0, 4859.9900, 4859.9900, 1, 6, 'instock', 0, 0.00, 0, 'taxable', '', ''),
(8917, '', 0, 0, 9749.9900, 9749.9900, 1, 13, 'instock', 0, 0.00, 0, 'taxable', '', ''),
(8919, '', 0, 0, 2119.9900, 2119.9900, 1, 20, 'instock', 0, 0.00, 0, 'taxable', '', ''),
(8921, '', 0, 0, 3939.9900, 3939.9900, 1, 0, 'onbackorder', 0, 0.00, 0, 'taxable', '', ''),
(8923, '', 0, 0, 999.9900, 999.9900, 1, 1, 'instock', 0, 0.00, 0, 'taxable', '', ''),
(8929, '', 0, 0, 1999.9900, 1999.9900, 1, 5, 'instock', 0, 0.00, 0, 'taxable', '', ''),
(8998, '', 0, 0, 6519.9900, 6519.9900, 1, 0, 'outofstock', 0, 0.00, 0, 'taxable', '', ''),
(9014, '', 0, 0, 9499.9900, 9499.9900, 1, 1, 'instock', 0, 0.00, 0, 'taxable', '', ''),
(9123, 'FH54', 0, 0, 4779.9900, 4779.9900, 1, 16, 'instock', 0, 0.00, 0, 'taxable', '', ''),
(9125, 'W55+', 0, 0, 3959.9900, 3959.9900, 1, 4, 'instock', 0, 0.00, 0, 'taxable', '', ''),
(9126, 'E24', 0, 0, 1999.9900, 1999.9900, 1, 20, 'instock', 0, 0.00, 0, 'taxable', '', ''),
(9153, 'L790U', 0, 0, 20359.9900, 20359.9900, 1, 0, 'outofstock', 0, 0.00, 0, 'taxable', '', ''),
(9155, '', 0, 0, 8729.9900, 8729.9900, 1, 0, 'outofstock', 0, 0.00, 0, 'taxable', '', ''),
(9204, '', 0, 0, 1129.9900, 1129.9900, 1, 26, 'instock', 0, 0.00, 0, 'taxable', '', ''),
(9227, '', 0, 0, 659.9900, 659.9900, 0, 0, 'outofstock', 0, 0.00, 0, 'taxable', '', ''),
(9229, '', 0, 0, 859.9900, 859.9900, 1, 109, 'instock', 0, 0.00, 0, 'taxable', '', ''),
(9230, '', 0, 0, 689.9900, 689.9900, 1, 100, 'instock', 0, 0.00, 0, 'taxable', '', ''),
(9231, '', 0, 0, 1579.9900, 1579.9900, 0, 3, 'instock', 0, 0.00, 0, 'taxable', '', ''),
(9235, '', 0, 0, 689.9900, 689.9900, 1, 33, 'instock', 0, 0.00, 0, 'taxable', '', ''),
(9236, '', 0, 0, 879.9900, 879.9900, 1, 12, 'instock', 0, 0.00, 0, 'taxable', '', '');
INSERT INTO `wp_wc_product_meta_lookup` (`product_id`, `sku`, `virtual`, `downloadable`, `min_price`, `max_price`, `onsale`, `stock_quantity`, `stock_status`, `rating_count`, `average_rating`, `total_sales`, `tax_status`, `tax_class`, `global_unique_id`) VALUES
(9237, '', 0, 0, 999.9900, 999.9900, 1, 20, 'instock', 0, 0.00, 0, 'taxable', '', ''),
(9238, '', 0, 0, 1319.9900, 1319.9900, 1, 6, 'instock', 0, 0.00, 0, 'taxable', '', ''),
(9240, '', 0, 0, 1469.9900, 1469.9900, 1, 20, 'instock', 0, 0.00, 0, 'taxable', '', ''),
(9241, '', 0, 0, 1759.9900, 1759.9900, 1, 20, 'instock', 0, 0.00, 0, 'taxable', '', ''),
(9242, '', 0, 0, 1389.9900, 1389.9900, 1, 20, 'instock', 0, 0.00, 0, 'taxable', '', ''),
(9243, '', 0, 0, 2089.9900, 2089.9900, 1, 7, 'instock', 0, 0.00, 0, 'taxable', '', ''),
(9257, '', 0, 0, 1599.9900, 1599.9900, 0, 10, 'instock', 0, 0.00, 0, 'taxable', '', ''),
(9281, '', 0, 0, 849.9900, 849.9900, 1, 14, 'instock', 0, 0.00, 0, 'taxable', '', ''),
(9282, '', 0, 0, 2219.9900, 2219.9900, 1, 3, 'instock', 0, 0.00, 0, 'taxable', '', ''),
(9283, '', 0, 0, 6959.9900, 6959.9900, 1, 1, 'instock', 0, 0.00, 0, 'taxable', '', ''),
(9286, '', 0, 0, 1309.9900, 1309.9900, 1, 14, 'instock', 0, 0.00, 0, 'taxable', '', ''),
(9365, '', 0, 0, 8999.9900, 8999.9900, 1, 5, 'instock', 0, 0.00, 0, 'taxable', '', ''),
(9444, 'IFP7551', 0, 0, 6999.9900, 6999.9900, 1, 20, 'instock', 0, 0.00, 0, 'taxable', '', ''),
(9449, '', 0, 0, 9499.9900, 9499.9900, 1, NULL, 'instock', 0, 0.00, 0, 'taxable', '', ''),
(9458, 'PA503HD', 0, 0, 2999.9900, 2999.9900, 1, 20, 'instock', 0, 0.00, 0, 'taxable', '', '');

-- --------------------------------------------------------

--
-- Estructura de tabla para la tabla `wp_wc_rate_limits`
--

CREATE TABLE `wp_wc_rate_limits` (
  `rate_limit_id` bigint(20) UNSIGNED NOT NULL,
  `rate_limit_key` varchar(200) NOT NULL,
  `rate_limit_expiry` bigint(20) UNSIGNED NOT NULL,
  `rate_limit_remaining` smallint(10) NOT NULL DEFAULT 0
) ENGINE=InnoDB DEFAULT CHARSET=utf8mb4 COLLATE=utf8mb4_unicode_520_ci;

-- --------------------------------------------------------

--
-- Estructura de tabla para la tabla `wp_wc_reserved_stock`
--

CREATE TABLE `wp_wc_reserved_stock` (
  `order_id` bigint(20) NOT NULL,
  `product_id` bigint(20) NOT NULL,
  `stock_quantity` double NOT NULL DEFAULT 0,
  `timestamp` datetime NOT NULL DEFAULT '0000-00-00 00:00:00',
  `expires` datetime NOT NULL DEFAULT '0000-00-00 00:00:00'
) ENGINE=InnoDB DEFAULT CHARSET=utf8mb4 COLLATE=utf8mb4_unicode_ci;

--
-- Volcado de datos para la tabla `wp_wc_reserved_stock`
--

INSERT INTO `wp_wc_reserved_stock` (`order_id`, `product_id`, `stock_quantity`, `timestamp`, `expires`) VALUES
(1493, 651, 1, '2021-06-30 11:30:21', '2021-06-30 12:30:21'),
(1506, 926, 1, '2021-06-30 13:36:00', '2021-06-30 14:39:51'),
(1629, 1564, 1, '2021-07-09 08:13:39', '2021-07-09 09:13:39'),
(5004, 645, 1, '2024-05-11 12:20:28', '2024-05-11 14:51:58'),
(6658, 3201, 1, '2025-03-27 14:42:00', '2025-03-27 15:42:00'),
(6679, 6676, 1, '2025-04-24 09:55:52', '2025-04-24 11:22:49'),
(6869, 645, 1, '2025-05-24 16:04:50', '2025-05-24 17:04:50'),
(8972, 8971, 1, '2025-12-30 13:34:11', '2025-12-30 14:34:11'),
(9355, 9281, 1, '2026-03-21 04:53:43', '2026-03-21 05:54:09'),
(9438, 645, 2, '2026-06-10 08:29:52', '2026-06-10 09:33:53');

-- --------------------------------------------------------

--
-- Estructura de tabla para la tabla `wp_wc_tax_rate_classes`
--

CREATE TABLE `wp_wc_tax_rate_classes` (
  `tax_rate_class_id` bigint(20) UNSIGNED NOT NULL,
  `name` varchar(200) NOT NULL DEFAULT '',
  `slug` varchar(200) NOT NULL DEFAULT ''
) ENGINE=InnoDB DEFAULT CHARSET=utf8mb4 COLLATE=utf8mb4_unicode_ci;

--
-- Volcado de datos para la tabla `wp_wc_tax_rate_classes`
--

INSERT INTO `wp_wc_tax_rate_classes` (`tax_rate_class_id`, `name`, `slug`) VALUES
(1, 'Tasa reducida', 'tasa-reducida'),
(2, 'Tasa cero', 'tasa-cero');

-- --------------------------------------------------------

--
-- Estructura de tabla para la tabla `wp_wc_webhooks`
--

CREATE TABLE `wp_wc_webhooks` (
  `webhook_id` bigint(20) UNSIGNED NOT NULL,
  `status` varchar(200) NOT NULL,
  `name` text NOT NULL,
  `user_id` bigint(20) UNSIGNED NOT NULL,
  `delivery_url` text NOT NULL,
  `secret` text NOT NULL,
  `topic` varchar(200) NOT NULL,
  `date_created` datetime NOT NULL DEFAULT '0000-00-00 00:00:00',
  `date_created_gmt` datetime NOT NULL DEFAULT '0000-00-00 00:00:00',
  `date_modified` datetime NOT NULL DEFAULT '0000-00-00 00:00:00',
  `date_modified_gmt` datetime NOT NULL DEFAULT '0000-00-00 00:00:00',
  `api_version` smallint(4) NOT NULL,
  `failure_count` smallint(10) NOT NULL DEFAULT 0,
  `pending_delivery` tinyint(1) NOT NULL DEFAULT 0
) ENGINE=InnoDB DEFAULT CHARSET=utf8mb4 COLLATE=utf8mb4_unicode_ci;

-- --------------------------------------------------------

--
-- Estructura de tabla para la tabla `wp_wfauditevents`
--

CREATE TABLE `wp_wfauditevents` (
  `id` bigint(20) UNSIGNED NOT NULL,
  `type` varchar(255) NOT NULL DEFAULT '',
  `data` text NOT NULL,
  `event_time` double(14,4) NOT NULL,
  `request_id` bigint(20) UNSIGNED NOT NULL,
  `state` enum('new','sending','sent') NOT NULL DEFAULT 'new',
  `state_timestamp` timestamp NOT NULL DEFAULT current_timestamp() ON UPDATE current_timestamp()
) ENGINE=InnoDB DEFAULT CHARSET=utf8mb3 COLLATE=utf8mb3_general_ci;

-- --------------------------------------------------------

--
-- Estructura de tabla para la tabla `wp_wfblockediplog`
--

CREATE TABLE `wp_wfblockediplog` (
  `IP` binary(16) NOT NULL DEFAULT '\0\0\0\0\0\0\0\0\0\0\0\0\0\0\0\0',
  `countryCode` varchar(2) NOT NULL,
  `blockCount` int(10) UNSIGNED NOT NULL DEFAULT 0,
  `unixday` int(10) UNSIGNED NOT NULL,
  `blockType` varchar(50) NOT NULL DEFAULT 'generic'
) ENGINE=InnoDB DEFAULT CHARSET=utf8mb3 COLLATE=utf8mb3_general_ci;

--
-- Volcado de datos para la tabla `wp_wfblockediplog`
--

INSERT INTO `wp_wfblockediplog` (`IP`, `countryCode`, `blockCount`, `unixday`, `blockType`) VALUES
(0x00000000000000000000ffff223a5e3a, 'US', 1, 20642, 'brute'),
(0x00000000000000000000ffff224a8b62, 'US', 1, 20642, 'brute'),
(0x00000000000000000000ffff26193c3b, 'PE', 1, 20613, 'waf'),
(0x00000000000000000000ffff2d032c03, 'ES', 2, 20629, 'waf'),
(0x00000000000000000000ffff2d84e1d6, 'AU', 2, 20626, 'waf'),
(0x00000000000000000000ffff3e3c82df, 'IR', 2, 20643, 'waf'),
(0x00000000000000000000ffff4059a0a7, 'US', 1, 20616, 'waf'),
(0x00000000000000000000ffff4059a0a7, 'US', 1, 20620, 'waf'),
(0x00000000000000000000ffff4059a0a7, 'US', 1, 20629, 'waf'),
(0x00000000000000000000ffff4059a1a0, 'US', 1, 20616, 'waf'),
(0x00000000000000000000ffff4059a1a0, 'US', 1, 20618, 'waf'),
(0x00000000000000000000ffff4059a1a0, 'US', 1, 20621, 'waf'),
(0x00000000000000000000ffff4059a1a0, 'US', 1, 20623, 'waf'),
(0x00000000000000000000ffff4059a1a0, 'US', 1, 20627, 'waf'),
(0x00000000000000000000ffff4059a1a0, 'US', 1, 20630, 'waf'),
(0x00000000000000000000ffff4059a1a0, 'US', 1, 20634, 'waf'),
(0x00000000000000000000ffff4059a1a0, 'US', 1, 20639, 'waf'),
(0x00000000000000000000ffff4059a1a0, 'US', 1, 20642, 'waf'),
(0x00000000000000000000ffff416f17b2, 'GB', 1, 20642, 'brute'),
(0x00000000000000000000ffff54dca104, 'IT', 1, 20639, 'waf'),
(0x00000000000000000000ffff65e20a7e, 'CN', 1, 20637, 'waf'),
(0x00000000000000000000ffff67a371c2, 'IN', 1, 20632, 'brute'),
(0x00000000000000000000ffff68a71339, 'US', 1, 20624, 'waf'),
(0x00000000000000000000ffff8fc65f0f, 'SG', 12, 20635, 'waf'),
(0x00000000000000000000ffff935ad18e, 'DE', 1, 20636, 'waf'),
(0x00000000000000000000ffff935ad19e, 'DE', 4, 20636, 'waf'),
(0x00000000000000000000ffffb9939d46, 'US', 2, 20638, 'waf'),
(0x00000000000000000000ffffd132b778, 'DE', 1, 20630, 'waf'),
(0x00000000000000000000ffffd132b7dd, 'DE', 1, 20631, 'waf'),
(0x00000000000000000000ffffd81ae18b, 'US', 1, 20630, 'waf'),
(0x00000000000000000000ffffd81ae239, 'US', 2, 20631, 'waf');

-- --------------------------------------------------------

--
-- Estructura de tabla para la tabla `wp_wfblocks7`
--

CREATE TABLE `wp_wfblocks7` (
  `id` bigint(20) UNSIGNED NOT NULL,
  `type` int(10) UNSIGNED NOT NULL DEFAULT 0,
  `IP` binary(16) NOT NULL DEFAULT '\0\0\0\0\0\0\0\0\0\0\0\0\0\0\0\0',
  `blockedTime` bigint(20) NOT NULL,
  `reason` varchar(255) NOT NULL,
  `lastAttempt` int(10) UNSIGNED DEFAULT 0,
  `blockedHits` int(10) UNSIGNED DEFAULT 0,
  `expiration` bigint(20) UNSIGNED NOT NULL DEFAULT 0,
  `parameters` text DEFAULT NULL
) ENGINE=InnoDB DEFAULT CHARSET=utf8mb3 COLLATE=utf8mb3_general_ci;

-- --------------------------------------------------------

--
-- Estructura de tabla para la tabla `wp_wfconfig`
--

CREATE TABLE `wp_wfconfig` (
  `name` varchar(100) NOT NULL,
  `val` longblob DEFAULT NULL,
  `autoload` enum('no','yes') NOT NULL DEFAULT 'yes'
) ENGINE=InnoDB DEFAULT CHARSET=utf8mb3 COLLATE=utf8mb3_general_ci;

--
-- Volcado de datos para la tabla `wp_wfconfig`
--

INSERT INTO `wp_wfconfig` (`name`, `val`, `autoload`) VALUES
('activatingIP', 0x3136312e3133322e3233362e323231, 'yes'),
('actUpdateInterval', 0x32, 'yes'),
('addCacheComment', 0x30, 'yes'),
('adminUserList', 0x613a323a7b693a323b693a313b693a313b693a313b7d, 'yes'),
('advancedCommentScanning', 0x31, 'yes'),
('ajaxWatcherDisabled_admin', 0x30, 'yes'),
('ajaxWatcherDisabled_front', 0x30, 'yes'),
('alertEmails', 0x6665726e616e646f6c6f703032303740676d61696c2e636f6d, 'yes'),
('alertOn_adminLogin', 0x31, 'yes'),
('alertOn_block', 0x31, 'yes'),
('alertOn_breachLogin', 0x31, 'yes'),
('alertOn_firstAdminLoginOnly', 0x30, 'yes'),
('alertOn_firstNonAdminLoginOnly', 0x30, 'yes'),
('alertOn_loginLockout', 0x31, 'yes'),
('alertOn_lostPasswdForm', 0x31, 'yes'),
('alertOn_nonAdminLogin', 0x30, 'yes'),
('alertOn_scanIssues', 0x31, 'yes'),
('alertOn_severityLevel', 0x3235, 'yes'),
('alertOn_throttle', 0x30, 'yes'),
('alertOn_update', 0x31, 'yes'),
('alertOn_wafDeactivated', 0x31, 'yes'),
('alertOn_wordfenceDeactivated', 0x31, 'yes'),
('alert_maxHourly', 0x30, 'yes'),
('allowed404s', 0x2f66617669636f6e2e69636f0a2f6170706c652d746f7563682d69636f6e2a2e706e670a2f2a4032782e706e670a2f62726f77736572636f6e6669672e786d6c, 'yes'),
('allowed404s6116Migration', 0x31, 'yes'),
('allowHTTPSCaching', 0x30, 'yes'),
('allowLegacy2FA', 0x30, 'yes'),
('allowMySQLi', 0x31, 'yes'),
('allScansScheduled', 0x613a333a7b693a303b613a323a7b733a393a2274696d657374616d70223b693a313738333734323032323b733a343a2261726773223b613a313a7b693a303b693a313738333734323032323b7d7d693a313b613a323a7b733a393a2274696d657374616d70223b693a313738343030313232323b733a343a2261726773223b613a313a7b693a303b693a313738343030313232323b7d7d693a323b613a323a7b733a393a2274696d657374616d70223b693a313738343236303432323b733a343a2261726773223b613a313a7b693a303b693a313738343236303432323b7d7d7d, 'yes'),
('apiDelayedUntil', 0x31373736363131303432, 'yes'),
('apiKey', 0x31343630656163663937666434663465383632333334653063333133666338363465303538663734616239366562396437373334623833653837633630313662316236336536613964626639336461343735656334396135633539313538613837353866383233373239363030616165616462353232646133633737623433666639643335643339366630313232363634373935383838323662343362353930, 'yes'),
('auditLogMode', 0x64656661756c74, 'yes'),
('autoBlockScanners', 0x31, 'yes'),
('autoUpdate', 0x31, 'yes'),
('autoUpdateAttempts', 0x30, 'yes'),
('autoUpdateChoice', 0x31, 'yes'),
('bannedURLs', '', 'yes'),
('betaThreatDefenseFeed', 0x30, 'yes'),
('blockCustomText', '', 'yes'),
('blockedTime', 0x333030, 'yes'),
('blocks702Migration', 0x31, 'yes'),
('cacheType', 0x64697361626c6564, 'yes'),
('cbl_action', 0x626c6f636b, 'yes'),
('cbl_bypassRedirDest', '', 'yes'),
('cbl_bypassRedirURL', '', 'yes'),
('cbl_bypassViewURL', '', 'yes'),
('cbl_cookieVal', 0x36326234656236363134333530, 'yes'),
('cbl_loggedInBlocked', '', 'yes'),
('cbl_redirURL', '', 'yes'),
('cbl_restOfSiteBlocked', 0x31, 'yes'),
('checkSpamIP', 0x31, 'yes'),
('config701Migration', 0x31, 'yes'),
('config720Migration', 0x31, 'yes');
INSERT INTO `wp_wfconfig` (`name`, `val`, `autoload`) VALUES
('coreHashes', 0x[encoded data, 375418 characters]